000
CXUS53 KARX 020845
CF6PDC
PRELIMINARY LOCAL CLIMATOLOGICAL DATA (WS FORM: F-6)
STATION: PRAIRIE_DU_CHIEN_MUN
MONTH: MAY
YEAR: 2022
LATITUDE: 43 1 N
LONGITUDE: 91 7 W
TEMPERATURE IN F: :PCPN: SNOW: WIND :SUNSHINE: SKY :PK WND
================================================================================
1 2 3 4 5 6A 6B 7 8 9 10 11 12 13 14 15 16 17 18
12Z AVG MX 2MIN
DY MAX MIN AVG DEP HDD CDD WTR SNW DPTH SPD SPD DIR MIN PSBL S-S WX SPD DR
================================================================================
1 49 45 47 M 18 0 0.34 0.0 0 11.2 16 260 M M 10 1 24 270
2 50 44 47 M 18 0 0.12 0.0 0 3.5 13 280 M M 9 18 280
3 51 38 45 M 20 0 0.27 0.0 0 4.4 9 350 M M 9 17 20
4 62 35 49 M 16 0 0.00 0.0 0 1.5 10 120 M M 3 128 20 40
5 63 44 54 M 11 0 0.00 0.0 0 1.6 8 90 M M 5 8 M M
6 66 45 56 M 9 0 0.00 0.0 0 4.0 10 80 M M 1 20 70
7 71 38 55 M 10 0 0.00 0.0 0 4.3 12 140 M M 0 20 110
8 62 51 57 M 8 0 T 0.0 0 8.4 17 120 M M 5 28 120
9 87 59 73 M 0 8 0.47 0.0 0 12.3 21 120 M M 4 3 29 120
10 86 63 75 M 0 10 0.04 0.0 0 0.1 4 290 M M 5 128 M M
11 92 64 78 M 0 13 0.00 0.0 0 3.7 13 140 M M 2 1 18 120
12 94 73 84 M 0 19 0.00 0.0 0 6.1 14 160 M M 1 22 170
13 88 62 75 M 0 10 0.00 0.0 0 5.6 16 260 M M 0 23 220
14 87 55 71 M 0 6 0.00 0.0 0 4.0 22 270 M M 1 30 270
15 74 53 64 M 1 0 0.00 0.0 0 4.1 12 300 M M 2 17 350
16 77 47 62 M 3 0 0.00 0.0 0 6.7 20 310 M M 1 27 290
17 63 50 57 M 8 0 0.01 0.0 0 0.5 7 90 M M 7 M M
18 66 52 59 M 6 0 0.01 0.0 0 2.8 12 80 M M 7 8 16 80
19 87 53 70 M 0 5 0.24 0.0 0 6.3 18 170 M M 2 1 25 120
20 75 55 65 M 0 0 0.00 0.0 0 5.6 14 330 M M 7 24 210
21 60 48 54 M 11 0 0.00 0.0 0 3.7 13 300 M M 3 16 310
22 60 39 50 M 15 0 0.00 0.0 0 6.1 14 300 M M 3 21 320
23 63 34 49 M 16 0 0.00 0.0 0 2.7 9 30 M M 2 9 60
24 64 42 53 M 12 0 0.13 0.0 0 5.6 13 110 M M 5 20 60
25 60 49 55 M 10 0 1.06 0.0 0 4.5 12 90 M M 10 22 90
26 67 55 61 M 4 0 0.01 0.0 0 6.3 14 330 M M 10 1 18 350
27 72 53 63 M 2 0 0.00 0.0 0 5.8 16 320 M M 4 21 320
28 77 51 64 M 1 0 0.00 0.0 0 6.2 16 140 M M 1 25 140
29 83 63 73 M 0 8 0.00 0.0 0 7.7 16 140 M M 2 24 180
30 88 71 80 M 0 15 0.00 0.0 0 11.5 18 180 M M 1 28 150
31 81 64 73 M 0 8 0.04 0.0 0 8.4 15 280 M M 3 28 220
================================================================================
SM 2225 1595 199 102 2.74 0.0 165.2 M 125
================================================================================
AV 71.8 51.5 5.3 FASTST M M 4 MAX(MPH)
MISC ----> 22 270 30 270
================================================================================
NOTES:
# LAST OF SEVERAL OCCURRENCES
COLUMN 17 PEAK WIND IN M.P.H.
PRELIMINARY LOCAL CLIMATOLOGICAL DATA (WS FORM: F-6) , PAGE 2
STATION: PRAIRIE_DU_CHIEN_MUN
MONTH: MAY
YEAR: 2022
LATITUDE: 43 1 N
LONGITUDE: 91 7 W
[TEMPERATURE DATA] [PRECIPITATION DATA] SYMBOLS USED IN COLUMN 16
AVERAGE MONTHLY: 61.6 TOTAL FOR MONTH: 2.74 1 = FOG OR MIST
DPTR FM NORMAL: 0.0 DPTR FM NORMAL: M 2 = FOG REDUCING VISIBILITY
HIGHEST: 94 ON 12 GRTST 24HR 1.06 ON 25-25 TO 1/4 MILE OR LESS
LOWEST: 34 ON 23 3 = THUNDER
SNOW, ICE PELLETS, HAIL 4 = ICE PELLETS
TOTAL MONTH: 0.0 INCH 5 = HAIL
GRTST 24HR 0.0 6 = FREEZING RAIN OR DRIZZLE
GRTST DEPTH: 0 7 = DUSTSTORM OR SANDSTORM:
VSBY 1/2 MILE OR LESS
8 = SMOKE OR HAZE
[NO. OF DAYS WITH] [WEATHER - DAYS WITH] 9 = BLOWING SNOW
X = TORNADO
MAX 32 OR BELOW: 0 0.01 INCH OR MORE: 12
MAX 90 OR ABOVE: 2 0.10 INCH OR MORE: 7
MIN 32 OR BELOW: 0 0.50 INCH OR MORE: 1
MIN 0 OR BELOW: 0 1.00 INCH OR MORE: 1
[HDD (BASE 65) ]
TOTAL THIS MO. 199 CLEAR (SCALE 0-3) 17
DPTR FM NORMAL M PTCLDY (SCALE 4-7) 9
TOTAL FM JUL 1 6167 CLOUDY (SCALE 8-10) 5
DPTR FM NORMAL M
[CDD (BASE 65) ]
TOTAL THIS MO. 102
DPTR FM NORMAL M [PRESSURE DATA]
TOTAL FM JAN 1 105 HIGHEST SLP M ON M
DPTR FM NORMAL M LOWEST SLP M ON M
[REMARKS]
#FINAL-05-22#