000
CXUS56 KPDT 011540
CLMPDT
CLIMATE REPORT
NATIONAL WEATHER SERVICE PENDLETON, OR
840 AM PDT WED NOV 01 2023
...................................
...THE PENDLETON OR CLIMATE SUMMARY FOR THE MONTH OF OCTOBER 2023...
CLIMATE NORMAL PERIOD 1991 TO 2020
CLIMATE RECORD PERIOD 1890 TO 2023
WEATHER OBSERVED NORMAL DEPART LAST YEAR`S
VALUE DATE(S) VALUE FROM VALUE DATE(S)
NORMAL
................................................................
TEMPERATURE (F)
RECORD
HIGH 93 10/08/1911
LOW 11 10/30/1935
HIGHEST 84 10/08 86 10/04
10/05
LOWEST 23 10/28 38 10/24
10/30
AVG. MAXIMUM 65.6 63.5 2.1 71.9
AVG. MINIMUM 42.6 39.4 3.2 45.4
MEAN 54.1 51.5 2.6 58.7
DAYS MAX >= 90 0 0.1 -0.1 0
DAYS MAX <= 32 0 0.1 -0.1 0
DAYS MIN <= 32 5 4.3 0.7 0
DAYS MIN <= 0 0 0.0 0.0 0
PRECIPITATION (INCHES)
RECORD
MAXIMUM 3.92 1900
MINIMUM T 1987
TOTALS 1.26 1.09 0.17 1.04
DAILY AVG. 0.04 0.04 0.01 0.03
DAYS >= .01 10 8.2 1.8 5
DAYS >= .10 5 3.3 1.7 3
DAYS >= .50 0 0.3 -0.3 1
DAYS >= 1.00 0 0.0 0.0 0
GREATEST
24 HR. TOTAL 0.58 10/24 TO 10/25 0.85 10/21 TO 10/22
DEGREE DAYS
HEATING TOTAL 331 423 -92 205
SINCE 7/1 425 552 -127
COOLING TOTAL 1 3 -2 16
SINCE 1/1 941 637 304
................................................................
WIND (MPH)
AVERAGE WIND SPEED 5.9
RESULTANT WIND SPEED/DIRECTION 1/180
HIGHEST WIND SPEED/DIRECTION 29/260 DATE 10/23
HIGHEST GUST SPEED/DIRECTION 38/270 DATE 10/23
AVERAGE RH (PERCENT) 65
WEATHER CONDITIONS. NUMBER OF DAYS WITH
THUNDERSTORM 0 MIXED PRECIP 0
HEAVY RAIN 0 RAIN 6
LIGHT RAIN 11 FREEZING RAIN 0
LT FREEZING RAIN 0 HAIL 0
HEAVY SNOW 0 SNOW 0
LIGHT SNOW 1 SLEET 0
FOG 11 FOG W/VIS <= 1/4 MILE 2
HAZE 10
- INDICATES NEGATIVE NUMBERS.
R INDICATES RECORD WAS SET OR TIED.
MM INDICATES DATA IS MISSING.
T INDICATES TRACE AMOUNT.
$$