000
CXUS56 KFGZ 010910
CF6PGA
PRELIMINARY LOCAL CLIMATOLOGICAL DATA (WS FORM: F-6)
STATION: PAGE AZ AIRPORT
MONTH: SEPTEMBER
YEAR: 2023
LATITUDE: 36 55 N
LONGITUDE: 111 27 W
TEMPERATURE IN F: :PCPN: SNOW: WIND :SUNSHINE: SKY :PK WND
================================================================================
1 2 3 4 5 6A 6B 7 8 9 10 11 12 13 14 15 16 17 18
12Z AVG MX 2MIN
DY MAX MIN AVG DEP HDD CDD WTR SNW DPTH SPD SPD DIR MIN PSBL S-S WX SPD DR
================================================================================
1 80 66 73 -6 0 8 0.28 M M 5.1 17 240 M M 5 3 31 240
2 83 66 75 -4 0 10 0.49 M M 2.8 14 280 M M 5 3 26 270
3 87 65 76 -3 0 11 0.00 M M 4.6 13 240 M M 2 23 230
4 88 69 79 0 0 14 0.00 M M 6.9 14 340 M M 1 24 50
5 90 63 77 -1 0 12 0.00 M M 3.2 8 360 M M 0 8 M M
6 92 63 78 0 0 13 0.00 M M 3.0 12 150 M M 0 17 190
7 94 65 80 2 0 15 0.00 M M 4.0 9 40 M M 0 8 16 360
8 96 66 81 4 0 16 0.00 M M 4.0 13 310 M M 0 23 320
9 98 68 83 6 0 18 0.00 M M 3.7 10 360 M M 0 14 20
10 87 67 77 0 0 12 0.31 M M 4.9 18 350 M M 4 3 27 230
11 86 63 75 -1 0 10 T M M 1.7 9 60 M M 2 14 90
12 79 64 72 -4 0 7 0.14 M M 3.4 14 30 M M 3 38 19 30
13 82 60 71 -5 0 6 0.00 M M 3.1 10 30 M M 0 8 14 230
14 79 63 71 -4 0 6 0.02 M M 4.4 17 10 M M 3 8 23 10
15 82 59 71 -4 0 6 0.00 M M 2.7 9 60 M M 1 15 50
16 85 59 72 -2 0 7 0.00 M M 3.5 12 20 M M 0 16 30
17 90 62 76 2 0 11 T M M 4.6 17 140 M M 2 21 140
18 91 69 80 6 0 15 0.00 M M 5.2 13 190 M M 1 8 19 200
19 89 64 77 4 0 12 0.00 M M 3.3 12 120 M M 0 8 16 250
20 86 61 74 1 0 9 0.00 M M 8.0 22 170 M M 0 31 150
21 86 64 75 3 0 10 0.00 M M 8.1 20 200 M M 0 36 220
22 86 61 74 2 0 9 0.00 M M 5.6 14 280 M M 0 24 290
23 74 57 66 -6 0 1 0.21 M M 4.2 13 230 M M 5 1 22 200
24 78 53 66 -5 0 1 0.00 M M 1.1 7 30 M M 0 11 10
25 84 57 71 0 0 6 0.00 M M 2.6 8 30 M M 0 12 20
26 87 59 73 3 0 8 0.00 M M 4.0 9 10 M M 0 13 210
27 90 58 74 4 0 9 0.00 M M 3.6 9 240 M M 0 16 240
28 88 59 74 5 0 9 0.00 M M 4.1 9 360 M M 0 12 350
29 89 59 74 5 0 9 0.00 M M 4.4 13 220 M M 0 21 220
30 87 63 75 7 0 10 0.00 M M 12.0 24 160 M M 1 37 210
================================================================================
SM 2593 1872 0 290 1.45 M 131.8 M 35
================================================================================
AV 86.4 62.4 4.4 FASTST M M 1 MAX(MPH)
MISC ----> 24 160 37 210
================================================================================
NOTES:
# LAST OF SEVERAL OCCURRENCES
COLUMN 17 PEAK WIND IN M.P.H.
PRELIMINARY LOCAL CLIMATOLOGICAL DATA (WS FORM: F-6) , PAGE 2
STATION: PAGE AZ AIRPORT
MONTH: SEPTEMBER
YEAR: 2023
LATITUDE: 36 55 N
LONGITUDE: 111 27 W
[TEMPERATURE DATA] [PRECIPITATION DATA] SYMBOLS USED IN COLUMN 16
AVERAGE MONTHLY: 74.4 TOTAL FOR MONTH: 1.45 1 = FOG OR MIST
DPTR FM NORMAL: 0.0 DPTR FM NORMAL: 0.78 2 = FOG REDUCING VISIBILITY
HIGHEST: 98 ON 9 GRTST 24HR 0.56 ON 1- 2 TO 1/4 MILE OR LESS
LOWEST: 53 ON 24 3 = THUNDER
SNOW, ICE PELLETS, HAIL 4 = ICE PELLETS
TOTAL MONTH: M 5 = HAIL
GRTST 24HR M ON M 6 = FREEZING RAIN OR DRIZZLE
GRTST DEPTH: M ON M 7 = DUSTSTORM OR SANDSTORM:
VSBY 1/2 MILE OR LESS
8 = SMOKE OR HAZE
[NO. OF DAYS WITH] [WEATHER - DAYS WITH] 9 = BLOWING SNOW
X = TORNADO
MAX 32 OR BELOW: 0 0.01 INCH OR MORE: 6
MAX 90 OR ABOVE: 8 0.10 INCH OR MORE: 5
MIN 32 OR BELOW: 0 0.50 INCH OR MORE: 0
MIN 0 OR BELOW: 0 1.00 INCH OR MORE: 0
[HDD (BASE 65) ]
TOTAL THIS MO. 0 CLEAR (SCALE 0-3) 25
DPTR FM NORMAL -12 PTCLDY (SCALE 4-7) 5
TOTAL FM JUL 1 0 CLOUDY (SCALE 8-10) 0
DPTR FM NORMAL -8
[CDD (BASE 65) ]
TOTAL THIS MO. 290
DPTR FM NORMAL -3 [PRESSURE DATA]
TOTAL FM JAN 1 2222 HIGHEST SLP M ON M
DPTR FM NORMAL 102 LOWEST SLP 29.50 ON 30
[REMARKS]
#FINAL-09-23#