000
CXUS52 KTBW 011000
CF6PGD
PRELIMINARY LOCAL CLIMATOLOGICAL DATA (WS FORM: F-6)
STATION: PUNTA GORDA
MONTH: OCTOBER
YEAR: 2023
LATITUDE: 26 55 N
LONGITUDE: 82 0 W
TEMPERATURE IN F: :PCPN: SNOW: WIND :SUNSHINE: SKY :PK WND
================================================================================
1 2 3 4 5 6A 6B 7 8 9 10 11 12 13 14 15 16 17 18
12Z AVG MX 2MIN
DY MAX MIN AVG DEP HDD CDD WTR SNW DPTH SPD SPD DIR MIN PSBL S-S WX SPD DR
================================================================================
1 91 76 84 4 0 19 1.54 0.0 0 8.5 20 50 M M 6 123 27 10
2 90 73 82 2 0 17 0.01 0.0 0 12.2 25 50 M M 3 18 31 60
3 87 73 80 0 0 15 0.00 0.0 0 10.7 23 80 M M 4 18 29 90
4 91 73 82 2 0 17 0.06 0.0 0 9.6 24 80 M M 2 8 38 30
5 92 74 83 3 0 18 0.00 0.0 0 6.9 15 90 M M 1 20 90
6 93 73 83 3 0 18 0.00 0.0 0 4.6 10 310 M M 1 14 320
7 91 75 83 4 0 18 0.00 0.0 0 7.2 16 260 M M 3 21 240
8 86 70 78 -1 0 13 0.00 0.0 0 7.8 14 360 M M 2 18 20
9 78 67 73 -6 0 8 T 0.0 0 7.3 17 30 M M 2 22 30
10 88 70 79 0 0 14 0.00 0.0 0 7.1 12 40 M M 3 16 40
11 92 74 83 5 0 18 0.39 0.0 0 7.6 22 160 M M 3 138 35 160
12 92 80 86 8 0 21 0.58 0.0 0 15.4 29 220 M M 5 13 40 220
13 91 81 86 8 0 21 0.20 0.0 0 6.8 14 290 M M 4 1 19 250
14 88 75 82 4 0 17 0.00 0.0 0 7.7 15 290 M M 3 1 19 270
15 85 70 78 0 0 13 0.00 0.0 0 8.7 21 300 M M 2 28 320
16 78 62 70 -7 0 5 T 0.0 0 10.7 22 310 M M 5 32 310
17 75 56 66 -11 0 1 0.00 0.0 0 10.0 17 350 M M 0 27 320
18 82 54 68 -9 0 3 0.00 0.0 0 7.0 15 90 M M 1 22 70
19 85 61 73 -3 0 8 0.00 0.0 0 7.8 17 80 M M 1 23 70
20 85 64 75 -1 0 10 0.00 0.0 0 5.0 15 250 M M 0 21 250
21 89 68 79 3 0 14 0.00 0.0 0 4.9 15 240 M M M 18 250
22 87 66 77 1 0 12 0.00 0.0 0 4.3 9 330 M M 0 13 40
23 89 62 76 1 0 11 0.00 0.0 0 7.2 14 50 M M 0 1 22 30
24 89 66 78 3 0 13 0.00 0.0 0 11.5 23 60 M M 3 30 80
25 87 64 76 1 0 11 0.00 0.0 0 10.6 23 90 M M 4 30 100
26 89 66 78 3 0 13 0.00 0.0 0 10.6 21 100 M M 2 28 80
27 90 65 78 4 0 13 0.00 0.0 0 9.4 20 80 M M 1 27 90
28 90 67 79 5 0 14 0.00 0.0 0 10.0 22 100 M M 2 27 120
29 89 67 78 4 0 13 0.00 0.0 0 9.8 22 80 M M 1 29 70
30 88 66 77 3 0 12 0.00 0.0 0 6.3 14 90 M M 3 1 21 140
31 89 69 79 6 0 14 0.00 0.0 0 7.2 14 350 M M 0 19 340
================================================================================
SM 2716 2127 0 414 2.78 0.0 260.4 M 67
================================================================================
AV 87.6 68.6 8.4 FASTST M M 2 MAX(MPH)
MISC ----> 29 220 40 220
================================================================================
NOTES:
# LAST OF SEVERAL OCCURRENCES
COLUMN 17 PEAK WIND IN M.P.H.
PRELIMINARY LOCAL CLIMATOLOGICAL DATA (WS FORM: F-6) , PAGE 2
STATION: PUNTA GORDA
MONTH: OCTOBER
YEAR: 2023
LATITUDE: 26 55 N
LONGITUDE: 82 0 W
[TEMPERATURE DATA] [PRECIPITATION DATA] SYMBOLS USED IN COLUMN 16
AVERAGE MONTHLY: 78.1 TOTAL FOR MONTH: 2.78 1 = FOG OR MIST
DPTR FM NORMAL: 0.9 DPTR FM NORMAL: -0.24 2 = FOG REDUCING VISIBILITY
HIGHEST: 93 ON 6 GRTST 24HR 3.60 ON 30- 1 TO 1/4 MILE OR LESS
LOWEST: 54 ON 18 3 = THUNDER
SNOW, ICE PELLETS, HAIL 4 = ICE PELLETS
TOTAL MONTH: 0.0 INCH 5 = HAIL
GRTST 24HR 0.0 6 = FREEZING RAIN OR DRIZZLE
GRTST DEPTH: 0 7 = DUSTSTORM OR SANDSTORM:
VSBY 1/2 MILE OR LESS
8 = SMOKE OR HAZE
[NO. OF DAYS WITH] [WEATHER - DAYS WITH] 9 = BLOWING SNOW
X = TORNADO
MAX 32 OR BELOW: 0 0.01 INCH OR MORE: 6
MAX 90 OR ABOVE: 11 0.10 INCH OR MORE: 4
MIN 32 OR BELOW: 0 0.50 INCH OR MORE: 2
MIN 0 OR BELOW: 0 1.00 INCH OR MORE: 1
[HDD (BASE 65) ]
TOTAL THIS MO. 0 CLEAR (SCALE 0-3) 24
DPTR FM NORMAL -2 PTCLDY (SCALE 4-7) 6
TOTAL FM JUL 1 0 CLOUDY (SCALE 8-10) 1
DPTR FM NORMAL 0
[CDD (BASE 65) ]
TOTAL THIS MO. 414
DPTR FM NORMAL 35 [PRESSURE DATA]
TOTAL FM JAN 1 4142 HIGHEST SLP 30.16 ON 25
DPTR FM NORMAL 662 LOWEST SLP 29.71 ON 12
[REMARKS]
#FINAL-10-23#