000
CXUS51 KPHI 012139
CF6PHL
PRELIMINARY LOCAL CLIMATOLOGICAL DATA (WS FORM: F-6)
STATION: PHILADELPHIA PA
MONTH: NOVEMBER
YEAR: 2023
LATITUDE: 39 52 N
LONGITUDE: 75 15 W
TEMPERATURE IN F: :PCPN: SNOW: WIND :SUNSHINE: SKY :PK WND
================================================================================
1 2 3 4 5 6A 6B 7 8 9 10 11 12 13 14 15 16 17 18
12Z AVG MX 2MIN
DY MAX MIN AVG DEP HDD CDD WTR SNW DPTH SPD SPD DIR MIN PSBL S-S WX SPD DR
================================================================================
1 52 38 45 -7 20 0 0.02 0.0 0 11.9 25 300 M M 5 1 33 320
2 51 34 43 -9 22 0 0.00 0.0 0 5.3 12 200 M M 1 14 230
3 59 37 48 -4 17 0 0.00 0.0 0 6.5 14 220 M M 1 20 200
4 59 40 50 -1 15 0 0.00 0.0 0 1.8 9 210 M M 7 11 200
5 71 41 56 5 9 0 0.00 0.0 0 4.1 17 340 M M 3 1 22 350
6 63 43 53 3 12 0 0.00 0.0 0 5.5 13 40 M M 7 15 40
7 65 52 59 9 6 0 0.00 0.0 0 8.9 16 240 M M 7 20 330
8 56 43 50 0 15 0 0.00 0.0 0 7.2 16 360 M M 3 23 340
9 72 44 58 9 7 0 T 0.0 0 6.8 17 250 M M 8 20 260
10 56 42 49 0 16 0 0.05 0.0 0 7.2 16 330 M M 6 20 340
11 58 39 49 0 16 0 0.00 0.0 0 6.8 15 30 M M 5 25 20
12 50 36 43 -5 22 0 0.00 0.0 0 7.6 14 340 M M 3 22 350
13 53 31 42 -6 23 0 0.00 0.0 0 6.0 14 230 M M 1 20 230
14 58 38 48 0 17 0 0.00 0.0 0 9.5 23 330 M M 1 28 330
15 57 35 46 -1 19 0 0.00 0.0 0 5.7 14 230 M M 6 20 180
16 67 41 54 7 11 0 0.00 0.0 0 4.9 10 220 M M 2 1 17 180
17 69 40 55 8 10 0 0.00 0.0 0 5.8 20 210 M M 6 1 25 190
18 58 40 49 3 16 0 T 0.0 0 11.8 28 330 M M 4 35 330
19 58 37 48 2 17 0 0.00 0.0 0 9.2 18 310 M M 0 23 310
20 49 35 42 -4 23 0 0.00 0.0 0 7.2 17 10 M M 5 20 20
21 54 36 45 -1 20 0 1.08 0.0 0 13.2 22 110 M M 9 1 30 120
22 59 50 55 10 10 0 0.73 0.0 0 9.4 21 260 M M 10 1 26 250
23 54 43 49 4 16 0 0.00 0.0 0 11.4 25 330 M M 3 34 320
24 53 34 44 -1 21 0 0.00 0.0 0 10.3 23 350 M M 5 29 350
25 43 29 36 -8 29 0 0.00 0.0 0 4.4 16 10 M M 5 21 350
26 52 33 43 -1 22 0 0.87 0.0 0 6.3 16 260 M M 9 1 22 310
27 51 34 43 -1 22 0 0.00 0.0 0 12.8 24 300 M M 5 32 290
28 39 29 34 -9 31 0 T T 0 14.0 28 300 M M 4 34 300
29 39 25 32 -11 33 0 0.00 0.0 0 9.9 21 240 M M 4 24 240
30 53 30 42 -1 23 0 0.00 0.0 0 7.1 16 210 M M 5 22 190
================================================================================
SM 1678 1129 540 0 2.75 T 238.5 M 140
================================================================================
AV 55.9 37.6 7.9 FASTST M M 5 MAX(MPH)
MISC ----> # 28 330 35 330
================================================================================
NOTES:
# LAST OF SEVERAL OCCURRENCES
COLUMN 17 PEAK WIND IN M.P.H.
PRELIMINARY LOCAL CLIMATOLOGICAL DATA (WS FORM: F-6) , PAGE 2
STATION: PHILADELPHIA PA
MONTH: NOVEMBER
YEAR: 2023
LATITUDE: 39 52 N
LONGITUDE: 75 15 W
[TEMPERATURE DATA] [PRECIPITATION DATA] SYMBOLS USED IN COLUMN 16
AVERAGE MONTHLY: 46.8 TOTAL FOR MONTH: 2.75 1 = FOG OR MIST
DPTR FM NORMAL: -0.6 DPTR FM NORMAL: -0.16 2 = FOG REDUCING VISIBILITY
HIGHEST: 72 ON 9 GRTST 24HR 1.81 ON 21-22 TO 1/4 MILE OR LESS
LOWEST: 25 ON 29 3 = THUNDER
SNOW, ICE PELLETS, HAIL 4 = ICE PELLETS
TOTAL MONTH: T 5 = HAIL
GRTST 24HR T ON 28-28 6 = FREEZING RAIN OR DRIZZLE
GRTST DEPTH: 0 7 = DUSTSTORM OR SANDSTORM:
VSBY 1/2 MILE OR LESS
8 = SMOKE OR HAZE
[NO. OF DAYS WITH] [WEATHER - DAYS WITH] 9 = BLOWING SNOW
X = TORNADO
MAX 32 OR BELOW: 0 0.01 INCH OR MORE: 5
MAX 90 OR ABOVE: 0 0.10 INCH OR MORE: 3
MIN 32 OR BELOW: 5 0.50 INCH OR MORE: 3
MIN 0 OR BELOW: 0 1.00 INCH OR MORE: 1
[HDD (BASE 65) ]
TOTAL THIS MO. 540 CLEAR (SCALE 0-3) 8
DPTR FM NORMAL 10 PTCLDY (SCALE 4-7) 19
TOTAL FM JUL 1 709 CLOUDY (SCALE 8-10) 3
DPTR FM NORMAL -87
[CDD (BASE 65) ]
TOTAL THIS MO. 0
DPTR FM NORMAL -1 [PRESSURE DATA]
TOTAL FM JAN 1 1345 HIGHEST SLP 30.52 ON 12
DPTR FM NORMAL -14 LOWEST SLP 29.66 ON 22
[REMARKS]
#FINAL-11-23#
ADDING MISSING TRACE PRECIPITATION AND SNOWFALL FOR THE 28TH.
STAARMANN