000
CXUS53 KILX 010900
CF6PIA
PRELIMINARY LOCAL CLIMATOLOGICAL DATA (WS FORM: F-6)
STATION: PEORIA IL
MONTH: AUGUST
YEAR: 2022
LATITUDE: 40 40 N
LONGITUDE: 89 41 W
TEMPERATURE IN F: :PCPN: SNOW: WIND :SUNSHINE: SKY :PK WND
================================================================================
1 2 3 4 5 6A 6B 7 8 9 10 11 12 13 14 15 16 17 18
12Z AVG MX 2MIN
DY MAX MIN AVG DEP HDD CDD WTR SNW DPTH SPD SPD DIR MIN PSBL S-S WX SPD DR
================================================================================
1 89 67 78 2 0 13 0.77 0.0 0 8.3 26 270 M M 3 138 44 310
2 86 68 77 1 0 12 0.87 0.0 0 9.3 32 210 M M 3 13 48 210
3 91 73 82 6 0 17 0.05 0.0 0 10.0 20 270 M M 2 3 32 270
4 86 71 79 3 0 14 0.00 0.0 0 3.8 12 210 M M 6 8 16 210
5 87 74 81 5 0 16 0.00 0.0 0 5.0 12 160 M M 5 128 15 160
6 93 72 83 7 0 18 0.00 0.0 0 7.7 17 190 M M 1 22 170
7 89 78 84 8 0 19 0.00 0.0 0 7.3 16 210 M M 2 20 190
8 85 70 78 3 0 13 0.04 0.0 0 6.7 14 280 M M 7 19 270
9 82 65 74 -1 0 9 0.00 0.0 0 6.1 15 70 M M 6 20 70
10 84 60 72 -3 0 7 0.00 0.0 0 2.1 9 350 M M 0 14 330
11 85 64 75 0 0 10 0.00 0.0 0 5.7 14 60 M M 2 20 50
12 78 56 67 -8 0 2 0.00 0.0 0 4.2 12 130 M M 1 15 140
13 85 62 74 -1 0 9 0.00 0.0 0 11.1 21 190 M M 1 30 180
14 83 67 75 0 0 10 T 0.0 0 7.4 14 10 M M 8 25 20
15 81 63 72 -3 0 7 0.00 0.0 0 5.8 16 70 M M 4 23 70
16 84 61 73 -2 0 8 0.00 0.0 0 5.8 9 40 M M 2 17 40
17 85 58 72 -3 0 7 0.00 0.0 0 4.1 9 300 M M 1 15 320
18 84 61 73 -1 0 8 0.00 0.0 0 4.4 13 230 M M 0 21 230
19 87 62 75 1 0 10 0.26 0.0 0 10.0 22 190 M M 2 13 29 240
20 81 66 74 0 0 9 0.73 0.0 0 5.5 17 190 M M 6 13 25 200
21 81 64 73 -1 0 8 0.00 0.0 0 4.1 10 10 M M 6 12 20 360
22 81 62 72 -2 0 7 0.00 0.0 0 3.4 10 60 M M 1 8 M M
23 84 61 73 -1 0 8 0.00 0.0 0 2.9 9 70 M M 2 15 350
24 84 62 73 -1 0 8 0.00 0.0 0 3.9 10 220 M M 2 14 220
25 87 68 78 4 0 13 0.10 0.0 0 6.0 15 270 M M 4 1 20 250
26 82 66 74 1 0 9 0.00 0.0 0 5.0 12 60 M M 4 16 50
27 86 64 75 2 0 10 0.00 0.0 0 5.7 13 140 M M 1 18 140
28 91 72 82 9 0 17 0.63 0.0 0 11.2 35 200 M M 3 13 45 210
29 91 72 82 9 0 17 T 0.0 0 7.6 17 280 M M 4 3 22 240
30 82 64 73 0 0 8 0.00 0.0 0 7.0 18 300 M M 2 26 300
31 86 59 73 1 0 8 0.00 0.0 0 3.1 12 270 M M 0 16 270
================================================================================
SM 2640 2032 0 331 3.45 0.0 190.2 M 91
================================================================================
AV 85.2 65.5 6.1 FASTST M M 3 MAX(MPH)
MISC ----> 35 200 48 210
================================================================================
NOTES:
# LAST OF SEVERAL OCCURRENCES
COLUMN 17 PEAK WIND IN M.P.H.
PRELIMINARY LOCAL CLIMATOLOGICAL DATA (WS FORM: F-6) , PAGE 2
STATION: PEORIA IL
MONTH: AUGUST
YEAR: 2022
LATITUDE: 40 40 N
LONGITUDE: 89 41 W
[TEMPERATURE DATA] [PRECIPITATION DATA] SYMBOLS USED IN COLUMN 16
AVERAGE MONTHLY: 75.4 TOTAL FOR MONTH: 3.45 1 = FOG OR MIST
DPTR FM NORMAL: 0.9 DPTR FM NORMAL: 0.14 2 = FOG REDUCING VISIBILITY
HIGHEST: 93 ON 6 GRTST 24HR 0.99 ON 19-20 TO 1/4 MILE OR LESS
LOWEST: 56 ON 12 3 = THUNDER
SNOW, ICE PELLETS, HAIL 4 = ICE PELLETS
TOTAL MONTH: 0.0 INCH 5 = HAIL
GRTST 24HR 0.0 6 = FREEZING RAIN OR DRIZZLE
GRTST DEPTH: 0 7 = DUSTSTORM OR SANDSTORM:
VSBY 1/2 MILE OR LESS
8 = SMOKE OR HAZE
[NO. OF DAYS WITH] [WEATHER - DAYS WITH] 9 = BLOWING SNOW
X = TORNADO
MAX 32 OR BELOW: 0 0.01 INCH OR MORE: 8
MAX 90 OR ABOVE: 4 0.10 INCH OR MORE: 6
MIN 32 OR BELOW: 0 0.50 INCH OR MORE: 4
MIN 0 OR BELOW: 0 1.00 INCH OR MORE: 0
[HDD (BASE 65) ]
TOTAL THIS MO. 0 CLEAR (SCALE 0-3) 20
DPTR FM NORMAL -3 PTCLDY (SCALE 4-7) 11
TOTAL FM JUL 1 0 CLOUDY (SCALE 8-10) 0
DPTR FM NORMAL -1
[CDD (BASE 65) ]
TOTAL THIS MO. 331
DPTR FM NORMAL 34 [PRESSURE DATA]
TOTAL FM JAN 1 1147 HIGHEST SLP 30.25 ON 12
DPTR FM NORMAL 150 LOWEST SLP 29.77 ON 28
[REMARKS]
#FINAL-08-22#