000
CXUS53 KILX 010900
CF6PIA
PRELIMINARY LOCAL CLIMATOLOGICAL DATA (WS FORM: F-6)
STATION: PEORIA IL
MONTH: MARCH
YEAR: 2022
LATITUDE: 40 40 N
LONGITUDE: 89 41 W
TEMPERATURE IN F: :PCPN: SNOW: WIND :SUNSHINE: SKY :PK WND
================================================================================
1 2 3 4 5 6A 6B 7 8 9 10 11 12 13 14 15 16 17 18
12Z AVG MX 2MIN
DY MAX MIN AVG DEP HDD CDD WTR SNW DPTH SPD SPD DIR MIN PSBL S-S WX SPD DR
================================================================================
1 64 39 52 17 13 0 0.00 0.0 0 5.1 12 350 M M 2 17 360
2 68 34 51 15 14 0 T 0.0 0 4.2 20 50 M M 3 8 27 50
3 41 30 36 0 29 0 0.00 0.0 M 10.3 17 60 M M 4 24 40
4 50 28 39 2 26 0 0.00 0.0 0 10.4 15 90 M M 0 21 90
5 75 42 59 22 6 0 0.01 0.0 0 14.2 37 210 M M 6 53 230
6 59 34 47 10 18 0 0.19 0.1 0 12.0 29 260 M M 5 14 43 270
7 35 23 29 -9 36 0 0.17 0.5 T 9.0 18 290 M M 9 16 29 310
8 41 19 30 -8 35 0 0.00 0.0 0 4.3 14 190 M M 0 19 230
9 43 26 35 -4 30 0 0.00 0.0 0 6.8 15 300 M M 1 24 310
10 29 21 25 -14 40 0 0.15 1.7 0 6.3 12 60 M M 7 1 18 350
11 30 14 22 -18 43 0 0.06 1.2 3 10.4 22 280 M M 5 1 34 310
12 23 9 16 -24 49 0 0.00 0.0 T 11.1 17 270 M M 0 28 320
13 58 21 40 0 25 0 0.00 0.0 T 10.5 22 200 M M 3 31 200
14 65 37 51 10 14 0 0.00 0.0 0 10.8 22 200 M M 1 29 230
15 64 40 52 11 13 0 0.00 0.0 M 2.3 9 210 M M 3 1 12 190
16 73 44 59 17 6 0 0.00 0.0 0 6.9 22 230 M M 3 1 29 230
17 74 48 61 19 4 0 0.00 0.0 0 7.0 17 60 M M 1 26 30
18 53 40 47 5 18 0 0.40 0.0 0 13.8 20 60 M M 9 1 28 90
19 52 36 44 1 21 0 0.08 0.0 0 9.4 18 300 M M 7 1 28 320
20 69 31 50 7 15 0 0.00 0.0 0 5.7 15 280 M M 0 22 260
21 75 48 62 19 3 0 T 0.0 0 10.9 26 190 M M 0 37 200
22 58 50 54 10 11 0 0.53 0.0 0 9.9 25 80 M M 10 1 34 80
23 57 42 50 6 15 0 0.57 0.0 0 9.0 17 230 M M 10 12 25 260
24 44 38 41 -4 24 0 0.06 0.0 0 8.8 16 270 M M 10 22 270
25 52 40 46 1 19 0 T 0.0 0 14.5 32 290 M M 9 53 280
26 40 29 35 -10 30 0 0.00 0.0 0 12.5 24 300 M M 2 38 300
27 42 24 33 -13 32 0 0.00 0.0 0 6.2 14 300 M M 0 20 340
28 43 23 33 -13 32 0 0.00 0.0 0 6.8 15 50 M M 1 21 50
29 46 32 39 -7 26 0 T 0.0 0 14.1 25 130 M M 8 38 140
30 60 38 49 2 16 0 1.13 0.0 0 10.7 23 290 M M 10 1 40 290
31 40 34 37 -10 28 0 0.20 T 0 11.3 21 270 M M 10 1 28 270
================================================================================
SM 1623 1014 691 0 3.55 3.5 285.2 M 139
================================================================================
AV 52.4 32.7 9.2 FASTST M M 4 MAX(MPH)
MISC ----> 37 210 # 53 230
================================================================================
NOTES:
# LAST OF SEVERAL OCCURRENCES
COLUMN 17 PEAK WIND IN M.P.H.
PRELIMINARY LOCAL CLIMATOLOGICAL DATA (WS FORM: F-6) , PAGE 2
STATION: PEORIA IL
MONTH: MARCH
YEAR: 2022
LATITUDE: 40 40 N
LONGITUDE: 89 41 W
[TEMPERATURE DATA] [PRECIPITATION DATA] SYMBOLS USED IN COLUMN 16
AVERAGE MONTHLY: 42.5 TOTAL FOR MONTH: 3.55 1 = FOG OR MIST
DPTR FM NORMAL: 1.1 DPTR FM NORMAL: 0.86 2 = FOG REDUCING VISIBILITY
HIGHEST: 75 ON 21, 5 GRTST 24HR 1.31 ON 30-31 TO 1/4 MILE OR LESS
LOWEST: 9 ON 12 3 = THUNDER
SNOW, ICE PELLETS, HAIL 4 = ICE PELLETS
TOTAL MONTH: 3.5 INCHES 5 = HAIL
GRTST 24HR 1.7 ON 10-10 6 = FREEZING RAIN OR DRIZZLE
GRTST DEPTH: 3 ON 11 7 = DUSTSTORM OR SANDSTORM:
VSBY 1/2 MILE OR LESS
8 = SMOKE OR HAZE
[NO. OF DAYS WITH] [WEATHER - DAYS WITH] 9 = BLOWING SNOW
X = TORNADO
MAX 32 OR BELOW: 3 0.01 INCH OR MORE: 12
MAX 90 OR ABOVE: 0 0.10 INCH OR MORE: 8
MIN 32 OR BELOW: 14 0.50 INCH OR MORE: 3
MIN 0 OR BELOW: 0 1.00 INCH OR MORE: 1
[HDD (BASE 65) ]
TOTAL THIS MO. 691 CLEAR (SCALE 0-3) 14
DPTR FM NORMAL -43 PTCLDY (SCALE 4-7) 9
TOTAL FM JUL 1 4831 CLOUDY (SCALE 8-10) 8
DPTR FM NORMAL -258
[CDD (BASE 65) ]
TOTAL THIS MO. 0
DPTR FM NORMAL -2 [PRESSURE DATA]
TOTAL FM JAN 1 0 HIGHEST SLP 30.45 ON 3
DPTR FM NORMAL -2 LOWEST SLP 29.24 ON 30
[REMARKS]
#FINAL-03-22#