000
CXUS55 KPIH 011200
CF6PIH
PRELIMINARY LOCAL CLIMATOLOGICAL DATA (WS FORM: F-6)
STATION: POCATELLO
MONTH: JANUARY
YEAR: 2023
LATITUDE: 42 55 N
LONGITUDE: 112 36 W
TEMPERATURE IN F: :PCPN: SNOW: WIND :SUNSHINE: SKY :PK WND
================================================================================
1 2 3 4 5 6A 6B 7 8 9 10 11 12 13 14 15 16 17 18
12Z AVG MX 2MIN
DY MAX MIN AVG DEP HDD CDD WTR SNW DPTH SPD SPD DIR MIN PSBL S-S WX SPD DR
================================================================================
1 33 28 31 6 34 0 0.02 0.2 T 6.2 15 30 M M 8 1 19 50
2 28 20 24 -1 41 0 0.00 0.0 0 7.6 16 260 M M 8 18 260
3 32 23 28 3 37 0 T T 0 8.1 20 230 M M 9 25 250
4 36 21 29 4 36 0 0.00 0.0 0 5.1 10 20 M M 5 13 10
5 39 22 31 6 34 0 T T 0 5.1 15 310 M M 10 21 40
6 35 32 34 9 31 0 0.26 1.9 T 6.7 14 230 M M 10 1 18 230
7 40 22 31 6 34 0 0.00 0.0 1 4.4 13 330 M M 7 12 13 330
8 41 19 30 5 35 0 0.04 0.2 1 7.6 31 260 M M 4 1 40 260
9 40 19 30 5 35 0 0.10 T 1 9.9 25 180 M M 6 34 180
10 39 32 36 11 29 0 0.11 0.1 0 7.3 22 230 M M 9 1 26 230
11 39 28 34 9 31 0 0.05 0.1 0 14.5 28 230 M M 6 1 35 240
12 39 26 33 8 32 0 0.00 0.0 0 4.4 10 330 M M 5 12 350
13 42 27 35 9 30 0 T T 0 4.9 12 80 M M 2 15 90
14 45 32 39 13 26 0 T 0.0 0 6.9 17 160 M M 6 24 160
15 36 31 34 8 31 0 0.38 1.5 1 8.6 20 230 M M 10 1 24 210
16 34 17 26 0 39 0 T T 1 5.4 12 30 M M 3 14 30
17 31 18 25 -1 40 0 0.00 0.0 1 5.3 13 270 M M 6 15 280
18 30 17 24 -2 41 0 0.00 0.0 1 7.2 17 240 M M 9 20 230
19 29 17 23 -3 42 0 0.01 0.6 1 5.9 13 30 M M 9 18 17 30
20 25 15 20 -6 45 0 0.00 0.0 1 10.2 17 240 M M 8 1 21 230
21 26 10 18 -8 47 0 0.00 0.0 1 4.3 14 230 M M 6 17 220
22 22 8 15 -11 50 0 0.01 0.7 1 6.0 13 230 M M 7 1 16 230
23 22 8 15 -11 50 0 T T 1 8.0 17 260 M M 9 1 22 230
24 23 18 21 -5 44 0 T T 1 5.2 14 240 M M 10 18 230
25 22 14 18 -8 47 0 T T 1 3.7 9 340 M M 10 18 12 360
26 33 18 26 0 39 0 0.00 0.0 1 9.5 21 200 M M 10 1 31 210
27 36 30 33 7 32 0 0.05 0.5 1 20.1 30 250 M M 9 18 40 230
28 33 14 24 -2 41 0 0.03 0.5 2 15.7 25 250 M M 10 18 30 250
29 14 -11 2 -24 63 0 0.03 0.6 2 14.2 24 30 M M 5 32 40
30 8 -16 -4 -31 69 0 0.00 0.0 2 1.6 9 230 M M 1 8 10 220
31 9 -13 -2 -29 67 0 0.00 0.0 2 5.4 13 20 M M 5 18 15 20
================================================================================
SM 961 546 1252 0 1.09 6.9 235.0 M 222
================================================================================
AV 31.0 17.6 7.6 FASTST M M 7 MAX(MPH)
MISC ----> 31 260 # 40 260
================================================================================
NOTES:
# LAST OF SEVERAL OCCURRENCES
COLUMN 17 PEAK WIND IN M.P.H.
PRELIMINARY LOCAL CLIMATOLOGICAL DATA (WS FORM: F-6) , PAGE 2
STATION: POCATELLO
MONTH: JANUARY
YEAR: 2023
LATITUDE: 42 55 N
LONGITUDE: 112 36 W
[TEMPERATURE DATA] [PRECIPITATION DATA] SYMBOLS USED IN COLUMN 16
AVERAGE MONTHLY: 24.3 TOTAL FOR MONTH: 1.09 1 = FOG OR MIST
DPTR FM NORMAL: -1.3 DPTR FM NORMAL: -0.02 2 = FOG REDUCING VISIBILITY
HIGHEST: 45 ON 14 GRTST 24HR 0.38 ON 15-15 TO 1/4 MILE OR LESS
LOWEST: -16 ON 30 3 = THUNDER
SNOW, ICE PELLETS, HAIL 4 = ICE PELLETS
TOTAL MONTH: 6.9 INCHES 5 = HAIL
GRTST 24HR 1.9 ON 6- 6 6 = FREEZING RAIN OR DRIZZLE
GRTST DEPTH: 2 ON 31,30 7 = DUSTSTORM OR SANDSTORM:
VSBY 1/2 MILE OR LESS
8 = SMOKE OR HAZE
[NO. OF DAYS WITH] [WEATHER - DAYS WITH] 9 = BLOWING SNOW
X = TORNADO
MAX 32 OR BELOW: 14 0.01 INCH OR MORE: 12
MAX 90 OR ABOVE: 0 0.10 INCH OR MORE: 4
MIN 32 OR BELOW: 31 0.50 INCH OR MORE: 0
MIN 0 OR BELOW: 3 1.00 INCH OR MORE: 0
[HDD (BASE 65) ]
TOTAL THIS MO. 1252 CLEAR (SCALE 0-3) 2
DPTR FM NORMAL 32 PTCLDY (SCALE 4-7) 15
TOTAL FM JUL 1 4190 CLOUDY (SCALE 8-10) 14
DPTR FM NORMAL 72
[CDD (BASE 65) ]
TOTAL THIS MO. 0
DPTR FM NORMAL 0 [PRESSURE DATA]
TOTAL FM JAN 1 0 HIGHEST SLP 30.75 ON 31
DPTR FM NORMAL 0 LOWEST SLP 29.49 ON 15
[REMARKS]
#FINAL-01-23#