000
CXUS51 KRLX 030200
CF6PKB
PRELIMINARY LOCAL CLIMATOLOGICAL DATA (WS FORM: F-6)
STATION: PARKERSBURG WV
MONTH: JULY
YEAR: 2022
LATITUDE: 39 20 N
LONGITUDE: 81 26 W
TEMPERATURE IN F: :PCPN: SNOW: WIND :SUNSHINE: SKY :PK WND
================================================================================
1 2 3 4 5 6A 6B 7 8 9 10 11 12 13 14 15 16 17 18
12Z AVG MX 2MIN
DY MAX MIN AVG DEP HDD CDD WTR SNW DPTH SPD SPD DIR MIN PSBL S-S WX SPD DR
================================================================================
1 84 64 74 0 0 9 0.28 M M 5.3 20 250 M M 3 13 29 220
2 86 68 77 3 0 12 0.21 M M 2.7 15 320 M M 6 138 21 310
3 86 64 75 1 0 10 0.00 M M 1.9 9 20 M M 2 1 13 40
4 87 59 73 -1 0 8 0.00 M M 2.5 12 130 M M 1 128 14 130
5 78 67 73 -2 0 8 0.09 M M 5.4 16 210 M M 2 138 26 260
6 84 69 77 2 0 12 1.00 M M 3.7 26 290 M M 6 13 39 280
7 87 69 78 3 0 13 0.00 M M 2.3 8 310 M M 6 12 13 320
8 81 66 74 -1 0 9 0.09 M M 3.1 10 50 M M 5 1 13 60
9 82 67 75 0 0 10 0.07 M M 4.0 10 40 M M 7 18 13 70
10 86 65 76 1 0 11 0.00 M M 3.3 12 90 M M 1 1 14 80
11 86 62 74 -1 0 9 0.00 M M 3.6 13 170 M M 1 16 180
12 85 68 77 2 0 12 0.61 M M 5.5 18 180 M M 3 38 30 250
13 85 63 74 -1 0 9 0.00 M M 2.6 10 230 M M 2 1 14 280
14 83 64 74 -1 0 9 0.00 M M 2.0 9 310 M M 4 18 13 50
15 85 60 73 -2 0 8 0.00 M M 2.4 8 320 M M 1 128 12 320
16 78 66 72 -3 0 7 0.10 M M 2.7 8 80 M M 8 1 10 90
17 79 70 75 0 0 10 0.22 M M 5.6 12 170 M M 6 13 32 180
18 79 68 74 -1 0 9 0.47 M M 4.9 12 210 M M 7 1 17 230
19 86 67 77 2 0 12 0.00 M M 3.0 9 260 M M 7 12 13 260
20 89 66 78 3 0 13 0.00 M M 5.9 15 200 M M 3 123 22 200
21 87 70 79 4 0 14 0.20 M M 4.8 16 270 M M 3 13 26 260
22 89 67 78 3 0 13 1.25 M M 3.1 28 250 M M 2 138 44 250
23 90 66 78 3 0 13 1.11 M M 4.8 29 340 M M 3 123 43 340
24 89 67 78 3 0 13 T M M 6.9 16 200 M M 2 21 200
25 85 72 79 4 0 14 0.01 M M 5.4 13 310 M M 5 1 19 320
26 75 70 73 -2 0 8 0.11 M M 1.3 13 200 M M 9 1 21 210
27 79 71 75 0 0 10 0.07 M M 5.8 16 190 M M 6 1 21 200
28 86 72 79 4 0 14 0.03 M M 5.6 18 310 M M 5 24 320
29 82 69 76 1 0 11 0.08 M M 2.6 9 240 M M 6 18 14 240
30 83 60 72 -2 0 7 0.00 M M 1.1 9 300 M M 2 12 11 290
31 75 62 69 -5 0 4 0.15 M M 1.4 7 140 M M 6 12 9 80
================================================================================
SM 2596 2058 0 321 6.15 M 115.2 M 130
================================================================================
AV 83.7 66.4 3.7 FASTST M M 4 MAX(MPH)
MISC ----> 29 340 44 250
================================================================================
NOTES:
# LAST OF SEVERAL OCCURRENCES
COLUMN 17 PEAK WIND IN M.P.H.
PRELIMINARY LOCAL CLIMATOLOGICAL DATA (WS FORM: F-6) , PAGE 2
STATION: PARKERSBURG WV
MONTH: JULY
YEAR: 2022
LATITUDE: 39 20 N
LONGITUDE: 81 26 W
[TEMPERATURE DATA] [PRECIPITATION DATA] SYMBOLS USED IN COLUMN 16
AVERAGE MONTHLY: 75.1 TOTAL FOR MONTH: 6.15 1 = FOG OR MIST
DPTR FM NORMAL: 0.4 DPTR FM NORMAL: 1.70 2 = FOG REDUCING VISIBILITY
HIGHEST: 90 ON 23 GRTST 24HR 2.30 ON 22-23 TO 1/4 MILE OR LESS
LOWEST: 59 ON 4 3 = THUNDER
SNOW, ICE PELLETS, HAIL 4 = ICE PELLETS
TOTAL MONTH: M 5 = HAIL
GRTST 24HR M ON M 6 = FREEZING RAIN OR DRIZZLE
GRTST DEPTH: M ON M 7 = DUSTSTORM OR SANDSTORM:
VSBY 1/2 MILE OR LESS
8 = SMOKE OR HAZE
[NO. OF DAYS WITH] [WEATHER - DAYS WITH] 9 = BLOWING SNOW
X = TORNADO
MAX 32 OR BELOW: 0 0.01 INCH OR MORE: 19
MAX 90 OR ABOVE: 1 0.10 INCH OR MORE: 12
MIN 32 OR BELOW: 0 0.50 INCH OR MORE: 4
MIN 0 OR BELOW: 0 1.00 INCH OR MORE: 3
[HDD (BASE 65) ]
TOTAL THIS MO. 0 CLEAR (SCALE 0-3) 14
DPTR FM NORMAL -1 PTCLDY (SCALE 4-7) 16
TOTAL FM JUL 1 0 CLOUDY (SCALE 8-10) 1
DPTR FM NORMAL 0
[CDD (BASE 65) ]
TOTAL THIS MO. 321
DPTR FM NORMAL 20 [PRESSURE DATA]
TOTAL FM JAN 1 621 HIGHEST SLP 30.21 ON 30
DPTR FM NORMAL 27 LOWEST SLP 29.67 ON 20
[REMARKS]
#FINAL-07-22#