000
CXUS51 KRLX 011241
CF6PKB
PRELIMINARY LOCAL CLIMATOLOGICAL DATA (WS FORM: F-6)
STATION: PARKERSBURG WV
MONTH: JANUARY
YEAR: 2024
LATITUDE: 39 20 N
LONGITUDE: 81 26 W
TEMPERATURE IN F: :PCPN: SNOW: WIND :SUNSHINE: SKY :PK WND
================================================================================
1 2 3 4 5 6A 6B 7 8 9 10 11 12 13 14 15 16 17 18
12Z AVG MX 2MIN
DY MAX MIN AVG DEP HDD CDD WTR SNW DPTH SPD SPD DIR MIN PSBL S-S WX SPD DR
================================================================================
1 35 31 33 0 32 0 0.01 M M 5.6 14 280 M M 10 1 19 270
2 38 32 35 2 30 0 0.00 M M 5.4 13 260 M M 10 18 290
3 42 26 34 1 31 0 0.00 M M 4.5 14 210 M M 3 17 200
4 38 21 30 -3 35 0 0.01 M M 6.0 15 290 M M 8 1 20 280
5 42 16 29 -4 36 0 0.00 M M 0.9 6 30 M M 0 1 9 50
6 40 29 35 3 30 0 0.43 M M 3.5 10 290 M M 8 1 16 280
7 39 35 37 5 28 0 0.07 M M 7.6 20 300 M M 10 1 26 270
8 41 27 34 2 31 0 0.00 M M 4.0 12 80 M M 4 1 17 90
9 53 34 44 12 21 0 1.26 M M 9.3 24 260 M M 9 1 38 260
10 42 34 38 6 27 0 0.03 M M 10.6 25 230 M M 10 1 38 220
11 50 30 40 8 25 0 0.00 M M 7.2 18 230 M M 3 26 230
12 50 28 39 7 26 0 0.24 M M 7.3 23 160 M M 5 1 32 150
13 49 28 39 7 26 0 0.04 M M 11.5 26 260 M M 10 1 40 250
14 30 14 22 -10 43 0 T M M 9.7 20 280 M M 5 1 31 290
15 24 14 19 -13 46 0 0.04 M M 1.5 9 320 M M 10 18 12 200
16 18 7 13 -19 52 0 0.01 M M 6.2 15 290 M M 8 18 22 290
17 22 5 14 -18 51 0 0.00 M M 9.4 20 210 M M 2 26 200
18 32 19 26 -6 39 0 0.00 M M 4.2 10 230 M M 6 15 200
19 28 17 23 -9 42 0 0.15 M M 7.6 22 300 M M 10 18 30 290
20 19 10 15 -17 50 0 T M M 8.9 16 280 M M 9 22 300
21 26 8 17 -15 48 0 T M M 3.6 9 210 M M 7 13 260
22 42 4 23 -9 42 0 0.00 M M 3.4 14 200 M M 1 1 17 200
23 45 29 37 5 28 0 0.01 M M 1.0 5 120 M M 6 7 90
24 56 37 47 15 18 0 0.97 M M 2.2 5 110 M M 9 1 7 190
25 62 42 52 20 13 0 0.56 M M 3.8 16 180 M M 10 1 24 170
26 64 47 56 24 9 0 T M M 8.4 16 250 M M 8 25 230
27 50 45 48 16 17 0 0.34 M M 4.2 15 70 M M 10 1 21 70
28 49 35 42 10 23 0 0.69 M M 8.6 17 60 M M 10 13 28 310
29 38 33 36 4 29 0 0.01 M M 5.8 13 300 M M 10 18 20 330
30 42 34 38 6 27 0 0.05 M M 4.0 10 150 M M 10 15 220
31 40 36 38 6 27 0 0.02 M M 3.1 9 260 M M 10 1 14 250
================================================================================
SM 1246 807 982 0 4.94 M 179.0 M 231
================================================================================
AV 40.2 26.0 5.8 FASTST M M 7 MAX(MPH)
MISC ----> 26 260 40 250
================================================================================
NOTES:
# LAST OF SEVERAL OCCURRENCES
COLUMN 17 PEAK WIND IN M.P.H.
PRELIMINARY LOCAL CLIMATOLOGICAL DATA (WS FORM: F-6) , PAGE 2
STATION: PARKERSBURG WV
MONTH: JANUARY
YEAR: 2024
LATITUDE: 39 20 N
LONGITUDE: 81 26 W
[TEMPERATURE DATA] [PRECIPITATION DATA] SYMBOLS USED IN COLUMN 16
AVERAGE MONTHLY: 33.1 TOTAL FOR MONTH: 4.94 1 = FOG OR MIST
DPTR FM NORMAL: 1.1 DPTR FM NORMAL: 1.67 2 = FOG REDUCING VISIBILITY
HIGHEST: 64 ON 26 GRTST 24HR 1.26 ON 9- 9 TO 1/4 MILE OR LESS
LOWEST: 4 ON 22 3 = THUNDER
SNOW, ICE PELLETS, HAIL 4 = ICE PELLETS
TOTAL MONTH: M 5 = HAIL
GRTST 24HR M ON M 6 = FREEZING RAIN OR DRIZZLE
GRTST DEPTH: M ON M 7 = DUSTSTORM OR SANDSTORM:
VSBY 1/2 MILE OR LESS
8 = SMOKE OR HAZE
[NO. OF DAYS WITH] [WEATHER - DAYS WITH] 9 = BLOWING SNOW
X = TORNADO
MAX 32 OR BELOW: 8 0.01 INCH OR MORE: 19
MAX 90 OR ABOVE: 0 0.10 INCH OR MORE: 8
MIN 32 OR BELOW: 20 0.50 INCH OR MORE: 4
MIN 0 OR BELOW: 0 1.00 INCH OR MORE: 1
[HDD (BASE 65) ]
TOTAL THIS MO. 982 CLEAR (SCALE 0-3) 4
DPTR FM NORMAL -42 PTCLDY (SCALE 4-7) 9
TOTAL FM JUL 1 2576 CLOUDY (SCALE 8-10) 18
DPTR FM NORMAL -329
[CDD (BASE 65) ]
TOTAL THIS MO. 0
DPTR FM NORMAL 0 [PRESSURE DATA]
TOTAL FM JAN 1 0 HIGHEST SLP 30.73 ON 21
DPTR FM NORMAL 0 LOWEST SLP 29.03 ON 9
[REMARKS]
#FINAL-01-24#