000
CXUS56 KLOX 011155
CF6PMD
PRELIMINARY LOCAL CLIMATOLOGICAL DATA (WS FORM: F-6)
STATION: PALMDALE AIRPORT CA
MONTH: SEPTEMBER
YEAR: 2021
LATITUDE: 34 37 N
LONGITUDE: 118 5 W
TEMPERATURE IN F: :PCPN: SNOW: WIND :SUNSHINE: SKY :PK WND
================================================================================
1 2 3 4 5 6A 6B 7 8 9 10 11 12 13 14 15 16 17 18
12Z AVG MX 2MIN
DY MAX MIN AVG DEP HDD CDD WTR SNW DPTH SPD SPD DIR MIN PSBL S-S WX SPD DR
================================================================================
1 89 65 77 -3 0 12 0.00 M M 15.6 26 220 M M 0 31 220
2 93 59 76 -3 0 11 0.00 M M 10.0 22 230 M M 0 25 200
3 93 56 75 -4 0 10 0.00 M M 9.5 23 210 M M 0 28 220
4 96 57 77 -2 0 12 0.00 M M 5.2 15 260 M M 0 19 230
5 101 60 81 3 0 16 0.00 M M 5.5 18 230 M M 0 21 230
6 106 69 88 10 0 23 0.00 M M 7.6 17 230 M M 0 21 230
7 106 71 89 11 0 24 0.00 M M 7.4 22 220 M M 0 27 220
8 106 71 89 11 0 24 T M M 7.0 24 200 M M 0 27 200
9 103 72 88 10 0 23 0.00 M M 8.5 26 190 M M 1 33 180
10 99 71 85 8 0 20 T M M 9.7 24 230 M M 1 3 31 240
11 96 67 82 5 0 17 0.00 M M 10.0 25 220 M M 0 32 230
12 97 61 79 2 0 14 0.00 M M 8.9 23 220 M M 0 32 230
13 98 61 80 4 0 15 0.00 M M 10.4 25 260 M M 0 32 250
14 95 60 78 2 0 13 0.00 M M 7.7 21 260 M M 0 26 250
15 94 59 77 1 0 12 0.00 M M 9.5 24 250 M M 0 28 250
16 90 62 76 1 0 11 0.00 M M 13.6 24 230 M M 0 30 230
17 91 54 73 -2 0 8 0.00 M M 6.6 21 200 M M 0 24 200
18 89 54 72 -3 0 7 0.00 M M 8.2 23 210 M M 0 29 240
19 83 55 69 -5 0 4 0.00 M M 17.2 35 280 M M 0 40 280
20 91 55 73 -1 0 8 0.00 M M 7.1 22 50 M M 0 8 27 50
21 94 55 75 1 0 10 0.00 M M 4.6 13 20 M M 0 21 20
22 96 60 78 5 0 13 0.00 M M 9.7 28 230 M M 0 33 250
23 89 66 78 5 0 13 0.00 M M 5.8 13 220 M M 1 8 15 220
24 94 58 76 4 0 11 0.00 M M 6.4 28 190 M M 0 8 32 160
25 93 63 78 6 0 13 0.00 M M 8.6 22 230 M M 1 26 220
26 89 64 77 5 0 12 0.00 M M 10.4 21 220 M M 0 8 25 210
27 88 62 75 4 0 10 0.00 M M 13.0 28 270 M M 0 34 270
28 74 57 66 -5 0 1 0.00 M M 17.3 30 270 M M 1 36 260
29 81 52 67 -3 0 2 0.00 M M 5.9 15 20 M M 0 18 360
30 84 44 64 -6 1 0 0.00 M M 6.9 20 40 M M 0 28 40
================================================================================
SM 2798 1820 1 369 T M 273.8 M 5
================================================================================
AV 93.3 60.7 9.1 FASTST M M 0 MAX(MPH)
MISC ----> 35 280 40 280
================================================================================
NOTES:
# LAST OF SEVERAL OCCURRENCES
COLUMN 17 PEAK WIND IN M.P.H.
PRELIMINARY LOCAL CLIMATOLOGICAL DATA (WS FORM: F-6) , PAGE 2
STATION: PALMDALE AIRPORT CA
MONTH: SEPTEMBER
YEAR: 2021
LATITUDE: 34 37 N
LONGITUDE: 118 5 W
[TEMPERATURE DATA] [PRECIPITATION DATA] SYMBOLS USED IN COLUMN 16
AVERAGE MONTHLY: 77.0 TOTAL FOR MONTH: T 1 = FOG OR MIST
DPTR FM NORMAL: 1.8 DPTR FM NORMAL: -0.16 2 = FOG REDUCING VISIBILITY
HIGHEST: 106 ON 8, 7 GRTST 24HR T ON 8- 8 TO 1/4 MILE OR LESS
LOWEST: 44 ON 30 3 = THUNDER
SNOW, ICE PELLETS, HAIL 4 = ICE PELLETS
TOTAL MONTH: M 5 = HAIL
GRTST 24HR M ON M 6 = FREEZING RAIN OR DRIZZLE
GRTST DEPTH: M ON M 7 = DUSTSTORM OR SANDSTORM:
VSBY 1/2 MILE OR LESS
8 = SMOKE OR HAZE
[NO. OF DAYS WITH] [WEATHER - DAYS WITH] 9 = BLOWING SNOW
X = TORNADO
MAX 32 OR BELOW: 0 0.01 INCH OR MORE: 0
MAX 90 OR ABOVE: 21 0.10 INCH OR MORE: 0
MIN 32 OR BELOW: 0 0.50 INCH OR MORE: 0
MIN 0 OR BELOW: 0 1.00 INCH OR MORE: 0
[HDD (BASE 65) ]
TOTAL THIS MO. 1 CLEAR (SCALE 0-3) 30
DPTR FM NORMAL -7 PTCLDY (SCALE 4-7) 0
TOTAL FM JUL 1 1 CLOUDY (SCALE 8-10) 0
DPTR FM NORMAL -5
[CDD (BASE 65) ]
TOTAL THIS MO. 369
DPTR FM NORMAL 55 [PRESSURE DATA]
TOTAL FM JAN 1 2367 HIGHEST SLP 30.19 ON 21
DPTR FM NORMAL 497 LOWEST SLP 29.68 ON 1
[REMARKS]
#FINAL-09-21#