000
CXUS52 KMFL 011030
CF6PMP
PRELIMINARY LOCAL CLIMATOLOGICAL DATA (WS FORM: F-6)
STATION: POMPANO BEACH ARPK
MONTH: MARCH
YEAR: 2023
LATITUDE: 26 14 N
LONGITUDE: 80 7 W
TEMPERATURE IN F: :PCPN: SNOW: WIND :SUNSHINE: SKY :PK WND
================================================================================
1 2 3 4 5 6A 6B 7 8 9 10 11 12 13 14 15 16 17 18
12Z AVG MX 2MIN
DY MAX MIN AVG DEP HDD CDD WTR SNW DPTH SPD SPD DIR MIN PSBL S-S WX SPD DR
================================================================================
1 82 61 72 1 0 7 0.00 M M 5.9 16 150 M M 0 18 20 160
2 85 63 74 3 0 9 0.00 M M 9.0 21 130 M M 1 25 140
3 88 76 82 11 0 17 0.00 0.0 0 12.1 26 160 M M 2 33 160
4 91 75 83 11 0 18 0.00 0.0 0 8.7 18 250 M M 3 23 200
5 86 66 76 4 0 11 0.00 0.0 0 5.0 14 80 M M 0 17 80
6 89 72 81 9 0 16 0.00 0.0 0 5.3 15 150 M M 2 17 150
7 88 69 79 7 0 14 0.00 0.0 0 4.9 13 70 M M 2 22 10
8 86 71 79 7 0 14 0.00 0.0 0 10.7 20 50 M M 2 26 50
9 80 72 76 4 0 11 0.00 0.0 0 10.5 16 70 M M 3 22 60
10 82 71 77 5 0 12 0.00 M M 10.2 22 150 M M 1 27 150
11 89 70 80 8 0 15 0.00 M M 9.6 17 280 M M 3 23 280
12 M M M M M M 0.00 M M M M M M M M M M
13 92 72 82 10 0 17 0.00 0.0 0 11.0 24 250 M M 1 32 230
14 81 70 76 4 0 11 0.00 0.0 0 9.7 17 40 M M 4 1 23 30
15 77 65 71 -1 0 6 T 0.0 0 10.1 21 360 M M 6 28 20
16 77 60 69 -3 0 4 0.00 0.0 0 11.2 17 90 M M 6 23 40
17 81 70 76 4 0 11 0.00 0.0 0 12.5 20 130 M M 3 26 130
18 85 65 75 2 0 10 0.00 0.0 0 9.2 23 160 M M 1 29 150
19 79 63 71 -2 0 6 0.14 M M 9.7 20 40 M M 5 22 330
20 75 59 67 -6 0 2 0.13 0.0 0 12.4 20 40 M M 9 1 25 340
21 78 60 69 -4 0 4 0.00 M M 9.8 16 80 M M 4 21 80
22 81 72 77 4 0 12 0.01 0.0 M 11.6 20 100 M M 5 23 100
23 81 73 77 4 0 12 0.00 0.0 0 11.8 17 90 M M 3 25 70
24 83 73 78 5 0 13 0.00 0.0 0 11.7 18 140 M M 3 24 120
25 85 75 80 7 0 15 0.00 0.0 0 11.3 22 150 M M 3 27 150
26 86 76 81 7 0 16 0.00 0.0 0 11.1 17 130 M M 2 23 130
27 86 72 79 5 0 14 0.02 0.0 0 10.6 21 140 M M 4 30 140
28 87 72 80 6 0 15 1.83 0.0 0 6.9 26 130 M M 8 13 35 150
29 84 71 78 4 0 13 0.44 0.0 0 6.4 16 30 M M 5 13 21 40
30 81 71 76 2 0 11 0.45 0.0 0 11.8 21 100 M M 8 13 27 100
31 84 74 79 5 0 14 0.00 0.0 0 15.3 22 100 M M 3 28 100
================================================================================
SM 2509 2079 0 350 3.02 0.0 296.0 M 102
================================================================================
AV 83.6 69.3 9.9 FASTST M M 3 MAX(MPH)
MISC ----> # 26 160 35 150
================================================================================
NOTES:
# LAST OF SEVERAL OCCURRENCES
COLUMN 17 PEAK WIND IN M.P.H.
PRELIMINARY LOCAL CLIMATOLOGICAL DATA (WS FORM: F-6) , PAGE 2
STATION: POMPANO BEACH ARPK
MONTH: MARCH
YEAR: 2023
LATITUDE: 26 14 N
LONGITUDE: 80 7 W
[TEMPERATURE DATA] [PRECIPITATION DATA] SYMBOLS USED IN COLUMN 16
AVERAGE MONTHLY: 76.5 TOTAL FOR MONTH: 3.02 1 = FOG OR MIST
DPTR FM NORMAL: 3.9 DPTR FM NORMAL: 0.12 2 = FOG REDUCING VISIBILITY
HIGHEST: 92 ON 13 GRTST 24HR 2.12 ON 28-29 TO 1/4 MILE OR LESS
LOWEST: 59 ON 20 3 = THUNDER
SNOW, ICE PELLETS, HAIL 4 = ICE PELLETS
TOTAL MONTH: 0.0 INCH 5 = HAIL
GRTST 24HR 0.0 6 = FREEZING RAIN OR DRIZZLE
GRTST DEPTH: 0 7 = DUSTSTORM OR SANDSTORM:
VSBY 1/2 MILE OR LESS
8 = SMOKE OR HAZE
[NO. OF DAYS WITH] [WEATHER - DAYS WITH] 9 = BLOWING SNOW
X = TORNADO
MAX 32 OR BELOW: 0 0.01 INCH OR MORE: 7
MAX 90 OR ABOVE: 2 0.10 INCH OR MORE: 5
MIN 32 OR BELOW: 0 0.50 INCH OR MORE: 1
MIN 0 OR BELOW: 0 1.00 INCH OR MORE: 1
[HDD (BASE 65) ]
TOTAL THIS MO. 0 CLEAR (SCALE 0-3) 15
DPTR FM NORMAL -12 PTCLDY (SCALE 4-7) 14
TOTAL FM JUL 1 72 CLOUDY (SCALE 8-10) 2
DPTR FM NORMAL -57
[CDD (BASE 65) ]
TOTAL THIS MO. 350
DPTR FM NORMAL 104 [PRESSURE DATA]
TOTAL FM JAN 1 887 HIGHEST SLP 30.28 ON 22
DPTR FM NORMAL 308 LOWEST SLP 29.82 ON 3
[REMARKS]
#FINAL-03-23#