000
CXUS52 KMFL 011030
CF6PMP
PRELIMINARY LOCAL CLIMATOLOGICAL DATA (WS FORM: F-6)
STATION: POMPANO BEACH ARPK
MONTH: AUGUST
YEAR: 2022
LATITUDE: 26 14 N
LONGITUDE: 80 7 W
TEMPERATURE IN F: :PCPN: SNOW: WIND :SUNSHINE: SKY :PK WND
================================================================================
1 2 3 4 5 6A 6B 7 8 9 10 11 12 13 14 15 16 17 18
12Z AVG MX 2MIN
DY MAX MIN AVG DEP HDD CDD WTR SNW DPTH SPD SPD DIR MIN PSBL S-S WX SPD DR
================================================================================
1 92 81 87 3 0 22 T 0.0 0 10.7 18 150 M M 3 3 24 120
2 92 76 84 0 0 19 T 0.0 0 8.0 26 320 M M 3 3 33 320
3 93 76 85 1 0 20 0.00 0.0 0 7.4 15 100 M M 2 18 110
4 92 82 87 3 0 22 0.05 M M 10.3 18 100 M M 3 22 100
5 92 82 87 3 0 22 T 0.0 0 11.2 20 130 M M 3 25 130
6 92 79 86 2 0 21 0.09 0.0 0 12.9 29 50 M M 3 35 50
7 89 78 84 0 0 19 0.55 0.0 0 11.5 29 90 M M 3 3 39 90
8 90 81 86 2 0 21 T 0.0 0 11.0 16 110 M M 3 3 20 90
9 92 83 88 4 0 23 T 0.0 0 12.6 20 110 M M 5 3 26 120
10 91 83 87 3 0 22 0.00 0.0 0 11.2 17 110 M M 2 21 110
11 91 82 87 3 0 22 0.00 M M 9.6 14 120 M M 3 18 70
12 89 78 84 0 0 19 0.37 M M 8.5 29 130 M M 3 35 130
13 90 76 83 -1 0 18 0.02 0.0 0 4.1 14 300 M M 2 3 18 300
14 90 74 82 -2 0 17 0.01 0.0 0 5.5 17 210 M M 3 3 20 210
15 90 76 83 -1 0 18 0.02 0.0 M 4.8 16 210 M M 2 3 20 200
16 92 77 85 1 0 20 0.41 0.0 M 4.8 21 260 M M 3 13 25 260
17 95 78 87 3 0 22 0.06 0.0 M 6.7 20 280 M M 2 23 280
18 94 79 87 3 0 22 0.14 0.0 0 7.8 20 150 M M 3 3 25 150
19 92 79 86 2 0 21 0.00 M M 7.1 16 140 M M 1 3 20 120
20 91 84 88 4 0 23 0.00 0.0 0 10.9 15 100 M M 3 19 100
21 92 81 87 3 0 22 0.16 0.0 0 10.4 15 100 M M 3 19 110
22 91 82 87 3 0 22 0.00 0.0 0 8.5 15 120 M M 3 19 110
23 90 78 84 0 0 19 0.55 0.0 0 6.2 16 100 M M 3 3 20 100
24 91 83 87 3 0 22 0.00 0.0 0 7.0 16 110 M M 3 19 100
25 92 83 88 4 0 23 0.00 0.0 0 7.7 18 140 M M 2 23 150
26 92 81 87 3 0 22 0.00 0.0 0 6.3 18 130 M M 1 3 23 110
27 91 80 86 2 0 21 0.00 0.0 0 5.2 16 130 M M 2 3 19 130
28 91 81 86 2 0 21 T 0.0 0 8.1 17 160 M M 2 3 21 160
29 91 78 85 1 0 20 0.03 0.0 0 9.8 28 140 M M 4 8 36 160
30 93 83 88 4 0 23 0.00 0.0 0 11.0 18 150 M M 3 26 150
31 92 80 86 2 0 21 T 0.0 0 6.1 15 130 M M 3 3 20 140
================================================================================
SM 2835 2474 0 649 2.46 0.0 262.9 M 84
================================================================================
AV 91.5 79.8 8.5 FASTST M M 3 MAX(MPH)
MISC ----> # 29 50 39 90
================================================================================
NOTES:
# LAST OF SEVERAL OCCURRENCES
COLUMN 17 PEAK WIND IN M.P.H.
PRELIMINARY LOCAL CLIMATOLOGICAL DATA (WS FORM: F-6) , PAGE 2
STATION: POMPANO BEACH ARPK
MONTH: AUGUST
YEAR: 2022
LATITUDE: 26 14 N
LONGITUDE: 80 7 W
[TEMPERATURE DATA] [PRECIPITATION DATA] SYMBOLS USED IN COLUMN 16
AVERAGE MONTHLY: 85.6 TOTAL FOR MONTH: 2.46 1 = FOG OR MIST
DPTR FM NORMAL: 1.4 DPTR FM NORMAL: -3.84 2 = FOG REDUCING VISIBILITY
HIGHEST: 95 ON 17 GRTST 24HR 0.57 ON 6- 7 TO 1/4 MILE OR LESS
LOWEST: 74 ON 14 3 = THUNDER
SNOW, ICE PELLETS, HAIL 4 = ICE PELLETS
TOTAL MONTH: 0.0 INCH 5 = HAIL
GRTST 24HR 0.0 6 = FREEZING RAIN OR DRIZZLE
GRTST DEPTH: 0 7 = DUSTSTORM OR SANDSTORM:
VSBY 1/2 MILE OR LESS
8 = SMOKE OR HAZE
[NO. OF DAYS WITH] [WEATHER - DAYS WITH] 9 = BLOWING SNOW
X = TORNADO
MAX 32 OR BELOW: 0 0.01 INCH OR MORE: 13
MAX 90 OR ABOVE: 29 0.10 INCH OR MORE: 6
MIN 32 OR BELOW: 0 0.50 INCH OR MORE: 2
MIN 0 OR BELOW: 0 1.00 INCH OR MORE: 0
[HDD (BASE 65) ]
TOTAL THIS MO. 0 CLEAR (SCALE 0-3) 27
DPTR FM NORMAL 0 PTCLDY (SCALE 4-7) 4
TOTAL FM JUL 1 0 CLOUDY (SCALE 8-10) 0
DPTR FM NORMAL 0
[CDD (BASE 65) ]
TOTAL THIS MO. 649
DPTR FM NORMAL 54 [PRESSURE DATA]
TOTAL FM JAN 1 3531 HIGHEST SLP 30.20 ON 10
DPTR FM NORMAL 435 LOWEST SLP 29.88 ON 27
[REMARKS]
#FINAL-08-22#