000
CXUS54 KOUN 010810
CF6PNC
PRELIMINARY LOCAL CLIMATOLOGICAL DATA (WS FORM: F-6)
STATION: PONCA CITY
MONTH: MAY
YEAR: 2023
LATITUDE: 36 44 N
LONGITUDE: 97 6 W
TEMPERATURE IN F: :PCPN: SNOW: WIND :SUNSHINE: SKY :PK WND
================================================================================
1 2 3 4 5 6A 6B 7 8 9 10 11 12 13 14 15 16 17 18
12Z AVG MX 2MIN
DY MAX MIN AVG DEP HDD CDD WTR SNW DPTH SPD SPD DIR MIN PSBL S-S WX SPD DR
================================================================================
1 70 35 53 -10 12 0 0.00 0.0 M 4.7 16 360 M M 0 20 330
2 74 41 58 -5 7 0 0.00 0.0 M 5.7 14 350 M M 0 21 300
3 77 38 58 -6 7 0 0.00 0.0 M 3.0 10 190 M M 0 16 100
4 70 56 63 -1 2 0 0.01 M M 9.7 20 110 M M 6 3 24 170
5 79 57 68 4 0 3 0.00 M M 11.2 22 160 M M 7 1 29 160
6 96 72 84 19 0 19 0.00 M M 11.4 22 170 M M 1 31 160
7 89 68 79 14 0 14 0.00 M M 11.1 22 160 M M 1 30 160
8 89 66 78 13 0 13 0.00 M M 5.3 13 160 M M 2 12 20 140
9 89 65 77 11 0 12 T M M 12.1 35 20 M M 5 138 42 360
10 86 62 74 8 0 9 0.78 M M 9.5 28 150 M M 2 13 37 100
11 80 62 71 5 0 6 T M M 10.2 21 150 M M 5 26 160
12 90 66 78 11 0 13 1.12 M M 11.1 26 170 M M 5 13 33 170
13 85 64 75 8 0 10 0.24 M M 3.5 14 350 M M 2 13 16 360
14 77 64 71 4 0 6 0.02 M M 4.4 13 20 M M 4 13 15 80
15 70 60 65 -3 0 0 0.02 M M 8.5 16 360 M M 10 13 21 350
16 68 58 63 -5 2 0 0.00 M M 6.3 14 360 M M 10 17 320
17 76 57 67 -1 0 2 0.00 M M 3.8 13 130 M M 5 1 15 130
18 81 55 68 -1 0 3 0.00 M M 3.7 10 150 M M 1 14 160
19 72 51 62 -7 3 0 0.16 M M 7.9 29 10 M M 7 138 35 10
20 73 47 60 -10 5 0 0.00 M M 4.7 15 20 M M 0 1 22 350
21 74 48 61 -9 4 0 0.00 M M 4.2 9 120 M M 0 14 210
22 78 57 68 -2 0 3 0.00 M M 5.7 13 150 M M 4 16 150
23 78 61 70 -1 0 5 0.01 M M 3.3 12 240 M M 7 16 240
24 82 59 71 0 0 6 1.64 0.0 0 6.2 20 130 M M 5 13 22 150
25 79 62 71 0 0 6 0.00 M M 6.1 15 110 M M 2 18 110
26 83 59 71 -1 0 6 0.00 M M 7.3 16 150 M M 0 19 120
27 83 61 72 0 0 7 0.00 0.0 0 8.6 15 140 M M 2 21 140
28 81 63 72 0 0 7 0.00 M M 7.8 17 150 M M 3 21 150
29 84 64 74 1 0 9 0.52 M M 7.5 18 140 M M 3 13 24 140
30 87 65 76 3 0 11 0.00 M M 6.6 16 160 M M 1 23 130
31 87 68 78 5 0 13 0.00 M M 7.5 16 170 M M 1 25 160
================================================================================
SM 2487 1811 42 183 4.52 0.0 218.6 M 101
================================================================================
AV 80.2 58.4 7.1 FASTST M M 3 MAX(MPH)
MISC ----> 35 20 42 360
================================================================================
NOTES:
# LAST OF SEVERAL OCCURRENCES
COLUMN 17 PEAK WIND IN M.P.H.
PRELIMINARY LOCAL CLIMATOLOGICAL DATA (WS FORM: F-6) , PAGE 2
STATION: PONCA CITY
MONTH: MAY
YEAR: 2023
LATITUDE: 36 44 N
LONGITUDE: 97 6 W
[TEMPERATURE DATA] [PRECIPITATION DATA] SYMBOLS USED IN COLUMN 16
AVERAGE MONTHLY: 69.3 TOTAL FOR MONTH: 4.52 1 = FOG OR MIST
DPTR FM NORMAL: 1.2 DPTR FM NORMAL: -0.58 2 = FOG REDUCING VISIBILITY
HIGHEST: 96 ON 6 GRTST 24HR 1.64 ON 24-24 TO 1/4 MILE OR LESS
LOWEST: 35 ON 1 3 = THUNDER
SNOW, ICE PELLETS, HAIL 4 = ICE PELLETS
TOTAL MONTH: 0.0 INCH 5 = HAIL
GRTST 24HR 0.0 6 = FREEZING RAIN OR DRIZZLE
GRTST DEPTH: 0 7 = DUSTSTORM OR SANDSTORM:
VSBY 1/2 MILE OR LESS
8 = SMOKE OR HAZE
[NO. OF DAYS WITH] [WEATHER - DAYS WITH] 9 = BLOWING SNOW
X = TORNADO
MAX 32 OR BELOW: 0 0.01 INCH OR MORE: 10
MAX 90 OR ABOVE: 2 0.10 INCH OR MORE: 6
MIN 32 OR BELOW: 0 0.50 INCH OR MORE: 4
MIN 0 OR BELOW: 0 1.00 INCH OR MORE: 2
[HDD (BASE 65) ]
TOTAL THIS MO. 42 CLEAR (SCALE 0-3) 17
DPTR FM NORMAL -20 PTCLDY (SCALE 4-7) 12
TOTAL FM JUL 1 3724 CLOUDY (SCALE 8-10) 2
DPTR FM NORMAL -231
[CDD (BASE 65) ]
TOTAL THIS MO. 183
DPTR FM NORMAL 25 [PRESSURE DATA]
TOTAL FM JAN 1 241 HIGHEST SLP M ON M
DPTR FM NORMAL 34 LOWEST SLP 29.69 ON 6
[REMARKS]
#FINAL-05-23#