000
CXUS54 KMOB 010729
CLMPNS
CLIMATE REPORT
NATIONAL WEATHER SERVICE MOBILE AL
229 AM CDT THU JUN 01 2023
...................................
...THE PENSACOLA CLIMATE SUMMARY FOR THE MONTH OF MAY 2023...
CLIMATE NORMAL PERIOD: 1991 TO 2020
CLIMATE RECORD PERIOD: 1879 TO 2023
WEATHER OBSERVED NORMAL DEPART LAST YEAR`S
VALUE DATE(S) VALUE FROM VALUE DATE(S)
NORMAL
................................................................
TEMPERATURE (F)
RECORD
HIGH 102 05/27/1953
LOW 44 05/04/1921
05/07/1898
HIGHEST 94 05/15 91 05/11
LOWEST 56 05/02 65 05/07
05/08
05/11
AVG. MAXIMUM 84.9 85.1 -0.2 85.6
AVG. MINIMUM 68.1 66.9 1.2 70.7
MEAN 76.5 76.0 0.5 78.2
DAYS MAX >= 90 2 3.5 -1.5 2
DAYS MAX <= 32 0 0.0 0.0 0
DAYS MIN <= 32 0 0.0 0.0 0
DAYS MIN <= 0 0 0.0 0.0 0
PRECIPITATION (INCHES)
RECORD
MAXIMUM 12.56 1946
MINIMUM 0.04 1898
TOTALS 5.19 3.90 1.29 12.05
DAILY AVG. 0.17 0.13 0.04 0.39
DAYS >= .01 8 7.6 0.4 8
DAYS >= .10 7 5.0 2.0 7
DAYS >= .50 3 2.4 0.6 6
DAYS >= 1.00 3 1.2 1.8 4
GREATEST
24 HR. TOTAL 1.55 05/08 TO 05/08
DEGREE DAYS
HEATING TOTAL 0 1 -1 0
SINCE 7/1 853 1303 -450 1013
COOLING TOTAL 362 342 20 415
SINCE 1/1 864 562 302 710
................................................................
WIND (MPH)
AVERAGE WIND SPEED 6.8
HIGHEST WIND SPEED/DIRECTION 22/250 DATE 05/01
22/170 05/05
HIGHEST GUST SPEED/DIRECTION 33/290 DATE 05/01
SKY COVER
POSSIBLE SUNSHINE (PERCENT)
AVERAGE SKY COVER 0.28
NUMBER OF DAYS FAIR 21
NUMBER OF DAYS PC 8
NUMBER OF DAYS CLOUDY 2
AVERAGE RH (PERCENT) 69
WEATHER CONDITIONS. NUMBER OF DAYS WITH
THUNDERSTORM 11 MIXED PRECIP 0
HEAVY RAIN 7 RAIN 6
LIGHT RAIN 9 FREEZING RAIN 0
LT FREEZING RAIN 0 HAIL 0
HEAVY SNOW 0 SNOW 0
LIGHT SNOW 0 SLEET 0
FOG 10 FOG W/VIS <= 1/4 MILE 2
HAZE 3
- INDICATES NEGATIVE NUMBERS.
R INDICATES RECORD WAS SET OR TIED.
MM INDICATES DATA IS MISSING.
T INDICATES TRACE AMOUNT.
$$