000
CXUS56 KFGZ 010900
CF6PRC
PRELIMINARY LOCAL CLIMATOLOGICAL DATA (WS FORM: F-6)
STATION: PRESCOTT AZ AIRPORT
MONTH: APRIL
YEAR: 2020
LATITUDE: 34 39 N
LONGITUDE: 112 26 W
TEMPERATURE IN F: :PCPN: SNOW: WIND :SUNSHINE: SKY :PK WND
================================================================================
1 2 3 4 5 6A 6B 7 8 9 10 11 12 13 14 15 16 17 18
12Z AVG MX 2MIN
DY MAX MIN AVG DEP HDD CDD WTR SNW DPTH SPD SPD DIR MIN PSBL S-S WX SPD DR
================================================================================
1 67 43 55 6 10 0 0.00 M M 11.6 25 230 M M 0 34 220
2 64 41 53 4 12 0 0.00 M M 12.3 26 230 M M 0 33 230
3 65 32 49 -1 16 0 0.00 M M 7.5 21 230 M M 0 28 240
4 63 35 49 -1 16 0 0.00 M M 8.6 23 190 M M 0 30 190
5 64 40 52 2 13 0 0.00 M M 9.3 22 210 M M 0 29 140
6 63 37 50 0 15 0 0.00 M M 9.9 24 130 M M 0 32 170
7 65 32 49 -1 16 0 0.00 M M 9.1 22 150 M M 0 32 210
8 65 38 52 1 13 0 0.02 M M 11.6 35 160 M M 5 3 46 150
9 56 32 44 -7 21 0 0.00 M M 7.1 17 140 M M 3 21 150
10 58 30 44 -7 21 0 0.00 M M 6.2 17 140 M M 2 23 150
11 57 35 46 -5 19 0 0.01 M M 6.0 21 350 M M 6 26 350
12 60 39 50 -2 15 0 T M M 10.2 26 230 M M 4 32 220
13 56 37 47 -5 18 0 0.64 M M 7.5 29 20 M M 7 13 31 10
14 59 31 45 -7 20 0 0.00 M M 5.4 17 320 M M 0 26 330
15 66 29 48 -4 17 0 0.00 M M 6.8 17 240 M M 0 21 240
16 67 38 53 0 12 0 0.00 M M 9.1 23 230 M M 0 30 220
17 66 38 52 -1 13 0 T M M 12.2 24 140 M M 0 32 130
18 62 36 49 -4 16 0 T M M 7.6 20 230 M M 3 24 260
19 65 39 52 -1 13 0 0.00 M M 6.8 17 240 M M 1 22 230
20 68 43 56 2 9 0 0.00 M M 7.1 21 240 M M 1 35 210
21 62 42 52 -2 13 0 T M M 6.6 25 340 M M 3 3 31 340
22 72 39 56 2 9 0 0.00 M M 9.1 23 10 M M 0 30 10
23 78 44 61 6 4 0 0.00 M M 8.6 24 280 M M 0 31 290
24 79 45 62 7 3 0 0.00 M M 7.8 18 320 M M 0 22 320
25 79 44 62 7 3 0 0.00 M M 4.5 13 360 M M 0 20 40
26 83 49 66 10 0 1 0.00 M M 9.1 23 240 M M 0 29 230
27 81 51 66 10 0 1 0.00 M M 9.5 22 250 M M 0 27 250
28 85 47 66 10 0 1 0.00 M M 5.8 13 360 M M 0 8 16 310
29 87 50 69 13 0 4 0.00 M M 6.7 17 230 M M 0 22 250
30 82 53 68 11 0 3 0.00 M M 8.2 25 230 M M 0 29 230
================================================================================
SM 2044 1189 337 10 0.67 M 247.8 M 35
================================================================================
AV 68.1 39.6 8.3 FASTST M M 1 MAX(MPH)
MISC ----> # 35 160 # 46 150
================================================================================
NOTES:
# LAST OF SEVERAL OCCURRENCES
COLUMN 17 PEAK WIND IN M.P.H.
PRELIMINARY LOCAL CLIMATOLOGICAL DATA (WS FORM: F-6) , PAGE 2
STATION: PRESCOTT AZ AIRPORT
MONTH: APRIL
YEAR: 2020
LATITUDE: 34 39 N
LONGITUDE: 112 26 W
[TEMPERATURE DATA] [PRECIPITATION DATA] SYMBOLS USED IN COLUMN 16
AVERAGE MONTHLY: 53.9 TOTAL FOR MONTH: 0.67 1 = FOG OR MIST
DPTR FM NORMAL: 1.2 DPTR FM NORMAL: 0.17 2 = FOG REDUCING VISIBILITY
HIGHEST: 87 ON 29 GRTST 24HR 0.64 ON 13-13 TO 1/4 MILE OR LESS
LOWEST: 29 ON 15 3 = THUNDER
SNOW, ICE PELLETS, HAIL 4 = ICE PELLETS
TOTAL MONTH: M 5 = HAIL
GRTST 24HR M ON M 6 = FREEZING RAIN OR DRIZZLE
GRTST DEPTH: M ON M 7 = DUSTSTORM OR SANDSTORM:
VSBY 1/2 MILE OR LESS
8 = SMOKE OR HAZE
[NO. OF DAYS WITH] [WEATHER - DAYS WITH] 9 = BLOWING SNOW
X = TORNADO
MAX 32 OR BELOW: 0 0.01 INCH OR MORE: 3
MAX 90 OR ABOVE: 0 0.10 INCH OR MORE: 1
MIN 32 OR BELOW: 6 0.50 INCH OR MORE: 1
MIN 0 OR BELOW: 0 1.00 INCH OR MORE: 0
[HDD (BASE 65) ]
TOTAL THIS MO. 337 CLEAR (SCALE 0-3) 26
DPTR FM NORMAL -35 PTCLDY (SCALE 4-7) 4
TOTAL FM JUL 1 3925 CLOUDY (SCALE 8-10) 0
DPTR FM NORMAL -194
[CDD (BASE 65) ]
TOTAL THIS MO. 10
DPTR FM NORMAL 8 [PRESSURE DATA]
TOTAL FM JAN 1 10 HIGHEST SLP M ON M
DPTR FM NORMAL 8 LOWEST SLP 29.66 ON 2
[REMARKS]
#FINAL-04-20#