000
CXUS54 KFWD 010731
CF6PRX
PRELIMINARY LOCAL CLIMATOLOGICAL DATA (WS FORM: F-6)
STATION: PARIS
MONTH: APRIL
YEAR: 2023
LATITUDE: 33 37 N
LONGITUDE: 95 27 W
TEMPERATURE IN F: :PCPN: SNOW: WIND :SUNSHINE: SKY :PK WND
================================================================================
1 2 3 4 5 6A 6B 7 8 9 10 11 12 13 14 15 16 17 18
12Z AVG MX 2MIN
DY MAX MIN AVG DEP HDD CDD WTR SNW DPTH SPD SPD DIR MIN PSBL S-S WX SPD DR
================================================================================
1 72 51 62 2 3 0 0.00 M M 8.9 18 350 M M 0 24 340
2 78 50 64 4 1 0 0.92 M M 11.8 25 70 M M 6 13 38 340
3 86 60 73 12 0 8 0.00 M M 12.4 20 210 M M 5 1 26 200
4 82 68 75 14 0 10 0.00 M M 14.2 23 170 M M 6 1 30 170
5 76 51 64 3 1 0 0.40 M M 13.4 20 330 M M 5 13 30 200
6 57 47 52 -9 13 0 0.00 M M 9.6 15 70 M M 4 M M
7 61 50 56 -6 9 0 0.00 M M 7.7 15 80 M M 10 M M
8 72 50 61 -1 4 0 0.00 M M 5.0 9 40 M M 5 M M
9 72 50 61 -1 4 0 0.00 M M 8.1 13 90 M M 1 M M
10 73 56 65 3 0 0 0.00 M M 7.2 13 140 M M 6 M M
11 75 50 63 0 2 0 0.00 M M 5.7 13 70 M M 1 M M
12 78 51 65 2 0 0 0.00 M M 5.7 12 160 M M 1 16 160
13 77 54 66 3 0 1 0.00 M M 5.9 10 150 M M 1 M M
14 82 55 69 5 0 4 0.00 M M 10.2 16 140 M M 2 23 140
15 84 51 68 4 0 3 0.00 M M 14.2 25 300 M M 5 32 300
16 69 44 57 -7 8 0 0.00 M M 8.6 21 330 M M 0 28 330
17 78 43 61 -3 4 0 T M M 6.4 14 170 M M 0 M M
18 78 52 65 0 0 0 0.00 M M 13.1 25 160 M M 3 35 160
19 78 61 70 5 0 5 0.00 M M 14.9 24 170 M M 7 31 160
20 78 61 70 5 0 5 0.72 M M 10.6 17 160 M M 9 13 21 170
21 73 53 63 -2 2 0 T M M 8.8 14 40 M M 2 8 22 10
22 68 48 58 -8 7 0 T M M 8.9 17 10 M M 4 24 20
23 58 45 52 -14 13 0 0.07 M M 8.4 15 80 M M 9 18 90
24 68 42 55 -11 10 0 T M M 8.3 14 80 M M 4 18 110
25 60 52 56 -10 9 0 T M M 11.4 18 70 M M 10 21 100
26 61 51 56 -11 9 0 1.23 M M 13.4 22 90 M M 9 13 27 110
27 68 51 60 -7 5 0 T M M 6.8 16 280 M M 8 1 22 280
28 73 47 60 -7 5 0 0.93 M M 6.2 16 310 M M 4 138 21 310
29 69 53 61 -7 4 0 0.01 M M 12.9 21 330 M M 7 1 27 330
30 75 47 61 -7 4 0 0.00 M M 6.5 15 310 M M 0 21 20
================================================================================
SM 2179 1544 117 36 4.28 M 285.5 M 134
================================================================================
AV 72.6 51.5 9.5 FASTST M M 4 MAX(MPH)
MISC ----> # 25 70 38 340
================================================================================
NOTES:
# LAST OF SEVERAL OCCURRENCES
COLUMN 17 PEAK WIND IN M.P.H.
PRELIMINARY LOCAL CLIMATOLOGICAL DATA (WS FORM: F-6) , PAGE 2
STATION: PARIS
MONTH: APRIL
YEAR: 2023
LATITUDE: 33 37 N
LONGITUDE: 95 27 W
[TEMPERATURE DATA] [PRECIPITATION DATA] SYMBOLS USED IN COLUMN 16
AVERAGE MONTHLY: 62.1 TOTAL FOR MONTH: 4.28 1 = FOG OR MIST
DPTR FM NORMAL: -1.9 DPTR FM NORMAL: 0.87 2 = FOG REDUCING VISIBILITY
HIGHEST: 86 ON 3 GRTST 24HR 1.23 ON 25-26 TO 1/4 MILE OR LESS
LOWEST: 42 ON 24 3 = THUNDER
SNOW, ICE PELLETS, HAIL 4 = ICE PELLETS
TOTAL MONTH: M 5 = HAIL
GRTST 24HR M ON M 6 = FREEZING RAIN OR DRIZZLE
GRTST DEPTH: M ON M 7 = DUSTSTORM OR SANDSTORM:
VSBY 1/2 MILE OR LESS
8 = SMOKE OR HAZE
[NO. OF DAYS WITH] [WEATHER - DAYS WITH] 9 = BLOWING SNOW
X = TORNADO
MAX 32 OR BELOW: 0 0.01 INCH OR MORE: 7
MAX 90 OR ABOVE: 0 0.10 INCH OR MORE: 5
MIN 32 OR BELOW: 0 0.50 INCH OR MORE: 4
MIN 0 OR BELOW: 0 1.00 INCH OR MORE: 1
[HDD (BASE 65) ]
TOTAL THIS MO. 117 CLEAR (SCALE 0-3) 11
DPTR FM NORMAL -1 PTCLDY (SCALE 4-7) 14
TOTAL FM JUL 1 2291 CLOUDY (SCALE 8-10) 5
DPTR FM NORMAL -381
[CDD (BASE 65) ]
TOTAL THIS MO. 36
DPTR FM NORMAL -49 [PRESSURE DATA]
TOTAL FM JAN 1 74 HIGHEST SLP 30.33 ON 7
DPTR FM NORMAL -37 LOWEST SLP 29.55 ON 4
[REMARKS]
#FINAL-04-23#