000
CXUS54 KFWD 010730
CF6PRX
PRELIMINARY LOCAL CLIMATOLOGICAL DATA (WS FORM: F-6)
STATION: PARIS
MONTH: OCTOBER
YEAR: 2021
LATITUDE: 33 37 N
LONGITUDE: 95 27 W
TEMPERATURE IN F: :PCPN: SNOW: WIND :SUNSHINE: SKY :PK WND
================================================================================
1 2 3 4 5 6A 6B 7 8 9 10 11 12 13 14 15 16 17 18
12Z AVG MX 2MIN
DY MAX MIN AVG DEP HDD CDD WTR SNW DPTH SPD SPD DIR MIN PSBL S-S WX SPD DR
================================================================================
1 74 65 70 -1 0 5 0.12 M M 3.8 8 120 M M 7 1 M M
2 86 68 77 7 0 12 0.55 M M 5.7 30 270 M M 7 1238 41 280
3 84 63 74 4 0 9 0.00 M M 6.0 14 340 M M 1 17 310
4 85 60 73 3 0 8 0.00 M M 7.5 10 330 M M 0 1 20 310
5 84 56 70 0 0 5 0.00 M M 6.6 14 360 M M 0 18 360
6 85 56 71 2 0 6 0.00 M M 3.8 9 320 M M 0 M M
7 90 56 73 4 0 8 0.00 M M 5.5 10 240 M M 0 16 240
8 92 62 77 9 0 12 0.00 M M 8.8 17 210 M M 0 23 210
9 93 63 78 10 0 13 0.00 M M 10.6 17 180 M M 0 23 200
10 89 67 78 10 0 13 0.81 M M 15.9 32 180 M M 6 138 40 180
11 80 58 69 1 0 4 0.00 M M 8.0 20 240 M M 2 25 240
12 77 57 67 0 0 2 0.52 M M 9.7 15 110 M M 6 13 20 110
13 85 67 76 9 0 11 0.53 M M 11.2 23 280 M M 7 13 37 270
14 85 66 76 9 0 11 0.35 M M 7.4 16 100 M M 7 1 21 120
15 78 52 65 -1 0 0 0.00 M M 10.1 24 330 M M 4 1 31 320
16 71 47 59 -7 6 0 0.00 M M 6.9 14 360 M M 0 20 360
17 75 44 60 -6 5 0 0.00 M M 2.7 7 90 M M 0 M M
18 76 46 61 -4 4 0 0.00 M M 6.5 13 130 M M 0 8 21 130
19 77 51 64 -1 1 0 0.00 M M 9.3 16 140 M M 0 M M
20 82 56 69 4 0 4 0.00 M M 6.2 15 200 M M 5 21 210
21 80 57 69 5 0 4 0.00 M M 7.5 12 360 M M 1 1 M M
22 81 51 66 2 0 1 T M M 7.0 15 130 M M 0 8 M M
23 87 56 72 8 0 7 T M M 9.5 16 200 M M 3 18 23 210
24 84 63 74 11 0 9 0.00 M M 12.5 23 190 M M 4 31 210
25 83 53 68 5 0 3 0.02 M M 6.0 10 80 M M 0 8 M M
26 79 62 71 8 0 6 0.00 M M 13.5 16 130 M M 8 24 140
27 73 56 65 3 0 0 0.84 M M 11.2 21 280 M M 8 1 30 270
28 68 53 61 -1 4 0 T M M 23.0 32 320 M M 8 48 310
29 65 49 57 -5 8 0 0.03 M M 17.4 29 320 M M 3 8 38 320
30 71 42 57 -4 8 0 0.00 M M 5.7 13 280 M M 0 8 M M
31 75 42 59 -2 6 0 0.00 M M 3.3 9 20 M M 0 8 M M
================================================================================
SM 2494 1744 42 153 3.77 M 268.6 M 87
================================================================================
AV 80.5 56.3 8.7 FASTST M M 3 MAX(MPH)
MISC ----> # 32 180 48 310
================================================================================
NOTES:
# LAST OF SEVERAL OCCURRENCES
COLUMN 17 PEAK WIND IN M.P.H.
PRELIMINARY LOCAL CLIMATOLOGICAL DATA (WS FORM: F-6) , PAGE 2
STATION: PARIS
MONTH: OCTOBER
YEAR: 2021
LATITUDE: 33 37 N
LONGITUDE: 95 27 W
[TEMPERATURE DATA] [PRECIPITATION DATA] SYMBOLS USED IN COLUMN 16
AVERAGE MONTHLY: 68.4 TOTAL FOR MONTH: 3.77 1 = FOG OR MIST
DPTR FM NORMAL: 2.5 DPTR FM NORMAL: -1.33 2 = FOG REDUCING VISIBILITY
HIGHEST: 93 ON 9 GRTST 24HR 0.88 ON 13-14 TO 1/4 MILE OR LESS
LOWEST: 42 ON 31,30 3 = THUNDER
SNOW, ICE PELLETS, HAIL 4 = ICE PELLETS
TOTAL MONTH: M 5 = HAIL
GRTST 24HR M ON M 6 = FREEZING RAIN OR DRIZZLE
GRTST DEPTH: M ON M 7 = DUSTSTORM OR SANDSTORM:
VSBY 1/2 MILE OR LESS
8 = SMOKE OR HAZE
[NO. OF DAYS WITH] [WEATHER - DAYS WITH] 9 = BLOWING SNOW
X = TORNADO
MAX 32 OR BELOW: 0 0.01 INCH OR MORE: 9
MAX 90 OR ABOVE: 3 0.10 INCH OR MORE: 7
MIN 32 OR BELOW: 0 0.50 INCH OR MORE: 5
MIN 0 OR BELOW: 0 1.00 INCH OR MORE: 0
[HDD (BASE 65) ]
TOTAL THIS MO. 42 CLEAR (SCALE 0-3) 18
DPTR FM NORMAL -49 PTCLDY (SCALE 4-7) 11
TOTAL FM JUL 1 42 CLOUDY (SCALE 8-10) 2
DPTR FM NORMAL -60
[CDD (BASE 65) ]
TOTAL THIS MO. 153
DPTR FM NORMAL 34 [PRESSURE DATA]
TOTAL FM JAN 1 1925 HIGHEST SLP 30.42 ON 16
DPTR FM NORMAL -595 LOWEST SLP 29.53 ON 27
[REMARKS]
#FINAL-10-21#