201
CXUS54 KFWD 010731
CF6PRX
PRELIMINARY LOCAL CLIMATOLOGICAL DATA (WS FORM: F-6)
STATION: PARIS
MONTH: JULY
YEAR: 2020
LATITUDE: 33 37 N
LONGITUDE: 95 27 W
TEMPERATURE IN F: :PCPN: SNOW: WIND :SUNSHINE: SKY :PK WND
================================================================================
1 2 3 4 5 6A 6B 7 8 9 10 11 12 13 14 15 16 17 18
12Z AVG MX 2MIN
DY MAX MIN AVG DEP HDD CDD WTR SNW DPTH SPD SPD DIR MIN PSBL S-S WX SPD DR
================================================================================
1 93 76 85 2 0 20 0.00 0.0 0 10.3 17 210 M M 5 22 180
2 96 76 86 3 0 21 T 0.0 0 6.5 15 150 M M 5 3 M M
3 96 71 84 1 0 19 0.69 0.0 0 3.9 25 100 M M 0 13 31 100
4 89 70 80 -4 0 15 0.00 0.0 0 4.6 9 170 M M 1 M M
5 89 74 82 -2 0 17 0.00 0.0 0 6.8 13 70 M M 3 1 M M
6 84 74 79 -5 0 14 T 0.0 0 7.1 10 70 M M 7 3 M M
7 89 72 81 -3 0 16 0.00 0.0 0 5.8 14 170 M M 5 M M
8 92 73 83 -1 0 18 0.00 0.0 0 6.5 13 140 M M 5 12 M M
9 94 76 85 1 0 20 0.00 0.0 0 8.0 14 170 M M 3 1 17 170
10 93 75 84 0 0 19 T 0.0 0 4.7 8 150 M M 0 138 M M
11 98 76 87 3 0 22 0.00 0.0 0 7.5 13 180 M M 0 12 18 180
12 96 71 84 0 0 19 0.05 0.0 0 7.3 18 10 M M 2 3 43 10
13 94 74 84 0 0 19 T 0.0 0 8.9 18 120 M M 1 M M
14 96 77 87 3 0 22 0.00 0.0 0 10.5 15 180 M M 0 21 200
15 97 77 87 2 0 22 0.00 0.0 0 9.9 16 200 M M 0 18 210
16 97 76 87 2 0 22 0.00 0.0 0 7.3 12 140 M M 0 M M
17 95 74 85 0 0 20 0.00 0.0 0 7.3 13 150 M M 1 18 18 130
18 94 73 84 -1 0 19 0.00 0.0 0 9.3 15 170 M M 1 1 21 150
19 97 73 85 0 0 20 0.00 0.0 0 6.8 10 150 M M 1 M M
20 95 73 84 -1 0 19 0.00 0.0 0 6.8 18 110 M M 1 3 M M
21 93 72 83 -2 0 18 0.11 0.0 0 8.4 30 120 M M 2 13 35 120
22 88 75 82 -3 0 17 T 0.0 0 6.8 12 90 M M 7 3 M M
23 94 73 84 -1 0 19 0.00 0.0 0 6.8 14 100 M M 3 23 100
24 93 75 84 -1 0 19 0.00 0.0 0 8.9 15 70 M M 2 21 90
25 92 75 84 -1 0 19 0.00 0.0 0 9.1 15 110 M M 6 M M
26 93 73 83 -2 0 18 0.00 0.0 0 7.2 13 80 M M 4 M M
27 93 71 82 -4 0 17 0.00 0.0 0 6.2 9 110 M M 3 1 M M
28 94 73 84 -2 0 19 T 0.0 0 5.3 14 220 M M 1 M M
29 95 75 85 -1 0 20 0.01 0.0 0 9.5 14 190 M M 3 M M
30 98 70 84 -2 0 19 0.56 0.0 0 13.3 18 210 M M 3 13 24 190
31 89 69 79 -7 0 14 0.89 0.0 0 9.5 16 290 M M 4 13 22 300
================================================================================
SM 2896 2282 0 582 2.31 0.0 236.8 M 79
================================================================================
AV 93.4 73.6 7.6 FASTST M M 3 MAX(MPH)
MISC ----> # 30 120 # 43 10
================================================================================
NOTES:
# LAST OF SEVERAL OCCURRENCES
COLUMN 17 PEAK WIND IN M.P.H.
PRELIMINARY LOCAL CLIMATOLOGICAL DATA (WS FORM: F-6) , PAGE 2
STATION: PARIS
MONTH: JULY
YEAR: 2020
LATITUDE: 33 37 N
LONGITUDE: 95 27 W
[TEMPERATURE DATA] [PRECIPITATION DATA] SYMBOLS USED IN COLUMN 16
AVERAGE MONTHLY: 83.5 TOTAL FOR MONTH: 2.31 1 = FOG OR MIST
DPTR FM NORMAL: -1.1 DPTR FM NORMAL: -1.37 2 = FOG REDUCING VISIBILITY
HIGHEST: 98 ON 30,11 GRTST 24HR 0.89 ON 31-31 TO 1/4 MILE OR LESS
LOWEST: 69 ON 31 3 = THUNDER
SNOW, ICE PELLETS, HAIL 4 = ICE PELLETS
TOTAL MONTH: 0.0 INCH 5 = HAIL
GRTST 24HR 0.0 6 = FREEZING RAIN OR DRIZZLE
GRTST DEPTH: 0 7 = DUSTSTORM OR SANDSTORM:
VSBY 1/2 MILE OR LESS
8 = SMOKE OR HAZE
[NO. OF DAYS WITH] [WEATHER - DAYS WITH] 9 = BLOWING SNOW
X = TORNADO
MAX 32 OR BELOW: 0 0.01 INCH OR MORE: 6
MAX 90 OR ABOVE: 25 0.10 INCH OR MORE: 4
MIN 32 OR BELOW: 0 0.50 INCH OR MORE: 3
MIN 0 OR BELOW: 0 1.00 INCH OR MORE: 0
[HDD (BASE 65) ]
TOTAL THIS MO. 0 CLEAR (SCALE 0-3) 20
DPTR FM NORMAL 0 PTCLDY (SCALE 4-7) 11
TOTAL FM JUL 1 0 CLOUDY (SCALE 8-10) 0
DPTR FM NORMAL 0
[CDD (BASE 65) ]
TOTAL THIS MO. 582
DPTR FM NORMAL -26 [PRESSURE DATA]
TOTAL FM JAN 1 1304 HIGHEST SLP 30.16 ON 12
DPTR FM NORMAL -121 LOWEST SLP 29.83 ON 30
[REMARKS]
#FINAL-07-20#