000
CXUS56 KPDT 011910
CF6PSC
PRELIMINARY LOCAL CLIMATOLOGICAL DATA (WS FORM: F-6)
STATION: PASCO WA
MONTH: JANUARY
YEAR: 2021
LATITUDE: 46 16 N
LONGITUDE: 119 7 W
TEMPERATURE IN F: :PCPN: SNOW: WIND :SUNSHINE: SKY :PK WND
================================================================================
1 2 3 4 5 6A 6B 7 8 9 10 11 12 13 14 15 16 17 18
12Z AVG MX 2MIN
DY MAX MIN AVG DEP HDD CDD WTR SNW DPTH SPD SPD DIR MIN PSBL S-S WX SPD DR
================================================================================
1 46 30 38 5 27 0 0.01 M M 5.3 18 300 M M 8 1 23 300
2 55 41 48 15 17 0 T M M 13.5 23 140 M M 6 31 120
3 56 40 48 15 17 0 0.00 M M 12.8 29 260 M M 3 40 250
4 53 40 47 14 18 0 0.13 M M 9.1 26 220 M M 7 1 37 230
5 53 37 45 12 20 0 T M M 8.1 24 220 M M 3 31 230
6 54 41 48 15 17 0 0.10 M M 4.4 17 300 M M 9 1 22 300
7 49 31 40 6 25 0 T M M 4.2 9 320 M M 7 1 12 50
8 41 31 36 2 29 0 0.09 M M 3.2 7 280 M M 6 1 10 140
9 44 32 38 4 27 0 0.00 M M 4.3 8 320 M M 9 12 10 320
10 44 33 39 5 26 0 0.00 M M 1.9 7 130 M M 8 12 9 130
11 42 33 38 4 27 0 T M M 3.5 10 290 M M 9 128 15 270
12 60 38 49 15 16 0 0.04 M M 6.5 26 140 M M 9 1 34 140
13 66 35 51 17 14 0 T M M 16.1 45 280 M M 2 61 270
14 50 28 39 4 26 0 0.00 M M 4.7 14 320 M M 3 17 320
15 47 26 37 2 28 0 T M M 3.8 12 140 M M 5 1 15 140
16 42 24 33 -2 32 0 0.00 M M 4.3 9 100 M M 7 12 11 140
17 53 27 40 5 25 0 T M M 3.5 12 10 M M 3 18 12 10
18 50 23 37 2 28 0 0.00 M M 1.9 8 360 M M 0 18 10 160
19 41 20 31 -4 34 0 0.00 M M 3.1 12 360 M M 2 12 13 360
20 43 26 35 -1 30 0 0.00 M M 2.1 9 160 M M 4 18 10 150
21 39 33 36 0 29 0 0.04 M M 3.4 8 300 M M 10 1 10 290
22 43 23 33 -3 32 0 0.00 M M 6.7 16 340 M M 6 1 21 340
23 42 16 29 -7 36 0 0.00 M M 2.5 8 320 M M 0 10 160
24 36 22 29 -7 36 0 0.03 M M 2.3 8 340 M M 6 1 9 10
25 36 30 33 -3 32 0 0.05 M M 0.9 6 100 M M 10 18 7 300
26 44 32 38 2 27 0 0.00 M M 5.2 12 60 M M 7 1 16 80
27 46 33 40 4 25 0 0.01 M M 5.1 15 300 M M 7 1 22 310
28 48 28 38 2 27 0 T M M 3.7 9 300 M M 6 1 11 310
29 43 29 36 -1 29 0 T M M 1.4 7 10 M M 6 1 8 110
30 50 30 40 3 25 0 0.00 M M 3.8 12 270 M M 7 1 13 280
31 57 34 46 9 19 0 0.01 M M 6.0 20 160 M M 6 1 31 150
================================================================================
SM 1473 946 800 0 0.51 M 157.3 M 181
================================================================================
AV 47.5 30.5 5.1 FASTST M M 6 MAX(MPH)
MISC ----> 45 280 61 270
================================================================================
NOTES:
# LAST OF SEVERAL OCCURRENCES
COLUMN 17 PEAK WIND IN M.P.H.
PRELIMINARY LOCAL CLIMATOLOGICAL DATA (WS FORM: F-6) , PAGE 2
STATION: PASCO WA
MONTH: JANUARY
YEAR: 2021
LATITUDE: 46 16 N
LONGITUDE: 119 7 W
[TEMPERATURE DATA] [PRECIPITATION DATA] SYMBOLS USED IN COLUMN 16
AVERAGE MONTHLY: 39.0 TOTAL FOR MONTH: 0.51 1 = FOG OR MIST
DPTR FM NORMAL: 4.2 DPTR FM NORMAL: -0.71 2 = FOG REDUCING VISIBILITY
HIGHEST: 66 ON 13 GRTST 24HR 0.37 ON 11-12 TO 1/4 MILE OR LESS
LOWEST: 16 ON 23 3 = THUNDER
SNOW, ICE PELLETS, HAIL 4 = ICE PELLETS
TOTAL MONTH: M 5 = HAIL
GRTST 24HR M ON M 6 = FREEZING RAIN OR DRIZZLE
GRTST DEPTH: M ON M 7 = DUSTSTORM OR SANDSTORM:
VSBY 1/2 MILE OR LESS
8 = SMOKE OR HAZE
[NO. OF DAYS WITH] [WEATHER - DAYS WITH] 9 = BLOWING SNOW
X = TORNADO
MAX 32 OR BELOW: 0 0.01 INCH OR MORE: 10
MAX 90 OR ABOVE: 0 0.10 INCH OR MORE: 2
MIN 32 OR BELOW: 19 0.50 INCH OR MORE: 0
MIN 0 OR BELOW: 0 1.00 INCH OR MORE: 0
[HDD (BASE 65) ]
TOTAL THIS MO. 800 CLEAR (SCALE 0-3) 5
DPTR FM NORMAL -134 PTCLDY (SCALE 4-7) 19
TOTAL FM JUL 1 2743 CLOUDY (SCALE 8-10) 7
DPTR FM NORMAL -401
[CDD (BASE 65) ]
TOTAL THIS MO. 0
DPTR FM NORMAL 0 [PRESSURE DATA]
TOTAL FM JAN 1 0 HIGHEST SLP 30.62 ON 19
DPTR FM NORMAL 0 LOWEST SLP 29.53 ON 13
[REMARKS]
#FINAL-01-21#