000
CXUS55 KALY 011719
CF6PSF
PRELIMINARY LOCAL CLIMATOLOGICAL DATA (WS FORM: F-6)
STATION: PITTSFIELD MA
MONTH: MARCH
YEAR: 2020
LATITUDE: 42 25 N
LONGITUDE: 73 18 W
TEMPERATURE IN F: :PCPN: SNOW: WIND :SUNSHINE: SKY :PK WND
================================================================================
1 2 3 4 5 6A 6B 7 8 9 10 11 12 13 14 15 16 17 18
12Z AVG MX 2MIN
DY MAX MIN AVG DEP HDD CDD WTR SNW DPTH SPD SPD DIR MIN PSBL S-S WX SPD DR
================================================================================
1 32 13 23 -4 42 0 T M M 8.4 22 320 M M 3 8 31 300
2 56 21 39 12 26 0 T M M 5.8 20 190 M M 8 24 200
3 58 40 49 21 16 0 0.22 M M 6.9 29 280 M M 8 39 280
4 44 35 40 12 25 0 0.05 M M 16.1 26 280 M M 9 35 280
5 44 27 36 8 29 0 T M M 8.5 26 280 M M 3 36 280
6 46 23 35 7 30 0 T M M 5.3 18 130 M M 5 8 24 120
7 38 21 30 1 35 0 0.00 M M 11.7 23 340 M M 2 35 350
8 53 20 37 8 28 0 0.00 M M 5.6 18 250 M M 1 26 270
9 70 30 50 21 15 0 0.00 M M 5.7 18 240 M M 0 23 260
10 60 37 49 19 16 0 0.12 M M 8.0 26 290 M M 6 1 38 280
11 44 32 38 8 27 0 0.00 M M 6.5 17 290 M M 5 26 290
12 45 34 40 10 25 0 0.01 M M 5.2 14 130 M M 10 18 140
13 57 35 46 15 19 0 0.42 M M 12.3 26 290 M M 7 1 40 300
14 42 33 38 7 27 0 0.00 M M 15.2 28 290 M M 3 39 290
15 43 27 35 4 30 0 0.00 M M 7.8 18 310 M M 3 26 340
16 42 20 31 -1 34 0 0.00 M M 6.5 15 150 M M 1 24 180
17 48 31 40 8 25 0 0.04 M M 9.9 21 300 M M 9 18 30 280
18 50 28 39 7 26 0 T M M 5.0 20 300 M M 1 29 290
19 44 34 39 6 26 0 0.74 M M 6.1 14 60 M M 10 1 18 60
20 65 39 52 19 13 0 0.09 M M 10.4 26 300 M M 8 1 39 290
21 42 26 34 1 31 0 0.00 M M 9.1 31 290 M M 3 43 280
22 42 18 30 -4 35 0 0.00 M M 6.1 17 150 M M 0 27 150
23 32 28 30 -4 35 0 0.47 M M 9.0 18 150 M M 9 1268 24 60
24 40 27 34 0 31 0 T M M 5.7 15 360 M M 8 18 21 310
25 42 25 34 -1 31 0 0.00 M M 3.8 10 120 M M 5 1 16 90
26 56 24 40 5 25 0 0.00 M M 3.5 12 190 M M 1 15 200
27 57 35 46 10 19 0 0.00 M M 9.4 18 300 M M 4 24 290
28 48 26 37 1 28 0 0.38 M M 3.7 12 140 M M 5 1 16 140
29 45 37 41 4 24 0 0.31 M M 9.0 18 110 M M 10 13 28 100
30 40 36 38 1 27 0 0.19 M M 6.3 14 50 M M 10 1 19 50
31 44 31 38 0 27 0 0.02 M M 3.1 12 60 M M 9 1 14 60
================================================================================
SM 1469 893 827 0 3.06 M 235.6 M 166
================================================================================
AV 47.4 28.8 7.6 FASTST M M 5 MAX(MPH)
MISC ----> # 31 290 # 43 280
================================================================================
NOTES:
# LAST OF SEVERAL OCCURRENCES
COLUMN 17 PEAK WIND IN M.P.H.
PRELIMINARY LOCAL CLIMATOLOGICAL DATA (WS FORM: F-6) , PAGE 2
STATION: PITTSFIELD MA
MONTH: MARCH
YEAR: 2020
LATITUDE: 42 25 N
LONGITUDE: 73 18 W
[TEMPERATURE DATA] [PRECIPITATION DATA] SYMBOLS USED IN COLUMN 16
AVERAGE MONTHLY: 38.1 TOTAL FOR MONTH: 3.06 1 = FOG OR MIST
DPTR FM NORMAL: 6.2 DPTR FM NORMAL: -0.31 2 = FOG REDUCING VISIBILITY
HIGHEST: 70 ON 9 GRTST 24HR 0.74 ON 19-19 TO 1/4 MILE OR LESS
LOWEST: 13 ON 1 3 = THUNDER
SNOW, ICE PELLETS, HAIL 4 = ICE PELLETS
TOTAL MONTH: M 5 = HAIL
GRTST 24HR M ON M 6 = FREEZING RAIN OR DRIZZLE
GRTST DEPTH: M ON M 7 = DUSTSTORM OR SANDSTORM:
VSBY 1/2 MILE OR LESS
8 = SMOKE OR HAZE
[NO. OF DAYS WITH] [WEATHER - DAYS WITH] 9 = BLOWING SNOW
X = TORNADO
MAX 32 OR BELOW: 2 0.01 INCH OR MORE: 13
MAX 90 OR ABOVE: 0 0.10 INCH OR MORE: 8
MIN 32 OR BELOW: 20 0.50 INCH OR MORE: 1
MIN 0 OR BELOW: 0 1.00 INCH OR MORE: 0
[HDD (BASE 65) ]
TOTAL THIS MO. 827 CLEAR (SCALE 0-3) 10
DPTR FM NORMAL -200 PTCLDY (SCALE 4-7) 12
TOTAL FM JUL 1 5629 CLOUDY (SCALE 8-10) 9
DPTR FM NORMAL -778
[CDD (BASE 65) ]
TOTAL THIS MO. 0
DPTR FM NORMAL 0 [PRESSURE DATA]
TOTAL FM JAN 1 0 HIGHEST SLP 30.67 ON 22
DPTR FM NORMAL 0 LOWEST SLP 29.30 ON 3
[REMARKS]
#FINAL-03-20#