000
CXUS56 KSGX 011045
CF6PSP
PRELIMINARY LOCAL CLIMATOLOGICAL DATA (WS FORM: F-6)
STATION: PALM SPRINGS INTL AIRPORT CA
MONTH: SEPTEMBER
YEAR: 2022
LATITUDE: 33 49 N
LONGITUDE: 116 30 W
TEMPERATURE IN F: :PCPN: SNOW: WIND :SUNSHINE: SKY :PK WND
================================================================================
1 2 3 4 5 6A 6B 7 8 9 10 11 12 13 14 15 16 17 18
12Z AVG MX 2MIN
DY MAX MIN AVG DEP HDD CDD WTR SNW DPTH SPD SPD DIR MIN PSBL S-S WX SPD DR
================================================================================
1 110 89 100 8 0 35 0.00 M M 5.3 14 90 M M 0 18 80
2 106 88 97 5 0 32 0.00 M M 6.4 16 100 M M 0 21 110
3 109 89 99 7 0 34 0.00 M M 6.3 15 110 M M 0 20 110
4 112 91 102 10 0 37 0.00 M M 5.5 23 320 M M 0 28 320
5 113 92 103 12 0 38 0.00 M M 5.9 14 120 M M 0 17 150
6 114 88 101 10 0 36 0.00 M M 8.1 16 70 M M 0 22 70
7 106 87 97 6 0 32 0.00 M M 7.2 15 120 M M 0 22 160
8 108 85 97 7 0 32 0.00 M M 5.5 15 110 M M 0 17 330
9 91 74 83 -7 0 18 0.50 M M 5.8 23 120 M M 6 18 28 110
10 87 73 80 -10 0 15 0.03 M M 2.4 8 130 M M 6 1 12 130
11 98 77 88 -2 0 23 T M M 5.8 30 100 M M 1 3 38 110
12 91 77 84 -5 0 19 T M M 3.9 14 320 M M 1 16 320
13 97 78 88 -1 0 23 0.00 M M 7.3 22 320 M M 0 28 320
14 98 77 88 -1 0 23 0.00 M M 8.9 21 320 M M 2 27 330
15 97 71 84 -4 0 19 0.00 M M 7.7 22 320 M M 0 25 310
16 98 69 84 -4 0 19 0.00 M M 4.5 21 320 M M 0 24 330
17 97 70 84 -4 0 19 0.00 M M 7.2 23 320 M M 0 28 310
18 96 67 82 -6 0 17 0.00 M M 5.9 24 320 M M 0 28 320
19 97 65 81 -6 0 16 0.00 M M 4.6 22 330 M M 0 26 320
20 99 67 83 -4 0 18 0.00 M M 5.2 16 320 M M 0 19 320
21 98 71 85 -1 0 20 0.00 M M 6.1 23 320 M M 0 27 330
22 100 66 83 -3 0 18 0.00 M M 3.6 10 340 M M 0 8 17 130
23 102 77 90 4 0 25 0.00 M M 6.0 16 350 M M 0 20 340
24 107 79 93 8 0 28 0.00 M M 4.8 14 320 M M 0 19 100
25 109 81 95 10 0 30 0.00 M M 3.7 14 320 M M 0 3 16 320
26 111 83 97 12 0 32 0.00 M M 4.7 13 350 M M 0 14 330
27 108 79 94 10 0 29 0.00 M M 7.3 14 80 M M 0 21 80
28 100 83 92 8 0 27 0.00 M M M M 330 M M M 3 M M
29 100 80 90 6 0 25 0.00 M M 4.7 15 110 M M 0 24 110
30 101 75 88 5 0 23 0.00 M M 5.9 17 320 M M 0 23 320
================================================================================
SM 3060 2348 0 762 0.53 M 166.2 M 16
================================================================================
AV102.0 78.3 5.7 FASTST M M 1 MAX(MPH)
MISC ----> 30 100 38 110
================================================================================
NOTES:
# LAST OF SEVERAL OCCURRENCES
COLUMN 17 PEAK WIND IN M.P.H.
PRELIMINARY LOCAL CLIMATOLOGICAL DATA (WS FORM: F-6) , PAGE 2
STATION: PALM SPRINGS INTL AIRPORT CA
MONTH: SEPTEMBER
YEAR: 2022
LATITUDE: 33 49 N
LONGITUDE: 116 30 W
[TEMPERATURE DATA] [PRECIPITATION DATA] SYMBOLS USED IN COLUMN 16
AVERAGE MONTHLY: 90.1 TOTAL FOR MONTH: 0.53 1 = FOG OR MIST
DPTR FM NORMAL: 2.0 DPTR FM NORMAL: 0.29 2 = FOG REDUCING VISIBILITY
HIGHEST: 114 ON 6 GRTST 24HR 0.53 ON 9-10 TO 1/4 MILE OR LESS
LOWEST: 65 ON 19 3 = THUNDER
SNOW, ICE PELLETS, HAIL 4 = ICE PELLETS
TOTAL MONTH: M 5 = HAIL
GRTST 24HR M ON M 6 = FREEZING RAIN OR DRIZZLE
GRTST DEPTH: M ON M 7 = DUSTSTORM OR SANDSTORM:
VSBY 1/2 MILE OR LESS
8 = SMOKE OR HAZE
[NO. OF DAYS WITH] [WEATHER - DAYS WITH] 9 = BLOWING SNOW
X = TORNADO
MAX 32 OR BELOW: 0 0.01 INCH OR MORE: 2
MAX 90 OR ABOVE: 29 0.10 INCH OR MORE: 1
MIN 32 OR BELOW: 0 0.50 INCH OR MORE: 1
MIN 0 OR BELOW: 0 1.00 INCH OR MORE: 0
[HDD (BASE 65) ]
TOTAL THIS MO. 0 CLEAR (SCALE 0-3) 27
DPTR FM NORMAL 0 PTCLDY (SCALE 4-7) 2
TOTAL FM JUL 1 0 CLOUDY (SCALE 8-10) 1
DPTR FM NORMAL 0
[CDD (BASE 65) ]
TOTAL THIS MO. 762
DPTR FM NORMAL 69 [PRESSURE DATA]
TOTAL FM JAN 1 4684 HIGHEST SLP 30.01 ON 7
DPTR FM NORMAL 591 LOWEST SLP 29.57 ON 8
[REMARKS]
#FINAL-09-22#