000
CXUS56 KSGX 011045
CF6PSP
PRELIMINARY LOCAL CLIMATOLOGICAL DATA (WS FORM: F-6)
STATION: PALM SPRINGS INTL AIRPORT CA
MONTH: APRIL
YEAR: 2022
LATITUDE: 33 49 N
LONGITUDE: 116 30 W
TEMPERATURE IN F: :PCPN: SNOW: WIND :SUNSHINE: SKY :PK WND
================================================================================
1 2 3 4 5 6A 6B 7 8 9 10 11 12 13 14 15 16 17 18
12Z AVG MX 2MIN
DY MAX MIN AVG DEP HDD CDD WTR SNW DPTH SPD SPD DIR MIN PSBL S-S WX SPD DR
================================================================================
1 89 59 74 4 0 9 0.00 M M 5.8 16 320 M M 0 20 310
2 86 60 73 3 0 8 0.00 M M 6.3 17 320 M M 0 21 320
3 81 63 72 2 0 7 0.00 M M 9.6 21 330 M M 1 26 300
4 91 60 76 5 0 11 0.00 M M 2.4 13 330 M M 0 15 340
5 94 64 79 8 0 14 0.00 M M 2.4 9 120 M M 0 12 100
6 99 64 82 11 0 17 0.00 M M 6.6 17 360 M M 0 24 10
7 99 70 85 14 0 20 0.00 M M 6.0 15 10 M M 0 21 280
8 101 70 86 15 0 21 0.00 M M 5.2 14 330 M M 0 16 340
9 100 69 85 13 0 20 0.00 M M 5.4 26 330 M M 0 32 320
10 90 65 78 6 0 13 0.00 M M 10.3 32 320 M M 0 40 330
11 82 62 72 0 0 7 0.00 M M 10.4 32 330 M M 0 49 310
12 76 58 67 -5 0 2 0.00 M M 8.5 31 340 M M 0 40 330
13 78 51 65 -7 0 0 0.00 M M 3.9 14 330 M M 0 19 320
14 86 55 71 -1 0 6 0.00 M M 5.5 23 320 M M 0 30 310
15 88 56 72 -1 0 7 0.00 M M 8.2 23 320 M M 0 29 320
16 89 62 76 3 0 11 0.00 M M 11.1 30 320 M M 0 39 320
17 93 57 75 2 0 10 0.00 M M 3.5 13 300 M M 0 19 310
18 100 65 83 10 0 18 0.00 M M 6.7 29 320 M M 0 36 330
19 96 66 81 7 0 16 0.00 M M 9.1 35 340 M M 0 43 350
20 88 62 75 1 0 10 0.00 M M 10.6 31 330 M M 0 37 320
21 88 59 74 0 0 9 0.00 M M 8.6 26 330 M M 0 33 340
22 76 56 66 -8 0 1 0.02 M M 13.0 36 330 M M 2 42 330
23 86 56 71 -3 0 6 0.00 M M 6.2 16 10 M M 0 24 340
24 89 62 76 1 0 11 0.00 M M 5.8 18 20 M M 0 24 350
25 92 63 78 3 0 13 0.00 M M 6.3 14 330 M M 0 17 340
26 98 67 83 8 0 18 0.00 M M 6.5 25 320 M M 0 33 310
27 93 67 80 5 0 15 0.00 M M 8.9 26 330 M M 0 32 320
28 87 64 76 0 0 11 0.00 M M 14.1 30 320 M M 0 39 310
29 94 59 77 1 0 12 0.00 M M 5.0 21 310 M M 0 29 310
30 99 66 83 7 0 18 0.00 M M 6.2 24 320 M M 0 29 320
================================================================================
SM 2708 1857 0 341 0.02 M 218.1 M 3
================================================================================
AV 90.3 61.9 7.3 FASTST M M 0 MAX(MPH)
MISC ----> 36 330 49 310
================================================================================
NOTES:
# LAST OF SEVERAL OCCURRENCES
COLUMN 17 PEAK WIND IN M.P.H.
PRELIMINARY LOCAL CLIMATOLOGICAL DATA (WS FORM: F-6) , PAGE 2
STATION: PALM SPRINGS INTL AIRPORT CA
MONTH: APRIL
YEAR: 2022
LATITUDE: 33 49 N
LONGITUDE: 116 30 W
[TEMPERATURE DATA] [PRECIPITATION DATA] SYMBOLS USED IN COLUMN 16
AVERAGE MONTHLY: 76.1 TOTAL FOR MONTH: 0.02 1 = FOG OR MIST
DPTR FM NORMAL: 3.2 DPTR FM NORMAL: -0.07 2 = FOG REDUCING VISIBILITY
HIGHEST: 101 ON 8 GRTST 24HR 0.02 ON 22-22 TO 1/4 MILE OR LESS
LOWEST: 51 ON 13 3 = THUNDER
SNOW, ICE PELLETS, HAIL 4 = ICE PELLETS
TOTAL MONTH: M 5 = HAIL
GRTST 24HR M ON M 6 = FREEZING RAIN OR DRIZZLE
GRTST DEPTH: M ON M 7 = DUSTSTORM OR SANDSTORM:
VSBY 1/2 MILE OR LESS
8 = SMOKE OR HAZE
[NO. OF DAYS WITH] [WEATHER - DAYS WITH] 9 = BLOWING SNOW
X = TORNADO
MAX 32 OR BELOW: 0 0.01 INCH OR MORE: 1
MAX 90 OR ABOVE: 15 0.10 INCH OR MORE: 0
MIN 32 OR BELOW: 0 0.50 INCH OR MORE: 0
MIN 0 OR BELOW: 0 1.00 INCH OR MORE: 0
[HDD (BASE 65) ]
TOTAL THIS MO. 0 CLEAR (SCALE 0-3) 30
DPTR FM NORMAL -14 PTCLDY (SCALE 4-7) 0
TOTAL FM JUL 1 468 CLOUDY (SCALE 8-10) 0
DPTR FM NORMAL -230
[CDD (BASE 65) ]
TOTAL THIS MO. 341
DPTR FM NORMAL 90 [PRESSURE DATA]
TOTAL FM JAN 1 604 HIGHEST SLP 30.19 ON 7
DPTR FM NORMAL 170 LOWEST SLP 29.57 ON 9
[REMARKS]
#FINAL-04-22#