000
CXUS56 KSGX 011145
CF6PSP
PRELIMINARY LOCAL CLIMATOLOGICAL DATA (WS FORM: F-6)
STATION: PALM SPRINGS INTL AIRPORT CA
MONTH: FEBRUARY
YEAR: 2024
LATITUDE: 33 49 N
LONGITUDE: 116 30 W
TEMPERATURE IN F: :PCPN: SNOW: WIND :SUNSHINE: SKY :PK WND
================================================================================
1 2 3 4 5 6A 6B 7 8 9 10 11 12 13 14 15 16 17 18
12Z AVG MX 2MIN
DY MAX MIN AVG DEP HDD CDD WTR SNW DPTH SPD SPD DIR MIN PSBL S-S WX SPD DR
================================================================================
1 61 51 56 -4 9 0 0.48 M M 2.9 10 310 M M 7 1 16 290
2 66 48 57 -3 8 0 0.05 M M 4.8 14 110 M M 2 1 17 30
3 66 44 55 -5 10 0 0.00 M M 2.1 9 140 M M 1 13 160
4 64 50 57 -3 8 0 T M M 4.0 17 130 M M 6 21 120
5 59 56 58 -2 7 0 0.31 M M 4.1 9 330 M M 10 18 13 290
6 58 51 55 -5 10 0 0.19 M M 4.1 18 310 M M 10 27 330
7 64 46 55 -5 10 0 0.06 M M 2.9 16 320 M M 4 26 320
8 62 47 55 -6 10 0 0.24 M M 4.8 18 330 M M 4 1 23 330
9 62 42 52 -9 13 0 0.00 M M 1.8 12 20 M M 5 15 320
10 66 46 56 -5 9 0 0.00 M M 6.3 21 20 M M 1 25 20
11 66 41 54 -7 11 0 0.00 M M 3.3 9 330 M M 0 11 130
12 68 42 55 -6 10 0 0.00 M M 3.7 9 330 M M 0 12 120
13 70 43 57 -4 8 0 0.00 M M 3.3 10 330 M M 0 12 150
14 71 45 58 -3 7 0 0.00 M M 3.5 9 350 M M 0 14 80
15 72 47 60 -2 5 0 0.00 M M 2.3 10 330 M M 0 12 240
16 77 49 63 1 2 0 0.00 M M 4.0 12 330 M M 0 14 330
17 77 53 65 3 0 0 T M M 4.7 18 310 M M 0 23 310
18 75 52 64 2 1 0 0.00 M M 5.5 20 320 M M 1 8 24 310
19 74 51 63 1 2 0 0.00 M M 4.9 18 320 M M 3 26 320
20 67 59 63 1 2 0 T M M 4.5 20 350 M M 7 23 340
21 72 55 64 1 1 0 T M M 6.0 21 330 M M 3 25 320
22 76 50 63 0 2 0 0.00 M M 2.8 10 320 M M 0 14 290
23 80 56 68 5 0 3 0.00 M M 5.8 13 320 M M 0 8 16 320
24 79 56 68 5 0 3 0.00 M M 4.4 10 330 M M 0 13 340
25 78 55 67 3 0 2 T M M 4.4 12 320 M M 0 14 310
26 73 56 65 1 0 0 T M M 3.9 21 340 M M 3 23 320
27 78 53 66 2 0 1 T M M 6.6 18 320 M M 0 22 320
28 83 56 70 6 0 5 0.00 M M 4.2 13 280 M M 0 20 280
29 76 51 64 0 1 0 T M M 7.5 18 320 M M 0 25 330
================================================================================
SM 2040 1451 146 14 1.33 M 123.1 M 67
================================================================================
AV 70.3 50.0 4.2 FASTST M M 2 MAX(MPH)
MISC ----> # 21 20 27 330
================================================================================
NOTES:
# LAST OF SEVERAL OCCURRENCES
COLUMN 17 PEAK WIND IN M.P.H.
PRELIMINARY LOCAL CLIMATOLOGICAL DATA (WS FORM: F-6) , PAGE 2
STATION: PALM SPRINGS INTL AIRPORT CA
MONTH: FEBRUARY
YEAR: 2024
LATITUDE: 33 49 N
LONGITUDE: 116 30 W
[TEMPERATURE DATA] [PRECIPITATION DATA] SYMBOLS USED IN COLUMN 16
AVERAGE MONTHLY: 60.2 TOTAL FOR MONTH: 1.33 1 = FOG OR MIST
DPTR FM NORMAL: -1.5 DPTR FM NORMAL: 0.22 2 = FOG REDUCING VISIBILITY
HIGHEST: 83 ON 28 GRTST 24HR 0.53 ON 1- 2 TO 1/4 MILE OR LESS
LOWEST: 41 ON 11 3 = THUNDER
SNOW, ICE PELLETS, HAIL 4 = ICE PELLETS
TOTAL MONTH: M 5 = HAIL
GRTST 24HR M ON M 6 = FREEZING RAIN OR DRIZZLE
GRTST DEPTH: M ON M 7 = DUSTSTORM OR SANDSTORM:
VSBY 1/2 MILE OR LESS
8 = SMOKE OR HAZE
[NO. OF DAYS WITH] [WEATHER - DAYS WITH] 9 = BLOWING SNOW
X = TORNADO
MAX 32 OR BELOW: 0 0.01 INCH OR MORE: 6
MAX 90 OR ABOVE: 0 0.10 INCH OR MORE: 4
MIN 32 OR BELOW: 0 0.50 INCH OR MORE: 0
MIN 0 OR BELOW: 0 1.00 INCH OR MORE: 0
[HDD (BASE 65) ]
TOTAL THIS MO. 146 CLEAR (SCALE 0-3) 21
DPTR FM NORMAL 16 PTCLDY (SCALE 4-7) 6
TOTAL FM JUL 1 502 CLOUDY (SCALE 8-10) 2
DPTR FM NORMAL -138
[CDD (BASE 65) ]
TOTAL THIS MO. 14
DPTR FM NORMAL -24 [PRESSURE DATA]
TOTAL FM JAN 1 23 HIGHEST SLP 30.26 ON 11
DPTR FM NORMAL -28 LOWEST SLP 29.63 ON 6
[REMARKS]
#FINAL-02-24#