000
CXUS55 KPUB 032010 RRB
CLSPUB
CLIMATE REPORT
NATIONAL WEATHER SERVICE
210 PM MDT SAT JUN 03 2023
...................................
...THE PUEBLO CO CLIMATE SUMMARY FOR THE SEASON, FROM
3/1/2023 TO 5/31/2023...
CLIMATE NORMAL PERIOD 1991 TO 2020
CLIMATE RECORD PERIOD 1888 TO 2023
WEATHER OBSERVED NORMAL DEPART LAST YEAR`S
VALUE DATE(S) VALUE FROM VALUE DATE(S)
NORMAL
................................................................
TEMPERATURE (F)
RECORD
HIGH 102 05/31/2002
05/30/2000
05/29/2000
LOW -20 03/05/1948
HIGHEST 90 04/12 95 05/17
05/09
LOWEST 6 03/28 4 03/10
AVG. MAXIMUM 68.2 68.4 -0.2 69.2
AVG. MINIMUM 34.7 36.0 -1.3 34.4
MEAN 51.5 52.2 -0.7 51.8
DAYS MAX >= 90 2
DAYS MAX <= 32 0
DAYS MIN <= 32 47
DAYS MIN <= 0 0
PRECIPITATION (INCHES)
RECORD
MAXIMUM 9.78 1900
MINIMUM 0.42 2002
TOTALS 3.57 3.96 -0.39 4.25
DAILY AVG. 0.04 0.04 -0.00
DAYS >= .01 15
DAYS >= .10 7
DAYS >= .50 3
DAYS >= 1.00 1
GREATEST
24 HR. TOTAL 2.09 04/25 TO 04/26
SNOWFALL (INCHES)
RECORDS
MAXIMUM 31.5 1990
MINIMUM T 2018
1910
TOTALS 3.1 7.9 -4.8 12.1
SINCE 7/1 19.1 28.3 -9.2 28.8
SNOWDEPTH AVG. T
DAYS >= TRACE 6 5.2 0.8
DAYS >= 1.0 2 2.6 -0.6
GREATEST
SNOW DEPTH 1 03/16 5
24 HR TOTAL 1.6 04/22 TO 04/22 5.8
DEGREE DAYS
HEATING TOTAL 1257 1227 30 1268
SINCE 7/1 5476 5318 158 4947
COOLING TOTAL 35 49 -14 69
SINCE 1/1 35 49 -14 69
................................................................
WIND (MPH)
AVERAGE WIND SPEED 9.2
HIGHEST WIND SPEED/DIRECTION 45/280 DATE 03/31
HIGHEST GUST SPEED/DIRECTION 59/270 DATE 03/31
SKY COVER
POSSIBLE SUNSHINE (PERCENT) MM
AVERAGE SKY COVER 0.25
NUMBER OF DAYS FAIR 65
NUMBER OF DAYS PC 19
NUMBER OF DAYS CLOUDY 8
AVERAGE RH (PERCENT) 46
WEATHER CONDITIONS. NUMBER OF DAYS WITH
THUNDERSTORM 11 MIXED PRECIP 0
HEAVY RAIN 4 RAIN 6
LIGHT RAIN 28 FREEZING RAIN 0
LT FREEZING RAIN 0 HAIL 1
HEAVY SNOW 2 SNOW 3
LIGHT SNOW 5 SLEET 0
FOG 18 FOG W/VIS <= 1/4 MILE 3
HAZE 11
- INDICATES NEGATIVE NUMBERS.
R INDICATES RECORD WAS SET OR TIED.
MM INDICATES DATA IS MISSING.
T INDICATES TRACE AMOUNT.
$$