000
CXUS56 KOTX 010910
CF6PUW
PRELIMINARY LOCAL CLIMATOLOGICAL DATA (WS FORM: F-6)
STATION: PULLMAN_MOSCOW AIRPORT
MONTH: APRIL
YEAR: 2022
LATITUDE: 46 44 N
LONGITUDE: 117 7 W
TEMPERATURE IN F: :PCPN: SNOW: WIND :SUNSHINE: SKY :PK WND
================================================================================
1 2 3 4 5 6A 6B 7 8 9 10 11 12 13 14 15 16 17 18
12Z AVG MX 2MIN
DY MAX MIN AVG DEP HDD CDD WTR SNW DPTH SPD SPD DIR MIN PSBL S-S WX SPD DR
================================================================================
1 53 26 40 -4 25 0 0.00 M M 2.8 13 230 M M 1 18 230
2 50 34 42 -2 23 0 0.10 M M 12.3 28 250 M M 6 1 34 260
3 55 32 44 0 21 0 T M M 10.1 24 250 M M 3 29 250
4 47 33 40 -4 25 0 0.57 M M 18.4 36 240 M M 9 1 47 250
5 47 31 39 -6 26 0 0.00 M M 18.8 32 250 M M 3 42 250
6 51 26 39 -6 26 0 0.00 M M 4.5 13 90 M M 0 15 120
7 68 37 53 8 12 0 0.00 M M 13.0 21 100 M M 0 25 100
8 55 34 45 0 20 0 T M M 15.7 38 250 M M 3 47 240
9 46 29 38 -7 27 0 0.01 M M 16.8 31 240 M M 3 1 38 240
10 33 25 29 -17 36 0 0.27 M M 7.6 20 250 M M 8 12 26 240
11 35 28 32 -14 33 0 0.25 M M 12.9 22 80 M M 8 12 27 90
12 39 28 34 -12 31 0 0.00 M M 7.9 18 80 M M 8 21 90
13 44 27 36 -10 29 0 0.09 M M 11.3 20 90 M M 7 1 26 100
14 35 24 30 -16 35 0 0.13 M M 7.0 16 90 M M 8 128 19 250
15 41 28 35 -11 30 0 T M M 6.4 16 200 M M 7 1 20 200
16 43 30 37 -10 28 0 0.14 M M 12.4 25 250 M M 7 12 33 250
17 47 27 37 -10 28 0 T M M 8.8 17 240 M M 3 1 21 240
18 56 36 46 -1 19 0 0.14 M M 15.4 38 240 M M 6 1 50 250
19 50 33 42 -5 23 0 0.03 M M 12.3 25 240 M M 6 1 33 240
20 55 32 44 -4 21 0 0.06 M M 9.8 22 250 M M 6 18 28 250
21 52 37 45 -3 20 0 0.03 M M 9.2 24 240 M M 6 1 29 260
22 56 32 44 -4 21 0 T M M 6.5 16 250 M M 2 22 280
23 56 34 45 -3 20 0 0.00 M M 7.8 21 270 M M 2 27 270
24 62 36 49 0 16 0 0.00 M M 8.1 16 130 M M 0 22 130
25 63 44 54 5 11 0 0.30 M M 6.5 15 280 M M 5 1 19 270
26 51 37 44 -5 21 0 0.14 M M 10.3 25 240 M M 7 1 37 240
27 49 35 42 -8 23 0 0.00 M M 6.1 15 240 M M 7 20 240
28 53 34 44 -6 21 0 0.04 M M 6.1 22 290 M M 4 29 300
29 53 37 45 -5 20 0 0.00 M M 8.5 15 240 M M 6 20 230
30 52 41 47 -3 18 0 0.06 M M 12.0 21 100 M M 9 12 25 90
================================================================================
SM 1497 967 709 0 2.36 M 305.3 M 150
================================================================================
AV 49.9 32.2 10.2 FASTST M M 5 MAX(MPH)
MISC ----> # 38 250 50 250
================================================================================
NOTES:
# LAST OF SEVERAL OCCURRENCES
COLUMN 17 PEAK WIND IN M.P.H.
PRELIMINARY LOCAL CLIMATOLOGICAL DATA (WS FORM: F-6) , PAGE 2
STATION: PULLMAN_MOSCOW AIRPORT
MONTH: APRIL
YEAR: 2022
LATITUDE: 46 44 N
LONGITUDE: 117 7 W
[TEMPERATURE DATA] [PRECIPITATION DATA] SYMBOLS USED IN COLUMN 16
AVERAGE MONTHLY: 41.1 TOTAL FOR MONTH: 2.36 1 = FOG OR MIST
DPTR FM NORMAL: -5.7 DPTR FM NORMAL: 0.57 2 = FOG REDUCING VISIBILITY
HIGHEST: 68 ON 7 GRTST 24HR 0.57 ON 4- 4 TO 1/4 MILE OR LESS
LOWEST: 24 ON 14 3 = THUNDER
SNOW, ICE PELLETS, HAIL 4 = ICE PELLETS
TOTAL MONTH: M 5 = HAIL
GRTST 24HR M ON M 6 = FREEZING RAIN OR DRIZZLE
GRTST DEPTH: M ON M 7 = DUSTSTORM OR SANDSTORM:
VSBY 1/2 MILE OR LESS
8 = SMOKE OR HAZE
[NO. OF DAYS WITH] [WEATHER - DAYS WITH] 9 = BLOWING SNOW
X = TORNADO
MAX 32 OR BELOW: 0 0.01 INCH OR MORE: 16
MAX 90 OR ABOVE: 0 0.10 INCH OR MORE: 9
MIN 32 OR BELOW: 15 0.50 INCH OR MORE: 1
MIN 0 OR BELOW: 0 1.00 INCH OR MORE: 0
[HDD (BASE 65) ]
TOTAL THIS MO. 709 CLEAR (SCALE 0-3) 10
DPTR FM NORMAL 163 PTCLDY (SCALE 4-7) 16
TOTAL FM JUL 1 5816 CLOUDY (SCALE 8-10) 4
DPTR FM NORMAL 73
[CDD (BASE 65) ]
TOTAL THIS MO. 0
DPTR FM NORMAL 0 [PRESSURE DATA]
TOTAL FM JAN 1 0 HIGHEST SLP M ON M
DPTR FM NORMAL 0 LOWEST SLP 29.43 ON 11
[REMARKS]
#FINAL-04-22#