000
CXUS54 KFWD 010731
CF6PWG
PRELIMINARY LOCAL CLIMATOLOGICAL DATA (WS FORM: F-6)
STATION: WACO MCGREGOR
MONTH: OCTOBER
YEAR: 2022
LATITUDE: 31 28 N
LONGITUDE: 97 19 W
TEMPERATURE IN F: :PCPN: SNOW: WIND :SUNSHINE: SKY :PK WND
================================================================================
1 2 3 4 5 6A 6B 7 8 9 10 11 12 13 14 15 16 17 18
12Z AVG MX 2MIN
DY MAX MIN AVG DEP HDD CDD WTR SNW DPTH SPD SPD DIR MIN PSBL S-S WX SPD DR
================================================================================
1 85 48 67 -5 0 2 0.00 M M 4.1 9 50 M M 0 M M
2 85 48 67 -4 0 2 0.00 M M 5.1 9 30 M M 0 M M
3 M 48 M M M M 0.00 M M M M M M M 0 M M
4 88 M M M M M 0.00 M M 5.2 10 100 M M 0 M M
5 89 53 71 1 0 6 0.00 M M 1.9 8 70 M M 0 M M
6 91 54 73 3 0 8 0.00 M M 3.9 8 50 M M 0 17 40
7 89 63 76 6 0 11 0.00 M M 4.1 10 70 M M 0 M M
8 87 61 74 4 0 9 0.00 M M 8.7 13 30 M M 0 8 18 50
9 88 57 73 4 0 8 0.00 M M 6.1 9 100 M M 0 M M
10 90 74 82 13 0 17 0.00 M M 11.2 16 140 M M 0 18 170
11 89 62 76 8 0 11 0.00 M M 12.3 18 160 M M 1 24 160
12 97 75 86 18 0 21 0.00 M M 7.7 15 190 M M 0 22 190
13 88 57 73 5 0 8 0.00 M M 8.7 13 40 M M 0 22 40
14 90 49 70 2 0 5 0.08 M M 5.1 13 200 M M 0 8 17 170
15 94 78 86 19 0 21 0.00 M M 12.7 17 180 M M 0 24 180
16 78 65 72 5 0 7 0.43 M M 10.0 16 20 M M 5 1 29 360
17 71 53 62 -5 3 0 0.04 M M 9.6 15 350 M M 2 22 20
18 67 46 57 -9 8 0 0.00 M M 8.4 17 360 M M 0 21 360
19 71 39 55 -11 10 0 0.00 M M 3.8 10 120 M M 0 M M
20 87 51 69 3 0 4 0.00 M M 7.8 13 200 M M 0 20 230
21 90 54 72 6 0 7 0.00 M M 10.5 18 170 M M 0 29 170
22 87 64 76 11 0 11 0.00 M M 18.6 29 160 M M 1 39 170
23 87 74 81 16 0 16 T M M 22.7 28 170 M M 1 38 150
24 76 61 69 4 0 4 0.09 M M 14.8 22 150 M M 7 13 28 180
25 72 47 60 -4 5 0 T M M 9.6 25 300 M M 1 38 300
26 75 43 59 -5 6 0 0.00 M M 4.9 13 120 M M 0 16 120
27 78 47 63 -1 2 0 0.00 M M 8.6 16 140 M M 2 22 140
28 68 55 62 -1 3 0 1.19 M M 12.5 22 40 M M 10 3 30 40
29 65 55 60 -3 5 0 0.00 M M 6.2 14 330 M M 1 18 330
30 74 53 64 1 1 0 0.00 M M 4.7 12 350 M M 1 16 350
31 78 49 64 2 1 0 0.00 M M 1.4 5 50 M M 0 M M
================================================================================
SM 2474 1683 44 178 1.83 M 250.8 M 32
================================================================================
AV 82.5 56.1 8.4 FASTST M M 1 MAX(MPH)
MISC ----> 29 160 39 170
================================================================================
NOTES:
# LAST OF SEVERAL OCCURRENCES
COLUMN 17 PEAK WIND IN M.P.H.
PRELIMINARY LOCAL CLIMATOLOGICAL DATA (WS FORM: F-6) , PAGE 2
STATION: WACO MCGREGOR
MONTH: OCTOBER
YEAR: 2022
LATITUDE: 31 28 N
LONGITUDE: 97 19 W
[TEMPERATURE DATA] [PRECIPITATION DATA] SYMBOLS USED IN COLUMN 16
AVERAGE MONTHLY: 69.3 TOTAL FOR MONTH: 1.83 1 = FOG OR MIST
DPTR FM NORMAL: 2.2 DPTR FM NORMAL: -2.35 2 = FOG REDUCING VISIBILITY
HIGHEST: 97 ON 12 GRTST 24HR 1.19 ON 28-28 TO 1/4 MILE OR LESS
LOWEST: 39 ON 19 3 = THUNDER
SNOW, ICE PELLETS, HAIL 4 = ICE PELLETS
TOTAL MONTH: M 5 = HAIL
GRTST 24HR M ON M 6 = FREEZING RAIN OR DRIZZLE
GRTST DEPTH: M ON M 7 = DUSTSTORM OR SANDSTORM:
VSBY 1/2 MILE OR LESS
8 = SMOKE OR HAZE
[NO. OF DAYS WITH] [WEATHER - DAYS WITH] 9 = BLOWING SNOW
X = TORNADO
MAX 32 OR BELOW: 0 0.01 INCH OR MORE: 5
MAX 90 OR ABOVE: 6 0.10 INCH OR MORE: 2
MIN 32 OR BELOW: 0 0.50 INCH OR MORE: 1
MIN 0 OR BELOW: 0 1.00 INCH OR MORE: 1
[HDD (BASE 65) ]
TOTAL THIS MO. 44 CLEAR (SCALE 0-3) 28
DPTR FM NORMAL -27 PTCLDY (SCALE 4-7) 2
TOTAL FM JUL 1 44 CLOUDY (SCALE 8-10) 1
DPTR FM NORMAL -34
[CDD (BASE 65) ]
TOTAL THIS MO. 178
DPTR FM NORMAL 44 [PRESSURE DATA]
TOTAL FM JAN 1 3441 HIGHEST SLP 30.14 ON 26
DPTR FM NORMAL 1002 LOWEST SLP 29.88 ON 28
[REMARKS]
#FINAL-10-22#