000
CXUS54 KFWD 010830
CF6PWG
PRELIMINARY LOCAL CLIMATOLOGICAL DATA (WS FORM: F-6)
STATION: WACO MCGREGOR
MONTH: JANUARY
YEAR: 2022
LATITUDE: 31 28 N
LONGITUDE: 97 19 W
TEMPERATURE IN F: :PCPN: SNOW: WIND :SUNSHINE: SKY :PK WND
================================================================================
1 2 3 4 5 6A 6B 7 8 9 10 11 12 13 14 15 16 17 18
12Z AVG MX 2MIN
DY MAX MIN AVG DEP HDD CDD WTR SNW DPTH SPD SPD DIR MIN PSBL S-S WX SPD DR
================================================================================
1 80 29 55 10 10 0 0.00 M M 14.4 25 340 M M 5 37 340
2 43 20 32 -13 33 0 0.00 M M 14.4 22 340 M M 1 37 330
3 56 18 37 -8 28 0 0.00 M M 6.0 10 150 M M 0 17 170
4 66 31 49 4 16 0 0.00 M M 11.7 21 170 M M 0 32 200
5 61 36 49 4 16 0 0.00 M M 5.7 20 30 M M 0 M M
6 45 28 37 -8 28 0 0.00 M M 11.0 22 350 M M 0 30 350
7 46 21 34 -11 31 0 0.00 M M 6.9 10 170 M M 5 M M
8 64 42 53 8 12 0 0.05 M M 6.5 16 180 M M 10 1 22 200
9 60 46 53 8 12 0 0.00 M M 13.9 21 340 M M 7 28 340
10 56 32 44 -1 21 0 0.00 M M 9.8 15 20 M M 1 20 350
11 52 27 40 -5 25 0 0.04 M M 2.0 7 240 M M 4 M M
12 63 34 49 3 16 0 0.00 M M 4.4 12 200 M M 2 1 17 200
13 75 32 54 8 11 0 0.00 M M 3.7 16 140 M M 0 M M
14 77 36 57 11 8 0 0.00 M M 8.6 21 180 M M 0 29 180
15 61 36 49 3 16 0 0.00 M M 21.9 28 320 M M 1 40 320
16 59 29 44 -2 21 0 0.00 M M 6.9 12 320 M M 0 20 330
17 66 25 46 0 19 0 0.00 M M 5.5 10 150 M M 0 16 330
18 73 43 58 12 7 0 0.00 M M 14.9 25 180 M M 0 33 190
19 76 39 58 12 7 0 0.00 M M 13.5 25 350 M M 1 36 350
20 39 26 33 -13 32 0 0.00 M M 16.8 25 350 M M 10 33 350
21 46 19 33 -13 32 0 0.00 M M 6.2 9 40 M M 0 17 330
22 52 19 36 -10 29 0 0.00 M M 4.2 9 330 M M 0 M M
23 65 30 48 2 17 0 0.00 M M 5.2 10 210 M M 7 23 200
24 54 46 50 4 15 0 0.23 M M 5.5 13 160 M M 9 12 M M
25 53 37 45 -1 20 0 0.00 M M 5.1 13 30 M M 8 12 21 20
26 51 31 41 -5 24 0 0.00 M M 6.4 9 50 M M 2 1 M M
27 58 41 50 3 15 0 0.00 M M 4.8 9 10 M M 6 18 350
28 57 32 45 -2 20 0 0.00 M M 10.5 18 350 M M 1 122 330
29 67 26 47 0 18 0 0.00 M M 6.7 13 230 M M 0 20 230
30 70 32 51 4 14 0 0.00 M M 7.2 13 170 M M 0 M M
31 62 47 55 8 10 0 0.01 M M 7.6 16 130 M M 5 1 21 130
================================================================================
SM 1853 990 583 0 0.33 M 267.7 M 85
================================================================================
AV 59.8 31.9 8.6 FASTST M M 3 MAX(MPH)
MISC ----> 28 320 122 330
================================================================================
NOTES:
# LAST OF SEVERAL OCCURRENCES
COLUMN 17 PEAK WIND IN M.P.H.
PRELIMINARY LOCAL CLIMATOLOGICAL DATA (WS FORM: F-6) , PAGE 2
STATION: WACO MCGREGOR
MONTH: JANUARY
YEAR: 2022
LATITUDE: 31 28 N
LONGITUDE: 97 19 W
[TEMPERATURE DATA] [PRECIPITATION DATA] SYMBOLS USED IN COLUMN 16
AVERAGE MONTHLY: 45.9 TOTAL FOR MONTH: 0.33 1 = FOG OR MIST
DPTR FM NORMAL: 0.1 DPTR FM NORMAL: -1.82 2 = FOG REDUCING VISIBILITY
HIGHEST: 80 ON 1 GRTST 24HR 0.23 ON 24-24 TO 1/4 MILE OR LESS
LOWEST: 18 ON 3 3 = THUNDER
SNOW, ICE PELLETS, HAIL 4 = ICE PELLETS
TOTAL MONTH: M 5 = HAIL
GRTST 24HR M ON M 6 = FREEZING RAIN OR DRIZZLE
GRTST DEPTH: M ON M 7 = DUSTSTORM OR SANDSTORM:
VSBY 1/2 MILE OR LESS
8 = SMOKE OR HAZE
[NO. OF DAYS WITH] [WEATHER - DAYS WITH] 9 = BLOWING SNOW
X = TORNADO
MAX 32 OR BELOW: 0 0.01 INCH OR MORE: 4
MAX 90 OR ABOVE: 0 0.10 INCH OR MORE: 1
MIN 32 OR BELOW: 19 0.50 INCH OR MORE: 0
MIN 0 OR BELOW: 0 1.00 INCH OR MORE: 0
[HDD (BASE 65) ]
TOTAL THIS MO. 583 CLEAR (SCALE 0-3) 20
DPTR FM NORMAL -12 PTCLDY (SCALE 4-7) 8
TOTAL FM JUL 1 956 CLOUDY (SCALE 8-10) 3
DPTR FM NORMAL -554
[CDD (BASE 65) ]
TOTAL THIS MO. 0
DPTR FM NORMAL -2 [PRESSURE DATA]
TOTAL FM JAN 1 0 HIGHEST SLP 30.72 ON 10
DPTR FM NORMAL -2 LOWEST SLP 29.59 ON 1
[REMARKS]
#FINAL-01-22#