000
CXUS53 KMKX 010911
CF6RAC
PRELIMINARY LOCAL CLIMATOLOGICAL DATA (WS FORM: F-6)
STATION: RACINE WI
MONTH: FEBRUARY
YEAR: 2022
LATITUDE: 42 45 N
LONGITUDE: 87 49 W
TEMPERATURE IN F: :PCPN: SNOW: WIND :SUNSHINE: SKY :PK WND
================================================================================
1 2 3 4 5 6A 6B 7 8 9 10 11 12 13 14 15 16 17 18
12Z AVG MX 2MIN
DY MAX MIN AVG DEP HDD CDD WTR SNW DPTH SPD SPD DIR MIN PSBL S-S WX SPD DR
================================================================================
1 46 31 39 16 26 0 0.00 M M 11.4 21 170 M M 4 8 31 180
2 31 17 24 1 41 0 0.01 M M 13.4 22 360 M M 10 1 31 360
3 23 13 18 -5 47 0 T M M 16.0 25 360 M M 10 8 36 10
4 24 8 16 -8 49 0 T M M 8.1 15 220 M M 7 18 21 290
5 24 3 14 -10 51 0 0.00 M M 10.6 22 180 M M 1 32 180
6 38 19 29 5 36 0 0.00 M M 11.1 18 220 M M 5 28 210
7 30 14 22 -2 43 0 T M M 7.6 16 290 M M 6 18 24 290
8 39 20 30 6 35 0 0.00 M M 9.4 18 170 M M 4 26 150
9 42 32 37 13 28 0 0.01 M M 9.9 17 260 M M 7 1 28 270
10 32 25 29 4 36 0 0.02 M M 11.5 23 210 M M 8 18 35 210
11 45 22 34 9 31 0 0.02 M M 13.4 24 220 M M 9 18 40 210
12 22 10 16 -9 49 0 T M M 8.7 22 340 M M 5 32 360
13 18 9 14 -11 51 0 T M M 7.8 16 340 M M 4 8 30 360
14 26 11 19 -7 46 0 0.00 M M 4.4 13 270 M M 7 8 20 300
15 36 14 25 -1 40 0 0.00 M M 11.4 25 150 M M 4 8 39 160
16 54 35 45 19 20 0 0.15 M M 15.6 26 210 M M 6 18 40 200
17 35 16 26 0 39 0 0.01 M M 16.5 26 20 M M 9 18 37 20
18 32 7 20 -7 45 0 0.02 M M 16.1 30 230 M M 3 128 47 220
19 20 5 13 -14 52 0 T M M 14.2 29 310 M M 1 8 45 300
20 51 18 35 8 30 0 0.00 M M 16.0 32 220 M M 0 47 200
21 41 32 37 9 28 0 0.00 M M 14.9 25 20 M M 8 18 35 30
22 36 21 29 1 36 0 0.28 M M 14.9 25 20 M M 10 168 36 20
23 24 12 18 -10 47 0 T M M 11.2 18 310 M M 7 32 300
24 28 22 25 -4 40 0 0.02 M M 13.8 21 70 M M 10 1 28 80
25 28 16 22 -7 43 0 0.06 M M 7.2 16 360 M M 6 1 22 10
26 29 9 19 -10 46 0 0.00 M M 11.6 23 230 M M 0 32 240
27 38 24 31 1 34 0 0.00 M M 8.1 21 260 M M 0 31 240
28 49 23 36 6 29 0 0.00 M M 10.6 24 170 M M 4 18 35 170
================================================================================
SM 941 488 1098 0 0.60 M 325.4 M 155
================================================================================
AV 33.6 17.4 11.6 FASTST M M 6 MAX(MPH)
MISC ----> 32 220 # 47 220
================================================================================
NOTES:
# LAST OF SEVERAL OCCURRENCES
COLUMN 17 PEAK WIND IN M.P.H.
PRELIMINARY LOCAL CLIMATOLOGICAL DATA (WS FORM: F-6) , PAGE 2
STATION: RACINE WI
MONTH: FEBRUARY
YEAR: 2022
LATITUDE: 42 45 N
LONGITUDE: 87 49 W
[TEMPERATURE DATA] [PRECIPITATION DATA] SYMBOLS USED IN COLUMN 16
AVERAGE MONTHLY: 25.5 TOTAL FOR MONTH: 0.60 1 = FOG OR MIST
DPTR FM NORMAL: -0.5 DPTR FM NORMAL: -0.50 2 = FOG REDUCING VISIBILITY
HIGHEST: 54 ON 16 GRTST 24HR 0.28 ON 22-22 TO 1/4 MILE OR LESS
LOWEST: 3 ON 5 3 = THUNDER
SNOW, ICE PELLETS, HAIL 4 = ICE PELLETS
TOTAL MONTH: M 5 = HAIL
GRTST 24HR M ON M 6 = FREEZING RAIN OR DRIZZLE
GRTST DEPTH: M ON M 7 = DUSTSTORM OR SANDSTORM:
VSBY 1/2 MILE OR LESS
8 = SMOKE OR HAZE
[NO. OF DAYS WITH] [WEATHER - DAYS WITH] 9 = BLOWING SNOW
X = TORNADO
MAX 32 OR BELOW: 15 0.01 INCH OR MORE: 10
MAX 90 OR ABOVE: 0 0.10 INCH OR MORE: 2
MIN 32 OR BELOW: 27 0.50 INCH OR MORE: 0
MIN 0 OR BELOW: 0 1.00 INCH OR MORE: 0
[HDD (BASE 65) ]
TOTAL THIS MO. 1098 CLEAR (SCALE 0-3) 6
DPTR FM NORMAL 7 PTCLDY (SCALE 4-7) 15
TOTAL FM JUL 1 4451 CLOUDY (SCALE 8-10) 7
DPTR FM NORMAL -346
[CDD (BASE 65) ]
TOTAL THIS MO. 0
DPTR FM NORMAL 0 [PRESSURE DATA]
TOTAL FM JAN 1 0 HIGHEST SLP 30.58 ON 23
DPTR FM NORMAL 0 LOWEST SLP 29.42 ON 11
[REMARKS]
#FINAL-02-22#