000
CXUS54 KFWD 010830
CF6RBD
PRELIMINARY LOCAL CLIMATOLOGICAL DATA (WS FORM: F-6)
STATION: DALLAS EXECUTIVE
MONTH: NOVEMBER
YEAR: 2021
LATITUDE: 32 40 N
LONGITUDE: 96 52 W
TEMPERATURE IN F: :PCPN: SNOW: WIND :SUNSHINE: SKY :PK WND
================================================================================
1 2 3 4 5 6A 6B 7 8 9 10 11 12 13 14 15 16 17 18
12Z AVG MX 2MIN
DY MAX MIN AVG DEP HDD CDD WTR SNW DPTH SPD SPD DIR MIN PSBL S-S WX SPD DR
================================================================================
1 79 50 65 3 0 0 0.00 M M 5.9 15 180 M M 0 22 190
2 63 49 56 -6 9 0 0.22 M M 8.2 14 360 M M 8 1 17 30
3 49 46 48 -13 17 0 0.83 M M 9.5 20 80 M M 10 13 32 70
4 58 43 51 -10 14 0 0.00 M M 5.4 14 30 M M 5 18 30
5 60 38 49 -12 16 0 0.00 M M 3.7 10 150 M M 0 14 140
6 66 40 53 -7 12 0 0.00 M M 4.8 9 100 M M 0 14 150
7 73 45 59 -1 6 0 0.00 M M 7.8 15 160 M M 0 21 150
8 72 49 61 1 4 0 0.00 M M 9.3 20 170 M M 1 1 26 160
9 75 56 66 7 0 1 0.00 M M 8.3 18 190 M M 1 1 26 170
10 77 58 68 9 0 3 1.20 M M 14.1 33 350 M M 7 13 43 340
11 66 46 56 -3 9 0 M M M 9.5 18 350 M M 0 8 28 350
12 69 44 57 -1 8 0 0.00 M M 9.6 22 360 M M 0 8 32 340
13 64 39 52 -6 13 0 0.00 M M 5.8 15 190 M M 0 23 190
14 70 41 56 -2 9 0 0.00 M M 4.1 15 190 M M 0 8 22 200
15 81 45 63 6 2 0 0.00 M M 6.7 15 190 M M 0 23 200
16 79 62 71 14 0 6 0.00 M M 16.6 26 180 M M 2 37 180
17 82 55 69 12 0 4 0.00 M M 15.0 24 350 M M 4 35 190
18 61 46 54 -2 11 0 0.00 M M 11.9 24 20 M M 2 35 10
19 61 35 48 -8 17 0 0.00 M M 7.0 15 120 M M 0 21 110
20 72 43 58 2 7 0 0.00 M M 12.3 22 190 M M 0 31 190
21 69 50 60 5 5 0 0.00 M M 11.8 22 340 M M 5 28 200
22 65 39 52 -3 13 0 0.00 M M 6.5 10 300 M M 0 16 340
23 69 45 57 2 8 0 0.00 M M 11.2 18 170 M M 0 30 150
24 75 52 64 10 1 0 0.00 M M 12.2 26 200 M M 3 40 180
25 68 44 56 2 9 0 0.01 M M 14.2 26 350 M M 3 37 360
26 55 34 45 -9 20 0 0.00 M M 5.2 12 180 M M 0 14 180
27 59 40 50 -4 15 0 0.18 M M 6.6 13 180 M M 7 1 19 200
28 65 44 55 2 10 0 0.00 M M 7.2 16 340 M M 3 1 22 350
29 72 39 56 3 9 0 0.00 M M 8.1 13 180 M M 0 20 210
30 76 46 61 8 4 0 0.00 M M 8.6 18 190 M M 0 26 180
================================================================================
SM 2050 1363 248 14 2.44 M 267.1 M 61
================================================================================
AV 68.3 45.4 8.9 FASTST M M 2 MAX(MPH)
MISC ----> 33 350 43 340
================================================================================
NOTES:
# LAST OF SEVERAL OCCURRENCES
COLUMN 17 PEAK WIND IN M.P.H.
PRELIMINARY LOCAL CLIMATOLOGICAL DATA (WS FORM: F-6) , PAGE 2
STATION: DALLAS EXECUTIVE
MONTH: NOVEMBER
YEAR: 2021
LATITUDE: 32 40 N
LONGITUDE: 96 52 W
[TEMPERATURE DATA] [PRECIPITATION DATA] SYMBOLS USED IN COLUMN 16
AVERAGE MONTHLY: 56.9 TOTAL FOR MONTH: 2.44 1 = FOG OR MIST
DPTR FM NORMAL: -0.3 DPTR FM NORMAL: -0.34 2 = FOG REDUCING VISIBILITY
HIGHEST: 82 ON 17 GRTST 24HR 1.20 ON 10-10 TO 1/4 MILE OR LESS
LOWEST: 34 ON 26 3 = THUNDER
SNOW, ICE PELLETS, HAIL 4 = ICE PELLETS
TOTAL MONTH: M 5 = HAIL
GRTST 24HR M ON M 6 = FREEZING RAIN OR DRIZZLE
GRTST DEPTH: M ON M 7 = DUSTSTORM OR SANDSTORM:
VSBY 1/2 MILE OR LESS
8 = SMOKE OR HAZE
[NO. OF DAYS WITH] [WEATHER - DAYS WITH] 9 = BLOWING SNOW
X = TORNADO
MAX 32 OR BELOW: 0 0.01 INCH OR MORE: 5
MAX 90 OR ABOVE: 0 0.10 INCH OR MORE: 4
MIN 32 OR BELOW: 0 0.50 INCH OR MORE: 2
MIN 0 OR BELOW: 0 1.00 INCH OR MORE: 1
[HDD (BASE 65) ]
TOTAL THIS MO. 248 CLEAR (SCALE 0-3) 22
DPTR FM NORMAL -16 PTCLDY (SCALE 4-7) 6
TOTAL FM JUL 1 272 CLOUDY (SCALE 8-10) 2
DPTR FM NORMAL -60
[CDD (BASE 65) ]
TOTAL THIS MO. 14
DPTR FM NORMAL -16 [PRESSURE DATA]
TOTAL FM JAN 1 2732 HIGHEST SLP 30.49 ON 18
DPTR FM NORMAL -97 LOWEST SLP 29.75 ON 10
[REMARKS]
#FINAL-11-21#