000
CXUS54 KFWD 010731
CF6RBD
PRELIMINARY LOCAL CLIMATOLOGICAL DATA (WS FORM: F-6)
STATION: DALLAS EXECUTIVE
MONTH: AUGUST
YEAR: 2021
LATITUDE: 32 40 N
LONGITUDE: 96 52 W
TEMPERATURE IN F: :PCPN: SNOW: WIND :SUNSHINE: SKY :PK WND
================================================================================
1 2 3 4 5 6A 6B 7 8 9 10 11 12 13 14 15 16 17 18
12Z AVG MX 2MIN
DY MAX MIN AVG DEP HDD CDD WTR SNW DPTH SPD SPD DIR MIN PSBL S-S WX SPD DR
================================================================================
1 99 74 87 0 0 22 0.07 M M 6.3 30 240 M M 2 13 42 250
2 90 74 82 -5 0 17 0.19 M M 6.5 17 60 M M 7 138 24 20
3 91 71 81 -6 0 16 0.00 M M 4.7 12 110 M M 1 18 17 80
4 90 72 81 -6 0 16 0.00 M M 6.0 13 110 M M 3 18 18 70
5 91 72 82 -5 0 17 0.00 M M 8.2 16 120 M M 1 8 21 130
6 93 74 84 -3 0 19 0.00 M M 9.0 20 130 M M 3 25 130
7 94 74 84 -3 0 19 0.00 M M 12.8 20 160 M M 2 28 170
8 96 78 87 0 0 22 0.00 M M 14.9 24 170 M M 1 33 180
9 97 78 88 1 0 23 0.00 M M 14.3 23 190 M M 1 33 190
10 96 77 87 0 0 22 0.00 M M 13.1 22 180 M M 3 30 160
11 97 76 87 0 0 22 0.00 M M 12.2 22 170 M M 0 28 170
12 97 77 87 1 0 22 0.00 M M 10.0 17 130 M M 0 24 120
13 96 77 87 1 0 22 0.00 M M 7.1 14 130 M M 0 19 120
14 92 73 83 -3 0 18 0.34 M M 3.9 32 350 M M 2 13 43 360
15 89 75 82 -4 0 17 0.09 M M 3.8 12 150 M M 4 1 15 150
16 94 72 83 -3 0 18 0.00 M M 4.6 16 60 M M 1 18 20 70
17 91 74 83 -3 0 18 0.50 M M 7.2 18 360 M M 3 138 27 360
18 82 74 78 -8 0 13 0.13 M M 8.2 22 140 M M 7 13 30 150
19 94 75 85 -1 0 20 0.14 M M 10.5 18 170 M M 5 18 25 180
20 95 77 86 0 0 21 0.00 M M 12.5 21 170 M M 0 28 180
21 97 78 88 3 0 23 0.00 M M 9.6 17 200 M M 0 24 190
22 97 77 87 2 0 22 0.00 M M 8.2 14 180 M M 0 19 200
23 98 78 88 3 0 23 0.00 M M 9.2 16 150 M M 0 23 150
24 98 76 87 2 0 22 0.00 M M 8.5 17 140 M M 0 22 120
25 98 77 88 4 0 23 0.00 M M 5.1 14 130 M M 1 20 140
26 98 77 88 4 0 23 0.00 M M 6.7 16 90 M M 0 33 90
27 93 74 84 0 0 19 0.00 M M 8.8 18 110 M M 3 27 120
28 93 74 84 0 0 19 0.00 M M 7.5 17 100 M M 1 24 90
29 91 76 84 0 0 19 0.00 M M 6.5 16 90 M M 6 23 70
30 96 75 86 3 0 21 0.00 M M 4.4 14 10 M M 1 22 80
31 97 79 88 5 0 23 0.00 M M 5.8 10 190 M M 1 15 270
================================================================================
SM 2920 2335 0 621 1.46 M 256.1 M 59
================================================================================
AV 94.2 75.3 8.3 FASTST M M 2 MAX(MPH)
MISC ----> 32 350 43 360
================================================================================
NOTES:
# LAST OF SEVERAL OCCURRENCES
COLUMN 17 PEAK WIND IN M.P.H.
PRELIMINARY LOCAL CLIMATOLOGICAL DATA (WS FORM: F-6) , PAGE 2
STATION: DALLAS EXECUTIVE
MONTH: AUGUST
YEAR: 2021
LATITUDE: 32 40 N
LONGITUDE: 96 52 W
[TEMPERATURE DATA] [PRECIPITATION DATA] SYMBOLS USED IN COLUMN 16
AVERAGE MONTHLY: 84.8 TOTAL FOR MONTH: 1.46 1 = FOG OR MIST
DPTR FM NORMAL: -0.9 DPTR FM NORMAL: -0.34 2 = FOG REDUCING VISIBILITY
HIGHEST: 99 ON 1 GRTST 24HR 0.62 ON 17-18 TO 1/4 MILE OR LESS
LOWEST: 71 ON 3 3 = THUNDER
SNOW, ICE PELLETS, HAIL 4 = ICE PELLETS
TOTAL MONTH: M 5 = HAIL
GRTST 24HR M ON M 6 = FREEZING RAIN OR DRIZZLE
GRTST DEPTH: M ON M 7 = DUSTSTORM OR SANDSTORM:
VSBY 1/2 MILE OR LESS
8 = SMOKE OR HAZE
[NO. OF DAYS WITH] [WEATHER - DAYS WITH] 9 = BLOWING SNOW
X = TORNADO
MAX 32 OR BELOW: 0 0.01 INCH OR MORE: 7
MAX 90 OR ABOVE: 29 0.10 INCH OR MORE: 5
MIN 32 OR BELOW: 0 0.50 INCH OR MORE: 1
MIN 0 OR BELOW: 0 1.00 INCH OR MORE: 0
[HDD (BASE 65) ]
TOTAL THIS MO. 0 CLEAR (SCALE 0-3) 25
DPTR FM NORMAL 0 PTCLDY (SCALE 4-7) 6
TOTAL FM JUL 1 0 CLOUDY (SCALE 8-10) 0
DPTR FM NORMAL 0
[CDD (BASE 65) ]
TOTAL THIS MO. 621
DPTR FM NORMAL -21 [PRESSURE DATA]
TOTAL FM JAN 1 2063 HIGHEST SLP M ON M
DPTR FM NORMAL -157 LOWEST SLP 29.67 ON 31
[REMARKS]
#FINAL-08-21#