000
CXUS51 KPHI 161934
CF6RDG
PRELIMINARY LOCAL CLIMATOLOGICAL DATA (WS FORM: F-6)
STATION: READING PA
MONTH: MAY
YEAR: 2023
LATITUDE: 40 22 N
LONGITUDE: 75 58 W
TEMPERATURE IN F: :PCPN: SNOW: WIND :SUNSHINE: SKY :PK WND
================================================================================
1 2 3 4 5 6A 6B 7 8 9 10 11 12 13 14 15 16 17 18
12Z AVG MX 2MIN
DY MAX MIN AVG DEP HDD CDD WTR SNW DPTH SPD SPD DIR MIN PSBL S-S WX SPD DR
================================================================================
1 61 47 54 -4 11 0 0.05 0.0 0 11.3 28 200 M M 7 37 200
2 55 44 50 -8 15 0 T 0.0 0 10.1 20 250 M M 8 27 250
3 54 42 48 -11 17 0 0.02 0.0 0 6.5 18 290 M M 7 23 260
4 62 40 51 -8 14 0 0.00 0.0 0 5.4 15 330 M M 6 17 340
5 65 46 56 -3 9 0 0.00 0.0 0 4.9 14 10 M M 6 16 320
6 73 41 57 -3 8 0 0.00 0.0 0 3.4 13 290 M M 1 1 16 290
7 77 45 61 1 4 0 T 0.0 0 4.5 16 310 M M 4 1 20 300
8 77 58 68 8 0 3 0.00 0.0 0 6.9 16 330 M M 3 1 21 310
9 74 55 65 5 0 0 0.00 0.0 0 5.6 17 30 M M 3 23 20
10 74 45 60 -1 5 0 0.00 0.0 0 4.3 13 230 M M 0 17 220
11 81 45 63 2 2 0 0.00 0.0 0 3.1 14 250 M M 0 8 18 250
12 87 53 70 9 0 5 0.00 0.0 0 3.8 13 290 M M 0 18 18 290
13 75 56 66 4 0 1 T 0.0 0 3.9 12 270 M M 5 18 14 280
14 75 46 61 -1 4 0 0.00 0.0 0 7.2 20 10 M M 0 1 24 340
15 75 44 60 -2 5 0 0.00 0.0 0 4.9 15 290 M M 0 21 290
16 80 47 64 2 1 0 0.00 0.0 0 6.5 18 250 M M 0 25 240
17 67 45 56 -7 9 0 0.00 0.0 0 11.2 22 340 M M 0 28 350
18 69 36 53 -10 12 0 0.00 0.0 0 7.0 15 170 M M 0 20 160
19 75 50 63 0 2 0 0.00 0.0 0 8.2 17 150 M M 4 23 190
20 74 53 64 0 1 0 0.02 0.0 0 4.9 22 320 M M 8 1 36 310
21 80 52 66 2 0 1 0.00 0.0 0 8.3 20 350 M M 2 27 330
22 80 50 65 1 0 0 0.00 0.0 0 3.0 12 150 M M 3 15 170
23 79 53 66 1 0 1 0.00 0.0 0 4.0 15 140 M M 1 18 20 120
24 83 50 67 2 0 2 T 0.0 0 6.9 23 10 M M 2 28 20
25 71 46 59 -6 6 0 0.00 0.0 0 7.5 17 10 M M 1 25 30
26 76 47 62 -4 3 0 0.00 0.0 0 4.0 13 350 M M 0 16 20
27 82 47 65 -1 0 0 0.00 0.0 0 4.0 16 160 M M 0 20 150
28 80 50 65 -1 0 0 0.00 0.0 0 2.6 12 140 M M 1 19 120
29 87 59 73 7 0 8 0.00 0.0 0 6.7 16 130 M M 2 24 140
30 80 54 67 0 0 2 0.00 0.0 0 6.0 13 130 M M 0 20 150
31 84 47 66 -1 0 1 0.00 0.0 0 2.8 12 140 M M 0 8 16 130
================================================================================
SM 2312 1493 128 24 0.09 0.0 179.4 M 74
================================================================================
AV 74.6 48.2 5.8 FASTST M M 2 MAX(MPH)
MISC ----> 28 200 37 200
================================================================================
NOTES:
# LAST OF SEVERAL OCCURRENCES
COLUMN 17 PEAK WIND IN M.P.H.
PRELIMINARY LOCAL CLIMATOLOGICAL DATA (WS FORM: F-6) , PAGE 2
STATION: READING PA
MONTH: MAY
YEAR: 2023
LATITUDE: 40 22 N
LONGITUDE: 75 58 W
[TEMPERATURE DATA] [PRECIPITATION DATA] SYMBOLS USED IN COLUMN 16
AVERAGE MONTHLY: 61.4 TOTAL FOR MONTH: 0.09 1 = FOG OR MIST
DPTR FM NORMAL: -1.1 DPTR FM NORMAL: -3.42 2 = FOG REDUCING VISIBILITY
HIGHEST: 87 ON 12,29 GRTST 24HR 1.81 ON 30- 1 TO 1/4 MILE OR LESS
LOWEST: 36 ON 18 3 = THUNDER
SNOW, ICE PELLETS, HAIL 4 = ICE PELLETS
TOTAL MONTH: 0.0 INCH 5 = HAIL
GRTST 24HR 0.0 6 = FREEZING RAIN OR DRIZZLE
GRTST DEPTH: 0 7 = DUSTSTORM OR SANDSTORM:
VSBY 1/2 MILE OR LESS
8 = SMOKE OR HAZE
[NO. OF DAYS WITH] [WEATHER - DAYS WITH] 9 = BLOWING SNOW
X = TORNADO
MAX 32 OR BELOW: 0 0.01 INCH OR MORE: 3
MAX 90 OR ABOVE: 0 0.10 INCH OR MORE: 0
MIN 32 OR BELOW: 0 0.50 INCH OR MORE: 0
MIN 0 OR BELOW: 0 1.00 INCH OR MORE: 0
[HDD (BASE 65) ]
TOTAL THIS MO. 128 CLEAR (SCALE 0-3) 22
DPTR FM NORMAL -14 PTCLDY (SCALE 4-7) 9
TOTAL FM JUL 1 4316 CLOUDY (SCALE 8-10) 0
DPTR FM NORMAL -795
[CDD (BASE 65) ]
TOTAL THIS MO. 24
DPTR FM NORMAL -40 [PRESSURE DATA]
TOTAL FM JAN 1 51 HIGHEST SLP 30.35 ON 27
DPTR FM NORMAL -24 LOWEST SLP 29.19 ON 1
[REMARKS]
#FINAL-05-23#