000
CXUS56 KPDT 280847
CF6RDM
PRELIMINARY LOCAL CLIMATOLOGICAL DATA (WS FORM: F-6)
STATION: REDMOND OR
MONTH: MARCH
YEAR: 2024
LATITUDE: 44 16 N
LONGITUDE: 121 9 W
TEMPERATURE IN F: :PCPN: SNOW: WIND :SUNSHINE: SKY :PK WND
================================================================================
1 2 3 4 5 6A 6B 7 8 9 10 11 12 13 14 15 16 17 18
12Z AVG MX 2MIN
DY MAX MIN AVG DEP HDD CDD WTR SNW DPTH SPD SPD DIR MIN PSBL S-S WX SPD DR
================================================================================
1 44 28 36 -3 29 0 T M M 9.4 25 270 M M 6 18 34 200
2 40 24 32 -7 33 0 0.01 M M 8.2 23 290 M M 4 18 28 290
3 44 21 33 -6 32 0 T M M 6.6 20 250 M M 5 27 210
4 40 21 31 -8 34 0 0.07 M M 5.3 16 220 M M 7 18 23 230
5 40 22 31 -9 34 0 0.04 M M 3.4 9 340 M M 8 18 12 20
6 45 15 30 -10 35 0 0.00 M M 3.0 12 310 M M 1 14 290
7 46 19 33 -7 32 0 0.00 M M 3.5 9 160 M M 0 11 160
8 57 22 40 0 25 0 0.00 M M 10.4 20 140 M M 0 27 150
9 54 37 46 6 19 0 0.00 M M 12.6 26 220 M M 3 36 210
10 51 38 45 5 20 0 T M M 15.0 23 220 M M 5 37 220
11 48 31 40 -1 25 0 T M M 11.8 21 190 M M 4 28 190
12 52 35 44 3 21 0 T M M 13.3 30 270 M M 6 36 260
13 50 24 37 -4 28 0 T M M 5.7 16 330 M M 3 20 330
14 56 17 37 -4 28 0 0.00 M M 5.3 16 330 M M 0 21 330
15 60 21 41 0 24 0 0.00 M M 5.6 17 320 M M 0 23 330
16 68 24 46 4 19 0 0.00 M M 3.9 15 330 M M 0 19 350
17 71 26 49 7 16 0 0.00 M M 4.9 12 330 M M 0 15 340
18 77 28 53 11 12 0 0.00 M M 4.3 14 150 M M 0 17 150
19 76 31 54 12 11 0 0.00 M M 6.9 20 300 M M 0 27 290
20 71 29 50 8 15 0 0.00 M M 6.7 23 290 M M 1 30 300
21 62 26 44 2 21 0 0.00 M M 5.2 12 340 M M 1 19 340
22 63 35 49 7 16 0 0.01 M M 4.5 17 250 M M 7 23 240
23 55 39 47 5 18 0 0.00 M M 11.2 22 190 M M 5 32 200
24 55 23 39 -4 26 0 0.00 M M 7.3 23 290 M M 2 30 290
25 52 27 40 -3 25 0 T M M 6.7 22 310 M M 6 27 310
26 55 27 41 -2 24 0 0.00 M M 7.6 21 320 M M 3 32 350
27 56 39 48 5 17 0 0.06 M M 11.8 25 220 M M 6 37 210
================================================================================
SM 1488 729 639 0 0.19 M 200.1 M 83
================================================================================
AV 55.1 27.0 7.4 FASTST M M 3 MAX(MPH)
MISC ----> 30 270 37 210
================================================================================
NOTES:
# LAST OF SEVERAL OCCURRENCES
COLUMN 17 PEAK WIND IN M.P.H.
PRELIMINARY LOCAL CLIMATOLOGICAL DATA (WS FORM: F-6) , PAGE 2
STATION: REDMOND OR
MONTH: MARCH
YEAR: 2024
LATITUDE: 44 16 N
LONGITUDE: 121 9 W
[TEMPERATURE DATA] [PRECIPITATION DATA] SYMBOLS USED IN COLUMN 16
AVERAGE MONTHLY: 41.1 TOTAL FOR MONTH: 0.19 1 = FOG OR MIST
DPTR FM NORMAL: 0.0 DPTR FM NORMAL: -0.30 2 = FOG REDUCING VISIBILITY
HIGHEST: 77 ON 18 GRTST 24HR 0.11 ON 4- 5 TO 1/4 MILE OR LESS
LOWEST: 15 ON 6 3 = THUNDER
SNOW, ICE PELLETS, HAIL 4 = ICE PELLETS
TOTAL MONTH: M 5 = HAIL
GRTST 24HR M ON M 6 = FREEZING RAIN OR DRIZZLE
GRTST DEPTH: M ON M 7 = DUSTSTORM OR SANDSTORM:
VSBY 1/2 MILE OR LESS
8 = SMOKE OR HAZE
[NO. OF DAYS WITH] [WEATHER - DAYS WITH] 9 = BLOWING SNOW
X = TORNADO
MAX 32 OR BELOW: 0 0.01 INCH OR MORE: 5
MAX 90 OR ABOVE: 0 0.10 INCH OR MORE: 0
MIN 32 OR BELOW: 21 0.50 INCH OR MORE: 0
MIN 0 OR BELOW: 0 1.00 INCH OR MORE: 0
[HDD (BASE 65) ]
TOTAL THIS MO. 639 CLEAR (SCALE 0-3) 12
DPTR FM NORMAL -7 PTCLDY (SCALE 4-7) 15
TOTAL FM JUL 1 4560 CLOUDY (SCALE 8-10) 0
DPTR FM NORMAL -390
[CDD (BASE 65) ]
TOTAL THIS MO. 0
DPTR FM NORMAL 0 [PRESSURE DATA]
TOTAL FM JAN 1 0 HIGHEST SLP M ON M
DPTR FM NORMAL 0 LOWEST SLP 29.25 ON 1
[REMARKS]