000
CXUS56 KPDT 011810
CF6RDM
PRELIMINARY LOCAL CLIMATOLOGICAL DATA (WS FORM: F-6)
STATION: REDMOND OR
MONTH: JUNE
YEAR: 2023
LATITUDE: 44 16 N
LONGITUDE: 121 9 W
TEMPERATURE IN F: :PCPN: SNOW: WIND :SUNSHINE: SKY :PK WND
================================================================================
1 2 3 4 5 6A 6B 7 8 9 10 11 12 13 14 15 16 17 18
12Z AVG MX 2MIN
DY MAX MIN AVG DEP HDD CDD WTR SNW DPTH SPD SPD DIR MIN PSBL S-S WX SPD DR
================================================================================
1 73 31 52 -5 13 0 0.00 M M 7.1 16 350 M M 0 8 21 340
2 79 36 58 1 7 0 0.00 M M 6.3 17 340 M M 0 22 340
3 85 41 63 6 2 0 0.00 M M 5.9 18 340 M M 0 24 340
4 84 49 67 9 0 2 0.00 M M 9.0 22 340 M M 2 27 360
5 89 49 69 11 0 4 0.00 M M 6.9 18 160 M M 0 24 140
6 89 49 69 11 0 4 0.00 M M 7.6 22 350 M M 0 27 340
7 87 49 68 10 0 3 0.01 M M 6.4 21 150 M M 2 25 150
8 80 56 68 10 0 3 T 0.0 0 6.1 18 290 M M 4 22 290
9 72 46 59 1 6 0 T M M 6.2 18 340 M M 6 28 310
10 82 40 61 3 4 0 0.00 M M 6.9 18 340 M M 0 1 23 340
11 85 44 65 6 0 0 0.00 M M 7.1 21 20 M M 0 8 26 360
12 88 49 69 10 0 4 0.00 M M 8.0 20 350 M M 1 26 360
13 86 54 70 11 0 5 0.00 M M 12.6 29 290 M M 0 37 290
14 75 39 57 -2 8 0 0.00 M M 10.5 24 300 M M 0 36 280
15 76 31 54 -6 11 0 0.00 M M 6.6 21 330 M M 0 27 330
16 87 43 65 5 0 0 0.00 M M 7.1 22 330 M M 1 26 330
17 77 54 66 6 0 1 0.00 M M 11.5 26 290 M M 4 34 290
18 62 45 54 -6 11 0 T M M 14.2 26 310 M M 6 35 290
19 61 35 48 -13 17 0 T M M 11.9 28 290 M M 5 34 300
20 66 31 49 -12 16 0 0.00 M M 5.0 16 350 M M 2 22 350
21 76 33 55 -6 10 0 0.00 M M 5.8 16 340 M M 0 21 340
22 82 39 61 0 4 0 0.00 M M 6.1 17 30 M M 0 23 30
23 82 43 63 1 2 0 0.00 M M 6.5 20 290 M M 2 24 300
24 82 45 64 2 1 0 T M M 4.8 24 260 M M 4 31 250
25 84 44 64 2 1 0 0.00 M M 5.3 18 290 M M 1 23 300
26 85 48 67 4 0 2 0.00 M M 5.5 23 290 M M 1 3 28 300
27 84 46 65 2 0 0 0.00 M M 6.1 17 350 M M 0 26 300
28 88 45 67 4 0 2 0.00 M M 5.1 15 350 M M 0 20 360
29 93 53 73 9 0 8 0.00 M M 5.6 17 310 M M 0 22 300
30 96 54 75 11 0 10 0.00 M M 6.6 22 300 M M 0 26 300
================================================================================
SM 2435 1321 113 48 0.01 0.0 220.3 M 41
================================================================================
AV 81.2 44.0 7.3 FASTST M M 1 MAX(MPH)
MISC ----> 29 290 37 290
================================================================================
NOTES:
# LAST OF SEVERAL OCCURRENCES
COLUMN 17 PEAK WIND IN M.P.H.
PRELIMINARY LOCAL CLIMATOLOGICAL DATA (WS FORM: F-6) , PAGE 2
STATION: REDMOND OR
MONTH: JUNE
YEAR: 2023
LATITUDE: 44 16 N
LONGITUDE: 121 9 W
[TEMPERATURE DATA] [PRECIPITATION DATA] SYMBOLS USED IN COLUMN 16
AVERAGE MONTHLY: 62.6 TOTAL FOR MONTH: 0.01 1 = FOG OR MIST
DPTR FM NORMAL: 2.6 DPTR FM NORMAL: -0.63 2 = FOG REDUCING VISIBILITY
HIGHEST: 96 ON 30 GRTST 24HR 0.01 ON 7- 8 TO 1/4 MILE OR LESS
LOWEST: 31 ON 20,15 3 = THUNDER
SNOW, ICE PELLETS, HAIL 4 = ICE PELLETS
TOTAL MONTH: 0.0 INCH 5 = HAIL
GRTST 24HR 0.0 6 = FREEZING RAIN OR DRIZZLE
GRTST DEPTH: 0 7 = DUSTSTORM OR SANDSTORM:
VSBY 1/2 MILE OR LESS
8 = SMOKE OR HAZE
[NO. OF DAYS WITH] [WEATHER - DAYS WITH] 9 = BLOWING SNOW
X = TORNADO
MAX 32 OR BELOW: 0 0.01 INCH OR MORE: 1
MAX 90 OR ABOVE: 2 0.10 INCH OR MORE: 0
MIN 32 OR BELOW: 3 0.50 INCH OR MORE: 0
MIN 0 OR BELOW: 0 1.00 INCH OR MORE: 0
[HDD (BASE 65) ]
TOTAL THIS MO. 113 CLEAR (SCALE 0-3) 24
DPTR FM NORMAL -70 PTCLDY (SCALE 4-7) 6
TOTAL FM JUL 1 6083 CLOUDY (SCALE 8-10) 0
DPTR FM NORMAL -89
[CDD (BASE 65) ]
TOTAL THIS MO. 48
DPTR FM NORMAL 15 [PRESSURE DATA]
TOTAL FM JAN 1 63 HIGHEST SLP 30.22 ON 21
DPTR FM NORMAL 23 LOWEST SLP 29.71 ON 6
[REMARKS]
#FINAL-06-23#