000
CXUS56 KPDT 011810
CF6RDM
PRELIMINARY LOCAL CLIMATOLOGICAL DATA (WS FORM: F-6)
STATION: REDMOND OR
MONTH: APRIL
YEAR: 2023
LATITUDE: 44 16 N
LONGITUDE: 121 9 W
TEMPERATURE IN F: :PCPN: SNOW: WIND :SUNSHINE: SKY :PK WND
================================================================================
1 2 3 4 5 6A 6B 7 8 9 10 11 12 13 14 15 16 17 18
12Z AVG MX 2MIN
DY MAX MIN AVG DEP HDD CDD WTR SNW DPTH SPD SPD DIR MIN PSBL S-S WX SPD DR
================================================================================
1 49 32 41 -2 24 0 0.04 M M 11.5 33 290 M M 8 1 38 290
2 46 28 37 -6 28 0 0.02 M M 10.9 32 280 M M 5 18 40 270
3 44 23 34 -10 31 0 T M M 13.3 26 280 M M 6 33 310
4 44 22 33 -11 32 0 0.03 M M 6.5 22 360 M M 6 27 360
5 53 15 34 -10 31 0 T M M 5.2 15 160 M M 3 21 190
6 58 41 50 6 15 0 0.02 M M 9.4 21 170 M M 10 27 150
7 59 32 46 2 19 0 0.01 M M 7.5 28 220 M M 8 32 220
8 60 30 45 1 20 0 0.00 M M 8.1 20 190 M M 5 24 170
9 64 46 55 11 10 0 0.03 M M 9.1 20 180 M M 9 25 190
10 74 42 58 14 7 0 0.03 M M 8.6 25 220 M M 8 32 220
11 53 24 39 -5 26 0 T M M 7.7 24 290 M M 7 30 290
12 47 22 35 -9 30 0 0.11 M M 8.1 22 280 M M 6 18 35 320
13 52 19 36 -9 29 0 0.00 M M 6.4 21 290 M M 4 24 290
14 56 26 41 -4 24 0 0.00 M M 4.4 15 30 M M 2 18 40
15 67 27 47 2 18 0 0.00 M M 6.0 20 350 M M 4 24 350
16 60 33 47 2 18 0 T M M 11.5 30 240 M M 4 8 39 250
17 55 28 42 -3 23 0 0.00 M M 9.5 25 230 M M 4 35 220
18 49 21 35 -11 30 0 0.00 M M 5.7 15 290 M M 5 19 270
19 51 25 38 -8 27 0 T M M 8.4 32 280 M M 6 8 41 270
20 48 21 35 -11 30 0 0.02 M M 6.6 20 220 M M 6 24 230
21 57 41 49 3 16 0 T M M 8.3 21 290 M M 9 29 290
22 68 39 54 8 11 0 0.01 M M 4.6 14 130 M M 7 17 320
23 65 33 49 2 16 0 0.01 M M 6.6 20 300 M M 6 26 300
24 58 31 45 -2 20 0 0.00 M M 9.2 20 300 M M 4 27 330
25 69 27 48 1 17 0 0.00 M M 4.3 14 340 M M 0 17 340
26 78 30 54 6 11 0 0.00 M M 5.8 14 350 M M 0 18 350
27 77 38 58 10 7 0 0.00 M M 7.3 20 340 M M 0 23 330
28 87 35 61 13 4 0 0.00 M M 7.3 20 330 M M 0 23 330
29 89 42 66 18 0 1 0.00 M M 6.9 21 300 M M 0 24 350
30 77 42 60 11 5 0 0.00 M M 8.8 22 290 M M 1 28 300
================================================================================
SM 1814 915 579 1 0.33 M 233.5 M 143
================================================================================
AV 60.5 30.5 7.8 FASTST M M 5 MAX(MPH)
MISC ----> 33 290 41 270
================================================================================
NOTES:
# LAST OF SEVERAL OCCURRENCES
COLUMN 17 PEAK WIND IN M.P.H.
PRELIMINARY LOCAL CLIMATOLOGICAL DATA (WS FORM: F-6) , PAGE 2
STATION: REDMOND OR
MONTH: APRIL
YEAR: 2023
LATITUDE: 44 16 N
LONGITUDE: 121 9 W
[TEMPERATURE DATA] [PRECIPITATION DATA] SYMBOLS USED IN COLUMN 16
AVERAGE MONTHLY: 45.5 TOTAL FOR MONTH: 0.33 1 = FOG OR MIST
DPTR FM NORMAL: 0.0 DPTR FM NORMAL: -0.38 2 = FOG REDUCING VISIBILITY
HIGHEST: 89 ON 29 GRTST 24HR 0.11 ON 12-12 TO 1/4 MILE OR LESS
LOWEST: 15 ON 5 3 = THUNDER
SNOW, ICE PELLETS, HAIL 4 = ICE PELLETS
TOTAL MONTH: M 5 = HAIL
GRTST 24HR M ON M 6 = FREEZING RAIN OR DRIZZLE
GRTST DEPTH: M ON M 7 = DUSTSTORM OR SANDSTORM:
VSBY 1/2 MILE OR LESS
8 = SMOKE OR HAZE
[NO. OF DAYS WITH] [WEATHER - DAYS WITH] 9 = BLOWING SNOW
X = TORNADO
MAX 32 OR BELOW: 0 0.01 INCH OR MORE: 11
MAX 90 OR ABOVE: 0 0.10 INCH OR MORE: 1
MIN 32 OR BELOW: 19 0.50 INCH OR MORE: 0
MIN 0 OR BELOW: 0 1.00 INCH OR MORE: 0
[HDD (BASE 65) ]
TOTAL THIS MO. 579 CLEAR (SCALE 0-3) 8
DPTR FM NORMAL -8 PTCLDY (SCALE 4-7) 19
TOTAL FM JUL 1 5736 CLOUDY (SCALE 8-10) 3
DPTR FM NORMAL 112
[CDD (BASE 65) ]
TOTAL THIS MO. 1
DPTR FM NORMAL 1 [PRESSURE DATA]
TOTAL FM JAN 1 1 HIGHEST SLP 30.38 ON 20
DPTR FM NORMAL 1 LOWEST SLP 29.65 ON 17
[REMARKS]
#FINAL-04-23#