000
CXUS56 KBOI 011002
CF6REO
PRELIMINARY LOCAL CLIMATOLOGICAL DATA (WS FORM: F-6)
STATION: ROME OR
MONTH: NOVEMBER
YEAR: 2023
LATITUDE: 42 35 N
LONGITUDE: 117 52 W
TEMPERATURE IN F: :PCPN: SNOW: WIND :SUNSHINE: SKY :PK WND
================================================================================
1 2 3 4 5 6A 6B 7 8 9 10 11 12 13 14 15 16 17 18
12Z AVG MX 2MIN
DY MAX MIN AVG DEP HDD CDD WTR SNW DPTH SPD SPD DIR MIN PSBL S-S WX SPD DR
================================================================================
1 59 21 40 -3 25 0 0.00 M M 4.2 10 110 M M 0 12 110
2 60 41 51 8 14 0 0.09 M M 5.7 13 260 M M 0 21 240
3 67 38 53 11 12 0 0.00 M M 5.2 14 230 M M 0 19 230
4 62 43 53 11 12 0 0.03 M M 6.2 32 230 M M 0 42 240
5 60 40 50 8 15 0 0.01 M M 10.6 21 230 M M 0 29 230
6 57 43 50 9 15 0 0.01 M M 11.7 25 230 M M 0 34 220
7 52 27 40 -1 25 0 0.00 M M 7.3 21 310 M M 0 27 320
8 49 18 34 -6 31 0 0.00 M M 5.5 12 160 M M 0 13 160
9 53 13 33 -7 32 0 0.00 M M 3.5 13 200 M M 0 17 200
10 55 31 43 3 22 0 0.00 M M 6.6 14 150 M M 0 20 190
11 63 29 46 7 19 0 0.00 M M 8.1 23 230 M M 0 33 240
12 54 21 38 -1 27 0 0.00 M M 2.8 12 160 M M 0 14 140
13 57 31 44 6 21 0 0.00 M M 4.4 14 180 M M 0 19 210
14 64 21 43 5 22 0 0.00 M M 5.6 14 170 M M 0 17 170
15 64 28 46 8 19 0 0.00 M M 4.0 13 150 M M 0 17 340
16 61 36 49 12 16 0 0.00 M M 7.0 14 160 M M 0 19 200
17 59 23 41 4 24 0 0.00 M M 4.1 10 180 M M 0 13 180
18 59 28 44 8 21 0 0.14 M M 7.3 24 230 M M 0 33 220
19 44 21 33 -3 32 0 0.00 M M 13.1 26 300 M M 0 36 310
20 46 16 31 -5 34 0 0.00 M M 4.9 10 180 M M 0 13 180
21 48 15 32 -3 33 0 0.00 M M 4.3 9 170 M M 0 12 220
22 50 18 34 -1 31 0 0.02 M M 4.8 12 30 M M 0 15 10
23 41 26 34 0 31 0 0.22 M M 7.9 20 360 M M 0 25 360
24 38 25 32 -2 33 0 0.00 M M 4.7 12 250 M M 0 14 260
25 41 15 28 -6 37 0 0.00 M M 3.9 9 180 M M 0 11 160
26 40 11 26 -7 39 0 0.00 M M 3.5 9 160 M M 0 11 30
27 37 8 23 -10 42 0 0.00 M M 4.1 9 60 M M 0 11 20
28 28 6 17 -16 48 0 0.00 M M 4.0 9 170 M M 0 10 170
29 38 7 23 -9 42 0 0.00 M M 3.5 9 160 M M 0 10 40
30 40 20 30 -2 35 0 0.04 M M 4.1 10 240 M M 0 M M
================================================================================
SM 1546 720 809 0 0.56 M 172.6 M 0
================================================================================
AV 51.5 24.0 5.8 FASTST M M 0 MAX(MPH)
MISC ----> 32 230 42 240
================================================================================
NOTES:
# LAST OF SEVERAL OCCURRENCES
COLUMN 17 PEAK WIND IN M.P.H.
PRELIMINARY LOCAL CLIMATOLOGICAL DATA (WS FORM: F-6) , PAGE 2
STATION: ROME OR
MONTH: NOVEMBER
YEAR: 2023
LATITUDE: 42 35 N
LONGITUDE: 117 52 W
[TEMPERATURE DATA] [PRECIPITATION DATA] SYMBOLS USED IN COLUMN 16
AVERAGE MONTHLY: 37.8 TOTAL FOR MONTH: 0.56 1 = FOG OR MIST
DPTR FM NORMAL: 0.4 DPTR FM NORMAL: 0.02 2 = FOG REDUCING VISIBILITY
HIGHEST: 67 ON 3 GRTST 24HR 0.24 ON 22-23 TO 1/4 MILE OR LESS
LOWEST: 6 ON 28 3 = THUNDER
SNOW, ICE PELLETS, HAIL 4 = ICE PELLETS
TOTAL MONTH: M 5 = HAIL
GRTST 24HR M ON M 6 = FREEZING RAIN OR DRIZZLE
GRTST DEPTH: M ON M 7 = DUSTSTORM OR SANDSTORM:
VSBY 1/2 MILE OR LESS
8 = SMOKE OR HAZE
[NO. OF DAYS WITH] [WEATHER - DAYS WITH] 9 = BLOWING SNOW
X = TORNADO
MAX 32 OR BELOW: 1 0.01 INCH OR MORE: 8
MAX 90 OR ABOVE: 0 0.10 INCH OR MORE: 2
MIN 32 OR BELOW: 24 0.50 INCH OR MORE: 0
MIN 0 OR BELOW: 0 1.00 INCH OR MORE: 0
[HDD (BASE 65) ]
TOTAL THIS MO. 809 CLEAR (SCALE 0-3) 30
DPTR FM NORMAL -19 PTCLDY (SCALE 4-7) 0
TOTAL FM JUL 1 1392 CLOUDY (SCALE 8-10) 0
DPTR FM NORMAL -95
[CDD (BASE 65) ]
TOTAL THIS MO. 0
DPTR FM NORMAL 0 [PRESSURE DATA]
TOTAL FM JAN 1 664 HIGHEST SLP M ON M
DPTR FM NORMAL 5 LOWEST SLP 29.65 ON 6
[REMARKS]
#FINAL-11-23#