000
CXUS56 KBOI 011002
CF6REO
PRELIMINARY LOCAL CLIMATOLOGICAL DATA (WS FORM: F-6)
STATION: ROME OR
MONTH: SEPTEMBER
YEAR: 2023
LATITUDE: 42 35 N
LONGITUDE: 117 52 W
TEMPERATURE IN F: :PCPN: SNOW: WIND :SUNSHINE: SKY :PK WND
================================================================================
1 2 3 4 5 6A 6B 7 8 9 10 11 12 13 14 15 16 17 18
12Z AVG MX 2MIN
DY MAX MIN AVG DEP HDD CDD WTR SNW DPTH SPD SPD DIR MIN PSBL S-S WX SPD DR
================================================================================
1 74 55 65 -2 0 0 0.00 M M 8.3 18 340 M M 0 24 360
2 78 48 63 -4 2 0 0.13 M M 6.5 23 170 M M 0 34 180
3 68 56 62 -5 3 0 0.06 M M 5.6 14 160 M M 0 19 160
4 74 52 63 -3 2 0 0.01 M M 7.0 16 240 M M 0 23 240
5 80 45 63 -3 2 0 0.00 M M 5.2 15 160 M M 0 20 160
6 85 54 70 4 0 5 0.01 M M 9.1 36 240 M M 0 53 240
7 86 46 66 1 0 1 0.00 M M 5.8 20 240 M M 0 29 240
8 83 51 67 2 0 2 0.00 M M 7.0 17 260 M M 0 28 270
9 86 45 66 1 0 1 0.00 M M 4.8 17 270 M M 0 22 270
10 87 51 69 5 0 4 0.00 M M 7.5 17 260 M M 0 26 250
11 89 47 68 4 0 3 0.00 M M 6.0 14 160 M M 0 19 150
12 87 48 68 4 0 3 0.00 M M 5.7 17 20 M M 0 22 20
13 82 49 66 3 0 1 0.00 M M 6.7 20 340 M M 0 31 360
14 82 42 62 -1 3 0 0.00 M M 5.8 12 30 M M 0 18 20
15 86 38 62 0 3 0 0.00 M M 5.2 12 70 M M 0 13 240
16 89 41 65 3 0 0 0.00 M M 5.7 14 150 M M 0 17 310
17 88 45 67 5 0 2 0.00 M M 4.9 29 280 M M 0 38 270
18 85 51 68 7 0 3 0.06 M M 3.2 25 270 M M 0 34 270
19 78 42 60 -1 5 0 0.00 M M 6.5 15 350 M M 0 21 360
20 70 33 52 -8 13 0 0.00 M M 9.4 26 310 M M 0 36 320
21 60 35 48 -12 17 0 0.00 M M 5.3 20 250 M M 0 27 260
22 66 37 52 -8 13 0 0.02 M M 6.6 14 150 M M 0 21 220
23 77 32 55 -4 10 0 0.00 M M 5.9 14 150 M M 0 19 260
24 78 46 62 3 3 0 0.00 M M 6.7 18 190 M M 0 24 170
25 82 46 64 6 1 0 0.00 M M 12.0 28 200 M M 0 37 200
26 77 44 61 3 4 0 0.00 M M 10.1 33 220 M M 0 46 220
27 71 41 56 -1 9 0 0.00 M M 10.8 25 250 M M 0 38 260
28 69 30 50 -7 15 0 0.00 M M 4.9 15 270 M M 0 20 260
29 73 31 52 -5 13 0 0.00 M M 6.0 18 320 M M 0 26 340
30 56 45 51 -5 14 0 0.25 M M 8.1 16 20 M M 0 23 10
================================================================================
SM 2346 1326 132 25 0.54 M 202.3 M 0
================================================================================
AV 78.2 44.2 6.7 FASTST M M 0 MAX(MPH)
MISC ----> 36 240 53 240
================================================================================
NOTES:
# LAST OF SEVERAL OCCURRENCES
COLUMN 17 PEAK WIND IN M.P.H.
PRELIMINARY LOCAL CLIMATOLOGICAL DATA (WS FORM: F-6) , PAGE 2
STATION: ROME OR
MONTH: SEPTEMBER
YEAR: 2023
LATITUDE: 42 35 N
LONGITUDE: 117 52 W
[TEMPERATURE DATA] [PRECIPITATION DATA] SYMBOLS USED IN COLUMN 16
AVERAGE MONTHLY: 61.2 TOTAL FOR MONTH: 0.54 1 = FOG OR MIST
DPTR FM NORMAL: -0.9 DPTR FM NORMAL: 0.15 2 = FOG REDUCING VISIBILITY
HIGHEST: 89 ON 16,11 GRTST 24HR 0.25 ON 30-30 TO 1/4 MILE OR LESS
LOWEST: 30 ON 28 3 = THUNDER
SNOW, ICE PELLETS, HAIL 4 = ICE PELLETS
TOTAL MONTH: M 5 = HAIL
GRTST 24HR M ON M 6 = FREEZING RAIN OR DRIZZLE
GRTST DEPTH: M ON M 7 = DUSTSTORM OR SANDSTORM:
VSBY 1/2 MILE OR LESS
8 = SMOKE OR HAZE
[NO. OF DAYS WITH] [WEATHER - DAYS WITH] 9 = BLOWING SNOW
X = TORNADO
MAX 32 OR BELOW: 0 0.01 INCH OR MORE: 7
MAX 90 OR ABOVE: 0 0.10 INCH OR MORE: 2
MIN 32 OR BELOW: 3 0.50 INCH OR MORE: 0
MIN 0 OR BELOW: 0 1.00 INCH OR MORE: 0
[HDD (BASE 65) ]
TOTAL THIS MO. 132 CLEAR (SCALE 0-3) 30
DPTR FM NORMAL -15 PTCLDY (SCALE 4-7) 0
TOTAL FM JUL 1 137 CLOUDY (SCALE 8-10) 0
DPTR FM NORMAL -34
[CDD (BASE 65) ]
TOTAL THIS MO. 25
DPTR FM NORMAL -34 [PRESSURE DATA]
TOTAL FM JAN 1 664 HIGHEST SLP M ON M
DPTR FM NORMAL 8 LOWEST SLP 29.61 ON 1
[REMARKS]
#FINAL-09-23#