000
CXUS53 KGRB 011104
CF6RHI
PRELIMINARY LOCAL CLIMATOLOGICAL DATA (WS FORM: F-6)
STATION: RHINELANDER WI
MONTH: MARCH
YEAR: 2022
LATITUDE: 45 37 N
LONGITUDE: 89 27 W
TEMPERATURE IN F: :PCPN: SNOW: WIND :SUNSHINE: SKY :PK WND
================================================================================
1 2 3 4 5 6A 6B 7 8 9 10 11 12 13 14 15 16 17 18
12Z AVG MX 2MIN
DY MAX MIN AVG DEP HDD CDD WTR SNW DPTH SPD SPD DIR MIN PSBL S-S WX SPD DR
================================================================================
1 31 7 19 -2 46 0 0.00 0.0 12 3.2 13 280 M M 3 1 20 290
2 28 -1 14 -8 51 0 0.01 0.2 12 5.6 14 330 M M 5 1 24 20
3 26 -9 9 -13 56 0 0.00 0.0 11 4.4 14 280 M M 0 18 280
4 36 -3 17 -6 48 0 0.00 0.0 11 4.7 17 110 M M 5 22 110
5 33 27 30 7 35 0 0.50 0.0 11 7.7 18 120 M M 10 126 24 140
6 33 27 30 6 35 0 0.12 0.0 10 7.9 21 270 M M 10 16 29 280
7 28 13 21 -3 44 0 0.07 0.3 10 7.5 16 320 M M 7 27 340
8 37 9 23 -1 42 0 T T 10 10.9 23 210 M M 3 32 190
9 28 7 18 -7 47 0 0.01 0.2 10 13.0 24 270 M M 8 32 260
10 18 -7 6 -19 59 0 0.00 0.0 10 9.4 22 260 M M 1 30 270
11 16 1 9 -17 56 0 0.01 0.2 10 15.1 29 270 M M 5 89 38 260
12 15 -9 3 -23 62 0 0.03 0.3 10 10.4 18 260 M M 2 25 200
13 37 12 25 -2 40 0 0.07 1.5 11 9.5 22 280 M M 6 18 31 270
14 37 20 29 2 36 0 0.01 0.1 10 1.0 7 130 M M 7 12 8 110
15 44 20 32 4 33 0 0.00 0.0 9 6.1 17 220 M M 4 128 24 220
16 54 36 45 17 20 0 0.00 0.0 8 8.1 22 210 M M 2 8 34 220
17 47 28 38 10 27 0 0.00 0.0 7 4.7 12 290 M M 1 1 18 340
18 43 30 37 8 28 0 0.00 0.0 6 6.4 15 70 M M 7 21 100
19 46 25 36 7 29 0 0.00 0.0 5 5.8 13 330 M M 4 21 360
20 55 21 38 8 27 0 0.00 0.0 4 3.0 13 260 M M 0 16 270
21 41 30 36 6 29 0 0.20 0.0 3 13.4 23 90 M M 8 1 32 80
22 35 30 33 3 32 0 0.38 T 2 15.0 22 110 M M 10 16 30 100
23 33 30 32 1 33 0 1.24 6.3 7 9.2 18 70 M M 10 126 28 60
24 37 22 30 -1 35 0 T T 5 4.5 9 320 M M 7 128 17 300
25 34 20 27 -5 38 0 0.11 0.5 5 9.3 20 330 M M 7 12 34 320
26 23 16 20 -12 45 0 0.02 0.7 5 11.4 21 330 M M 9 34 320
27 21 2 12 -20 53 0 0.00 0.0 5 8.1 18 310 M M 4 30 330
28 30 -3 14 -19 51 0 0.00 0.0 5 2.2 9 330 M M 0 14 350
29 35 12 24 -9 41 0 0.21 T 5 10.2 24 120 M M 9 1346 32 120
30 33 29 31 -3 34 0 0.25 T 5 8.5 23 130 M M 10 136 37 130
31 30 25 28 -6 37 0 0.04 0.5 5 9.7 18 330 M M 10 1 33 360
================================================================================
SM 1044 467 1249 0 3.28 10.8 245.9 M 174
================================================================================
AV 33.7 15.1 7.9 FASTST M M 6 MAX(MPH)
MISC ----> 29 270 38 260
================================================================================
NOTES:
# LAST OF SEVERAL OCCURRENCES
COLUMN 17 PEAK WIND IN M.P.H.
PRELIMINARY LOCAL CLIMATOLOGICAL DATA (WS FORM: F-6) , PAGE 2
STATION: RHINELANDER WI
MONTH: MARCH
YEAR: 2022
LATITUDE: 45 37 N
LONGITUDE: 89 27 W
[TEMPERATURE DATA] [PRECIPITATION DATA] SYMBOLS USED IN COLUMN 16
AVERAGE MONTHLY: 24.4 TOTAL FOR MONTH: 3.28 1 = FOG OR MIST
DPTR FM NORMAL: -3.5 DPTR FM NORMAL: 1.76 2 = FOG REDUCING VISIBILITY
HIGHEST: 55 ON 20 GRTST 24HR 1.24 ON 23-23 TO 1/4 MILE OR LESS
LOWEST: -9 ON 12, 3 3 = THUNDER
SNOW, ICE PELLETS, HAIL 4 = ICE PELLETS
TOTAL MONTH: 10.8 INCHES 5 = HAIL
GRTST 24HR 6.3 ON 23-23 6 = FREEZING RAIN OR DRIZZLE
GRTST DEPTH: 12 ON 2, 1 7 = DUSTSTORM OR SANDSTORM:
VSBY 1/2 MILE OR LESS
8 = SMOKE OR HAZE
[NO. OF DAYS WITH] [WEATHER - DAYS WITH] 9 = BLOWING SNOW
X = TORNADO
MAX 32 OR BELOW: 12 0.01 INCH OR MORE: 17
MAX 90 OR ABOVE: 0 0.10 INCH OR MORE: 8
MIN 32 OR BELOW: 30 0.50 INCH OR MORE: 2
MIN 0 OR BELOW: 6 1.00 INCH OR MORE: 1
[HDD (BASE 65) ]
TOTAL THIS MO. 1249 CLEAR (SCALE 0-3) 7
DPTR FM NORMAL 99 PTCLDY (SCALE 4-7) 15
TOTAL FM JUL 1 7689 CLOUDY (SCALE 8-10) 9
DPTR FM NORMAL 79
[CDD (BASE 65) ]
TOTAL THIS MO. 0
DPTR FM NORMAL 0 [PRESSURE DATA]
TOTAL FM JAN 1 0 HIGHEST SLP 30.51 ON 3
DPTR FM NORMAL 0 LOWEST SLP 29.33 ON 31
[REMARKS]
#FINAL-03-22#