000
CXUS53 KGRB 131431
CF6RHI
PRELIMINARY LOCAL CLIMATOLOGICAL DATA (WS FORM: F-6)
STATION: RHINELANDER WI
MONTH: JANUARY
YEAR: 2024
LATITUDE: 45 37 N
LONGITUDE: 89 27 W
TEMPERATURE IN F: :PCPN: SNOW: WIND :SUNSHINE: SKY :PK WND
================================================================================
1 2 3 4 5 6A 6B 7 8 9 10 11 12 13 14 15 16 17 18
12Z AVG MX 2MIN
DY MAX MIN AVG DEP HDD CDD WTR SNW DPTH SPD SPD DIR MIN PSBL S-S WX SPD DR
================================================================================
1 27 18 23 8 42 0 0.00 0.0 0 8.6 17 230 M M 7 25 220
2 29 19 24 9 41 0 T T 0 9.8 20 270 M M 10 1 25 230
3 29 18 24 10 41 0 0.01 0.2 0 5.8 12 310 M M 10 12 19 330
4 20 16 18 4 47 0 0.01 0.2 0 6.5 14 230 M M 10 21 240
5 27 20 24 10 41 0 0.07 0.8 1 4.9 16 260 M M 10 1 22 270
6 31 25 28 14 37 0 0.26 2.4 3 2.9 8 180 M M 10 1 12 170
7 29 21 25 11 40 0 T T 3 4.2 10 310 M M 10 1 16 300
8 25 22 24 10 41 0 T 0.0 3 6.7 14 120 M M 10 1 18 120
9 29 25 27 13 38 0 0.12 1.6 4 7.1 15 20 M M 10 1 27 340
10 29 23 26 13 39 0 0.13 1.7 6 4.9 15 350 M M 10 18 24 40
11 28 16 22 9 43 0 T T 6 5.1 10 240 M M 10 1 14 240
12 25 21 23 10 42 0 0.17 3.2 8 7.9 17 40 M M 10 18 31 50
13 21 4 13 0 52 0 0.05 0.9 8 10.7 17 310 M M 10 18 30 10
14 4 -7 -1 -14 66 0 0.03 0.4 8 12.1 20 270 M M 7 18 25 270
15 3 -13 -5 -18 70 0 0.00 0.0 8 12.1 17 270 M M 0 22 240
16 1 -12 -5 -18 70 0 T T 8 11.0 17 270 M M 5 21 210
17 9 -3 3 -10 62 0 0.01 0.1 8 8.9 17 260 M M 6 24 260
18 8 -13 -2 -15 67 0 T T 7 4.8 9 330 M M 6 15 310
19 12 0 6 -7 59 0 T T 7 5.5 13 350 M M 7 22 340
20 17 -3 7 -6 58 0 0.00 0.0 7 6.0 12 270 M M 2 16 290
21 16 -1 8 -4 57 0 0.00 0.0 7 12.2 22 210 M M 4 29 220
22 26 13 20 8 45 0 0.00 0.0 7 6.5 15 210 M M 7 8 24 200
23 29 22 26 14 39 0 0.00 0.0 7 5.9 10 90 M M 10 M M
24 33 26 30 18 35 0 0.00 0.0 7 2.9 8 230 M M 10 12 12 230
25 36 32 34 22 31 0 0.02 0.0 5 1.7 6 60 M M 10 12 9 70
26 37 34 36 24 29 0 0.00 0.0 4 1.1 6 90 M M 10 12 9 60
27 34 31 33 20 32 0 0.00 0.0 4 3.8 13 270 M M 10 12 17 260
28 37 24 31 18 34 0 T 0.0 3 5.8 10 260 M M 7 1 15 230
29 34 27 31 18 34 0 T 0.0 3 7.8 14 210 M M 10 1 20 290
30 34 31 33 20 32 0 0.00 0.0 3 6.6 12 320 M M 10 18 19 340
31 45 29 37 24 28 0 0.00 0.0 3 9.7 21 270 M M 3 29 230
================================================================================
SM 764 465 1392 0 0.88 11.5 209.5 M 251
================================================================================
AV 24.6 15.0 6.8 FASTST M M 8 MAX(MPH)
MISC ----> 22 210 31 50
================================================================================
NOTES:
# LAST OF SEVERAL OCCURRENCES
COLUMN 17 PEAK WIND IN M.P.H.
PRELIMINARY LOCAL CLIMATOLOGICAL DATA (WS FORM: F-6) , PAGE 2
STATION: RHINELANDER WI
MONTH: JANUARY
YEAR: 2024
LATITUDE: 45 37 N
LONGITUDE: 89 27 W
[TEMPERATURE DATA] [PRECIPITATION DATA] SYMBOLS USED IN COLUMN 16
AVERAGE MONTHLY: 19.8 TOTAL FOR MONTH: 0.88 1 = FOG OR MIST
DPTR FM NORMAL: 6.7 DPTR FM NORMAL: -0.33 2 = FOG REDUCING VISIBILITY
HIGHEST: 45 ON 31 GRTST 24HR 0.46 ON 9- 9 TO 1/4 MILE OR LESS
LOWEST: -13 ON 18,15 3 = THUNDER
SNOW, ICE PELLETS, HAIL 4 = ICE PELLETS
TOTAL MONTH: 11.5 INCHES 5 = HAIL
GRTST 24HR 3.2 ON 12-12 6 = FREEZING RAIN OR DRIZZLE
GRTST DEPTH: 8 ON 17,16 7 = DUSTSTORM OR SANDSTORM:
VSBY 1/2 MILE OR LESS
8 = SMOKE OR HAZE
[NO. OF DAYS WITH] [WEATHER - DAYS WITH] 9 = BLOWING SNOW
X = TORNADO
MAX 32 OR BELOW: 23 0.01 INCH OR MORE: 11
MAX 90 OR ABOVE: 0 0.10 INCH OR MORE: 4
MIN 32 OR BELOW: 30 0.50 INCH OR MORE: 0
MIN 0 OR BELOW: 8 1.00 INCH OR MORE: 0
[HDD (BASE 65) ]
TOTAL THIS MO. 1392 CLEAR (SCALE 0-3) 2
DPTR FM NORMAL -215 PTCLDY (SCALE 4-7) 10
TOTAL FM JUL 1 4402 CLOUDY (SCALE 8-10) 19
DPTR FM NORMAL -689
[CDD (BASE 65) ]
TOTAL THIS MO. 0
DPTR FM NORMAL 0 [PRESSURE DATA]
TOTAL FM JAN 1 0 HIGHEST SLP 30.56 ON 20
DPTR FM NORMAL 0 LOWEST SLP 29.30 ON 9
[REMARKS]
#FINAL-01-24#