000
CXUS53 KGRB 251444
CF6RHI
PRELIMINARY LOCAL CLIMATOLOGICAL DATA (WS FORM: F-6)
STATION: RHINELANDER WI
MONTH: SEPTEMBER
YEAR: 2020
LATITUDE: 45 37 N
LONGITUDE: 89 27 W
TEMPERATURE IN F: :PCPN: SNOW: WIND :SUNSHINE: SKY :PK WND
================================================================================
1 2 3 4 5 6A 6B 7 8 9 10 11 12 13 14 15 16 17 18
12Z AVG MX 2MIN
DY MAX MIN AVG DEP HDD CDD WTR SNW DPTH SPD SPD DIR MIN PSBL S-S WX SPD DR
================================================================================
1 65 42 54 -7 11 0 0.00 0.0 0 5.2 13 210 M M 1 1 20 220
2 74 53 64 3 1 0 0.00 0.0 0 10.0 22 270 M M 0 34 280
3 65 45 55 -6 10 0 0.00 0.0 0 12.8 28 280 M M 5 8 44 260
4 68 42 55 -5 10 0 0.00 0.0 0 10.0 22 280 M M 1 33 270
5 69 42 56 -4 9 0 T 0.0 0 4.9 14 300 M M 1 18 23 320
6 70 44 57 -3 8 0 0.00 0.0 0 9.8 20 290 M M 4 1 32 300
7 62 47 55 -4 10 0 0.00 0.0 0 6.3 23 290 M M 6 33 290
8 50 40 45 -14 20 0 0.00 0.0 0 2.0 9 50 M M 6 14 40
9 49 41 45 -13 20 0 0.36 0.0 0 2.9 5 80 M M 10 M M
10 58 34 46 -12 19 0 0.00 0.0 0 1.7 8 280 M M 5 12 12 300
11 65 32 49 -8 16 0 T 0.0 0 4.9 13 140 M M 5 12 22 160
12 63 52 58 1 7 0 1.41 0.0 0 6.2 13 280 M M 10 13 20 270
13 69 41 55 -2 10 0 0.11 0.0 0 6.0 14 270 M M 7 1 20 260
14 64 37 51 -5 14 0 0.00 0.0 0 5.5 14 190 M M 7 12 24 170
15 75 58 67 11 0 2 0.00 0.0 0 12.0 22 220 M M 2 34 220
16 65 38 52 -3 13 0 0.00 0.0 0 5.9 15 300 M M 3 1 24 340
17 58 34 46 -9 19 0 0.00 0.0 0 2.8 9 320 M M 3 12 17 330
18 57 27 42 -12 23 0 0.00 0.0 0 1.6 9 290 M M 0 1 17 320
19 65 30 48 -6 17 0 0.00 0.0 0 6.7 16 220 M M 1 1 25 210
20 66 45 56 2 9 0 0.00 0.0 0 8.6 18 190 M M 3 30 170
21 71 53 62 9 3 0 T 0.0 0 10.6 17 190 M M 2 29 210
22 80 49 65 12 0 0 0.00 0.0 0 4.4 12 220 M M 0 12 16 230
23 81 48 65 13 0 0 0.45 0.0 0 3.8 14 310 M M 3 123 21 240
24 62 57 60 8 5 0 0.80 0.0 0 5.1 16 100 M M 9 13 23 110
25 75 58 67 16 0 2 0.02 0.0 0 8.1 16 200 M M 8 1 27 200
26 69 55 62 11 3 0 0.18 0.0 0 4.4 13 20 M M 7 1 22 10
27 64 48 56 5 9 0 0.00 0.0 0 7.4 12 260 M M 7 21 280
28 56 42 49 -1 16 0 0.19 0.0 0 5.8 13 320 M M 9 1 19 320
29 53 45 49 -1 16 0 0.04 0.0 0 8.0 15 250 M M 10 18 23 260
30 54 37 46 -3 19 0 0.12 0.0 0 7.7 20 300 M M M 12 34 330
================================================================================
SM 1942 1316 317 4 3.68 0.0 191.1 M 135
================================================================================
AV 64.7 43.9 6.4 FASTST M M 5 MAX(MPH)
MISC ----> 28 280 44 260
================================================================================
NOTES:
# LAST OF SEVERAL OCCURRENCES
COLUMN 17 PEAK WIND IN M.P.H.
PRELIMINARY LOCAL CLIMATOLOGICAL DATA (WS FORM: F-6) , PAGE 2
STATION: RHINELANDER WI
MONTH: SEPTEMBER
YEAR: 2020
LATITUDE: 45 37 N
LONGITUDE: 89 27 W
[TEMPERATURE DATA] [PRECIPITATION DATA] SYMBOLS USED IN COLUMN 16
AVERAGE MONTHLY: 54.3 TOTAL FOR MONTH: 3.68 1 = FOG OR MIST
DPTR FM NORMAL: -1.2 DPTR FM NORMAL: -0.52 2 = FOG REDUCING VISIBILITY
HIGHEST: 81 ON 23 GRTST 24HR 1.41 ON 12-12 TO 1/4 MILE OR LESS
LOWEST: 27 ON 18 3 = THUNDER
SNOW, ICE PELLETS, HAIL 4 = ICE PELLETS
TOTAL MONTH: 0.0 INCH 5 = HAIL
GRTST 24HR 0.0 6 = FREEZING RAIN OR DRIZZLE
GRTST DEPTH: 0 7 = DUSTSTORM OR SANDSTORM:
VSBY 1/2 MILE OR LESS
8 = SMOKE OR HAZE
[NO. OF DAYS WITH] [WEATHER - DAYS WITH] 9 = BLOWING SNOW
X = TORNADO
MAX 32 OR BELOW: 0 0.01 INCH OR MORE: 10
MAX 90 OR ABOVE: 0 0.10 INCH OR MORE: 8
MIN 32 OR BELOW: 3 0.50 INCH OR MORE: 2
MIN 0 OR BELOW: 0 1.00 INCH OR MORE: 1
[HDD (BASE 65) ]
TOTAL THIS MO. 317 CLEAR (SCALE 0-3) 10
DPTR FM NORMAL 12 PTCLDY (SCALE 4-7) 14
TOTAL FM JUL 1 403 CLOUDY (SCALE 8-10) 6
DPTR FM NORMAL -28
[CDD (BASE 65) ]
TOTAL THIS MO. 4
DPTR FM NORMAL -14 [PRESSURE DATA]
TOTAL FM JAN 1 356 HIGHEST SLP 30.52 ON 10
DPTR FM NORMAL 97 LOWEST SLP 29.46 ON 26
[REMARKS]
#FINAL-09-20#