000
CXUS51 KAKQ 011157
CF6RIC
PRELIMINARY LOCAL CLIMATOLOGICAL DATA (WS FORM: F-6)
STATION: RICHMOND VA
MONTH: JULY
YEAR: 2022
LATITUDE: 37 30 N
LONGITUDE: 77 20 W
TEMPERATURE IN F: :PCPN: SNOW: WIND :SUNSHINE: SKY :PK WND
================================================================================
1 2 3 4 5 6A 6B 7 8 9 10 11 12 13 14 15 16 17 18
12Z AVG MX 2MIN
DY MAX MIN AVG DEP HDD CDD WTR SNW DPTH SPD SPD DIR MIN PSBL S-S WX SPD DR
================================================================================
1 91 71 81 2 0 16 0.00 0.0 0 9.2 20 200 M M 6 26 200
2 91 72 82 3 0 17 0.00 0.0 0 10.3 16 210 M M 5 20 200
3 89 69 79 0 0 14 0.00 0.0 0 6.3 17 360 M M 5 8 24 330
4 91 67 79 0 0 14 0.00 0.0 0 4.6 8 100 M M 4 14 20
5 90 71 81 2 0 16 T 0.0 0 9.8 22 190 M M 8 25 240
6 93 71 82 3 0 17 0.03 0.0 0 6.5 15 220 M M 9 18 230
7 89 73 81 2 0 16 0.00 0.0 0 7.0 14 40 M M 9 16 30
8 89 72 81 2 0 16 0.00 0.0 0 5.6 12 130 M M 7 13 150
9 81 67 74 -6 0 9 0.21 0.0 0 8.3 18 30 M M 10 1 24 30
10 73 65 69 -11 0 4 0.04 0.0 0 6.2 13 40 M M 9 1 18 30
11 85 61 73 -7 0 8 0.00 0.0 0 5.9 10 180 M M 2 14 170
12 93 68 81 1 0 16 0.00 0.0 0 9.7 23 30 M M 4 27 30
13 91 69 80 0 0 15 T 0.0 0 5.0 17 210 M M 7 3 21 210
14 90 72 81 1 0 16 0.00 0.0 0 6.3 13 10 M M 7 16 20
15 89 68 79 -1 0 14 T 0.0 0 5.8 20 60 M M 7 24 70
16 89 66 78 -2 0 13 0.03 0.0 0 4.7 22 240 M M 7 13 26 240
17 93 67 80 0 0 15 0.00 0.0 0 6.8 24 200 M M 7 31 200
18 94 74 84 4 0 19 0.00 0.0 0 12.2 21 190 M M 6 25 180
19 92 74 83 3 0 18 0.05 0.0 0 6.0 13 270 M M 6 1 16 360
20 95 71 83 3 0 18 0.00 0.0 0 6.9 18 210 M M 4 23 220
21 98 73 86 6 0 21 0.19 0.0 0 9.6 21 290 M M 6 138 27 270
22 94 72 83 3 0 18 0.00 0.0 0 7.1 15 200 M M 5 21 180
23 97 72 85 5 0 20 0.00 0.0 0 4.7 16 310 M M 4 1 22 320
24 98 74 86 7 0 21 0.00 0.0 0 8.2 16 200 M M 4 21 200
25 95 75 85 6 0 20 0.02 0.0 0 12.0 26 280 M M 6 3 33 280
26 91 73 82 3 0 17 0.28 0.0 0 6.9 29 340 M M 8 13 37 320
27 93 73 83 4 0 18 0.05 0.0 0 8.0 16 230 M M 7 1 20 230
28 96 74 85 6 0 20 0.00 0.0 0 8.1 18 280 M M 7 24 280
29 93 75 84 5 0 19 0.40 0.0 0 4.9 23 310 M M 7 13 31 320
30 89 71 80 1 0 15 T 0.0 0 5.7 14 340 M M 7 20 50
31 80 71 76 -3 0 11 0.18 0.0 0 4.3 14 150 M M 8 1 17 140
================================================================================
SM 2812 2191 0 491 1.48 0.0 222.6 M 198
================================================================================
AV 90.7 70.7 7.2 FASTST M M 6 MAX(MPH)
MISC ----> 29 340 37 320
================================================================================
NOTES:
# LAST OF SEVERAL OCCURRENCES
COLUMN 17 PEAK WIND IN M.P.H.
PRELIMINARY LOCAL CLIMATOLOGICAL DATA (WS FORM: F-6) , PAGE 2
STATION: RICHMOND VA
MONTH: JULY
YEAR: 2022
LATITUDE: 37 30 N
LONGITUDE: 77 20 W
[TEMPERATURE DATA] [PRECIPITATION DATA] SYMBOLS USED IN COLUMN 16
AVERAGE MONTHLY: 80.7 TOTAL FOR MONTH: 1.48 1 = FOG OR MIST
DPTR FM NORMAL: 1.3 DPTR FM NORMAL: -2.89 2 = FOG REDUCING VISIBILITY
HIGHEST: 98 ON 24,21 GRTST 24HR 1.36 ON 30- 1 TO 1/4 MILE OR LESS
LOWEST: 61 ON 11 3 = THUNDER
SNOW, ICE PELLETS, HAIL 4 = ICE PELLETS
TOTAL MONTH: 0.0 INCH 5 = HAIL
GRTST 24HR 0.0 6 = FREEZING RAIN OR DRIZZLE
GRTST DEPTH: 0 7 = DUSTSTORM OR SANDSTORM:
VSBY 1/2 MILE OR LESS
8 = SMOKE OR HAZE
[NO. OF DAYS WITH] [WEATHER - DAYS WITH] 9 = BLOWING SNOW
X = TORNADO
MAX 32 OR BELOW: 0 0.01 INCH OR MORE: 11
MAX 90 OR ABOVE: 21 0.10 INCH OR MORE: 5
MIN 32 OR BELOW: 0 0.50 INCH OR MORE: 0
MIN 0 OR BELOW: 0 1.00 INCH OR MORE: 0
[HDD (BASE 65) ]
TOTAL THIS MO. 0 CLEAR (SCALE 0-3) 1
DPTR FM NORMAL 0 PTCLDY (SCALE 4-7) 24
TOTAL FM JUL 1 0 CLOUDY (SCALE 8-10) 6
DPTR FM NORMAL 0
[CDD (BASE 65) ]
TOTAL THIS MO. 491
DPTR FM NORMAL 46 [PRESSURE DATA]
TOTAL FM JAN 1 1044 HIGHEST SLP 30.21 ON 31
DPTR FM NORMAL 123 LOWEST SLP 29.73 ON 21
[REMARKS]
#FINAL-07-22#