000
CXUS51 KAKQ 010810
CF6RIC
PRELIMINARY LOCAL CLIMATOLOGICAL DATA (WS FORM: F-6)
STATION: RICHMOND VA
MONTH: NOVEMBER
YEAR: 2021
LATITUDE: 37 30 N
LONGITUDE: 77 20 W
TEMPERATURE IN F: :PCPN: SNOW: WIND :SUNSHINE: SKY :PK WND
================================================================================
1 2 3 4 5 6A 6B 7 8 9 10 11 12 13 14 15 16 17 18
12Z AVG MX 2MIN
DY MAX MIN AVG DEP HDD CDD WTR SNW DPTH SPD SPD DIR MIN PSBL S-S WX SPD DR
================================================================================
1 69 43 56 2 9 0 0.00 0.0 0 3.7 14 30 M M 3 21 20
2 52 45 49 -5 16 0 0.09 0.0 0 5.0 14 10 M M 8 1 18 10
3 55 38 47 -7 18 0 0.00 0.0 0 5.5 15 30 M M 6 1 19 30
4 52 36 44 -9 21 0 0.00 0.0 0 5.5 12 30 M M 7 14 30
5 56 33 45 -8 20 0 0.00 0.0 0 7.7 20 20 M M 4 28 30
6 53 34 44 -8 21 0 T 0.0 0 10.3 18 20 M M 7 24 20
7 57 41 49 -3 16 0 0.00 0.0 0 11.2 21 10 M M 6 27 10
8 71 40 56 4 9 0 0.00 0.0 0 7.3 20 360 M M 0 27 360
9 76 40 58 6 7 0 0.00 0.0 0 3.6 13 210 M M 1 16 180
10 76 43 60 9 5 0 0.00 0.0 0 3.5 13 30 M M 3 15 20
11 70 43 57 6 8 0 0.03 0.0 0 7.0 16 150 M M 5 1 21 160
12 71 43 57 6 8 0 0.11 0.0 0 7.8 17 290 M M 5 1 21 220
13 64 34 49 -1 16 0 0.00 0.0 0 8.9 28 280 M M 2 33 280
14 55 29 42 -8 23 0 0.00 0.0 0 6.3 18 200 M M 6 23 150
15 53 37 45 -5 20 0 0.00 0.0 0 9.9 21 300 M M 2 27 300
16 59 36 48 -1 17 0 0.00 0.0 0 4.8 13 200 M M 5 16 200
17 73 38 56 7 9 0 0.00 0.0 0 6.1 21 200 M M 3 24 200
18 77 48 63 14 2 0 0.24 0.0 0 13.3 31 220 M M 3 1 38 220
19 53 34 44 -4 21 0 T 0.0 0 9.5 21 320 M M 2 26 350
20 51 29 40 -8 25 0 0.00 0.0 0 2.7 9 200 M M 4 14 150
21 60 34 47 -1 18 0 0.00 0.0 0 4.4 18 230 M M 9 23 230
22 55 38 47 -1 18 0 0.04 0.0 0 6.9 23 360 M M 9 1 31 10
23 47 30 39 -8 26 0 0.00 0.0 0 10.4 22 340 M M 1 27 340
24 50 25 38 -9 27 0 0.00 0.0 0 2.4 8 250 M M 2 13 290
25 63 30 47 0 18 0 T 0.0 0 8.1 15 230 M M 6 17 200
26 55 32 44 -2 21 0 0.19 0.0 0 12.7 26 310 M M 5 1 33 280
27 47 27 37 -9 28 0 0.00 0.0 0 6.3 16 310 M M 3 22 320
28 62 36 49 3 16 0 0.00 0.0 0 6.9 17 360 M M 7 23 360
29 50 27 39 -7 26 0 0.00 0.0 0 9.0 23 330 M M 3 29 330
30 58 27 43 -2 22 0 0.00 0.0 0 8.5 23 220 M M 4 29 210
================================================================================
SM 1790 1070 511 0 0.70 0.0 215.2 M 131
================================================================================
AV 59.7 35.7 7.2 FASTST M M 4 MAX(MPH)
MISC ----> 31 220 38 220
================================================================================
NOTES:
# LAST OF SEVERAL OCCURRENCES
COLUMN 17 PEAK WIND IN M.P.H.
PRELIMINARY LOCAL CLIMATOLOGICAL DATA (WS FORM: F-6) , PAGE 2
STATION: RICHMOND VA
MONTH: NOVEMBER
YEAR: 2021
LATITUDE: 37 30 N
LONGITUDE: 77 20 W
[TEMPERATURE DATA] [PRECIPITATION DATA] SYMBOLS USED IN COLUMN 16
AVERAGE MONTHLY: 47.7 TOTAL FOR MONTH: 0.70 1 = FOG OR MIST
DPTR FM NORMAL: -1.9 DPTR FM NORMAL: -2.36 2 = FOG REDUCING VISIBILITY
HIGHEST: 77 ON 18 GRTST 24HR 0.24 ON 18-18 TO 1/4 MILE OR LESS
LOWEST: 25 ON 24 3 = THUNDER
SNOW, ICE PELLETS, HAIL 4 = ICE PELLETS
TOTAL MONTH: 0.0 INCH 5 = HAIL
GRTST 24HR 0.0 6 = FREEZING RAIN OR DRIZZLE
GRTST DEPTH: 0 7 = DUSTSTORM OR SANDSTORM:
VSBY 1/2 MILE OR LESS
8 = SMOKE OR HAZE
[NO. OF DAYS WITH] [WEATHER - DAYS WITH] 9 = BLOWING SNOW
X = TORNADO
MAX 32 OR BELOW: 0 0.01 INCH OR MORE: 6
MAX 90 OR ABOVE: 0 0.10 INCH OR MORE: 3
MIN 32 OR BELOW: 9 0.50 INCH OR MORE: 0
MIN 0 OR BELOW: 0 1.00 INCH OR MORE: 0
[HDD (BASE 65) ]
TOTAL THIS MO. 511 CLEAR (SCALE 0-3) 11
DPTR FM NORMAL 46 PTCLDY (SCALE 4-7) 17
TOTAL FM JUL 1 565 CLOUDY (SCALE 8-10) 2
DPTR FM NORMAL -119
[CDD (BASE 65) ]
TOTAL THIS MO. 0
DPTR FM NORMAL -3 [PRESSURE DATA]
TOTAL FM JAN 1 1768 HIGHEST SLP 30.60 ON 20
DPTR FM NORMAL 209 LOWEST SLP 29.76 ON 26
[REMARKS]
#FINAL-11-21#