000
CXUS55 KGJT 011010
CF6RIL
PRELIMINARY LOCAL CLIMATOLOGICAL DATA (WS FORM: F-6)
STATION: RIFLE CO
MONTH: NOVEMBER
YEAR: 2022
LATITUDE: 39 31 N
LONGITUDE: 107 43 W
TEMPERATURE IN F: :PCPN: SNOW: WIND :SUNSHINE: SKY :PK WND
================================================================================
1 2 3 4 5 6A 6B 7 8 9 10 11 12 13 14 15 16 17 18
12Z AVG MX 2MIN
DY MAX MIN AVG DEP HDD CDD WTR SNW DPTH SPD SPD DIR MIN PSBL S-S WX SPD DR
================================================================================
1 59 26 43 0 22 0 0.00 M M 2.9 10 110 M M 0 13 90
2 65 37 51 9 14 0 T M M 10.6 32 180 M M 1 45 190
3 48 33 41 -1 24 0 0.54 M M 6.8 26 260 M M 10 1 33 250
4 40 30 35 -7 30 0 0.00 M M 7.3 16 300 M M 7 22 300
5 48 33 41 0 24 0 0.00 M M 4.2 16 260 M M 9 21 260
6 48 34 41 0 24 0 0.01 M M 2.4 12 300 M M 8 17 300
7 68 33 51 11 14 0 0.00 M M 6.1 16 270 M M 2 23 240
8 67 33 50 10 15 0 0.00 M M 10.5 35 210 M M 0 50 190
9 63 32 48 9 17 0 0.14 M M 17.6 52 260 M M 4 1 67 260
10 40 24 32 -7 33 0 0.07 M M 6.7 22 260 M M 7 1 29 270
11 38 17 28 -10 37 0 0.00 M M 2.7 10 150 M M 1 14 320
12 40 16 28 -10 37 0 0.00 M M 2.3 8 120 M M 0 11 60
13 50 18 34 -4 31 0 0.00 M M 4.6 20 260 M M 3 28 310
14 42 23 33 -4 32 0 0.00 M M 5.8 17 280 M M 6 22 330
15 39 18 29 -8 36 0 0.00 M M 7.2 18 360 M M 3 24 360
16 41 12 27 -9 38 0 0.00 M M 2.4 7 170 M M 2 10 290
17 42 13 28 -8 37 0 0.00 M M 4.2 15 250 M M 1 22 280
18 38 13 26 -9 39 0 0.00 M M 6.5 20 320 M M 3 27 320
19 41 9 25 -10 40 0 0.00 M M 2.5 8 150 M M 0 11 120
20 45 10 28 -6 37 0 0.00 M M 2.6 9 210 M M 0 10 80
21 47 11 29 -5 36 0 0.00 M M 2.1 8 160 M M 0 10 280
22 46 11 29 -5 36 0 0.00 M M 1.8 7 170 M M 0 9 210
23 38 11 25 -8 40 0 T M M 3.5 10 60 M M 3 12 290
24 46 18 32 -1 33 0 0.00 M M 4.5 10 310 M M 2 15 310
25 50 15 33 1 32 0 0.00 M M 2.3 8 120 M M 0 10 110
26 45 16 31 -1 34 0 T M M 4.6 15 300 M M 3 21 340
27 44 30 37 6 28 0 0.00 M M 7.6 20 250 M M 8 24 240
28 42 21 32 1 33 0 T M M 5.1 33 310 M M 5 1 43 310
29 32 8 20 -11 45 0 0.03 M M 8.5 28 310 M M 6 1 35 310
30 35 5 20 -10 45 0 0.00 M M 1.8 8 100 M M 1 9 270
================================================================================
SM 1387 610 943 0 0.79 M 157.7 M 95
================================================================================
AV 46.2 20.3 5.3 FASTST M M 3 MAX(MPH)
MISC ----> 52 260 67 260
================================================================================
NOTES:
# LAST OF SEVERAL OCCURRENCES
COLUMN 17 PEAK WIND IN M.P.H.
PRELIMINARY LOCAL CLIMATOLOGICAL DATA (WS FORM: F-6) , PAGE 2
STATION: RIFLE CO
MONTH: NOVEMBER
YEAR: 2022
LATITUDE: 39 31 N
LONGITUDE: 107 43 W
[TEMPERATURE DATA] [PRECIPITATION DATA] SYMBOLS USED IN COLUMN 16
AVERAGE MONTHLY: 33.3 TOTAL FOR MONTH: 0.79 1 = FOG OR MIST
DPTR FM NORMAL: -3.2 DPTR FM NORMAL: 0.16 2 = FOG REDUCING VISIBILITY
HIGHEST: 68 ON 7 GRTST 24HR 0.54 ON 2- 3 TO 1/4 MILE OR LESS
LOWEST: 5 ON 30 3 = THUNDER
SNOW, ICE PELLETS, HAIL 4 = ICE PELLETS
TOTAL MONTH: M 5 = HAIL
GRTST 24HR M ON M 6 = FREEZING RAIN OR DRIZZLE
GRTST DEPTH: M ON M 7 = DUSTSTORM OR SANDSTORM:
VSBY 1/2 MILE OR LESS
8 = SMOKE OR HAZE
[NO. OF DAYS WITH] [WEATHER - DAYS WITH] 9 = BLOWING SNOW
X = TORNADO
MAX 32 OR BELOW: 1 0.01 INCH OR MORE: 5
MAX 90 OR ABOVE: 0 0.10 INCH OR MORE: 2
MIN 32 OR BELOW: 24 0.50 INCH OR MORE: 1
MIN 0 OR BELOW: 0 1.00 INCH OR MORE: 0
[HDD (BASE 65) ]
TOTAL THIS MO. 943 CLEAR (SCALE 0-3) 18
DPTR FM NORMAL 88 PTCLDY (SCALE 4-7) 8
TOTAL FM JUL 1 1465 CLOUDY (SCALE 8-10) 4
DPTR FM NORMAL 13
[CDD (BASE 65) ]
TOTAL THIS MO. 0
DPTR FM NORMAL 0 [PRESSURE DATA]
TOTAL FM JAN 1 855 HIGHEST SLP 30.73 ON 16
DPTR FM NORMAL 224 LOWEST SLP 29.43 ON 9
[REMARKS]
#FINAL-11-22#