000
CXUS55 KRIW 011110
CF6RIW
PRELIMINARY LOCAL CLIMATOLOGICAL DATA (WS FORM: F-6)
STATION: RIVERTON WY
MONTH: FEBRUARY
YEAR: 2021
LATITUDE: 43 2 N
LONGITUDE: 108 27 W
TEMPERATURE IN F: :PCPN: SNOW: WIND :SUNSHINE: SKY :PK WND
================================================================================
1 2 3 4 5 6A 6B 7 8 9 10 11 12 13 14 15 16 17 18
12Z AVG MX 2MIN
DY MAX MIN AVG DEP HDD CDD WTR SNW DPTH SPD SPD DIR MIN PSBL S-S WX SPD DR
================================================================================
1 42 14 28 7 37 0 0.00 0.0 0 4.5 12 310 M M 0 13 310
2 46 15 31 10 34 0 0.00 0.0 0 3.9 12 320 M M 0 13 320
3 47 17 32 11 33 0 T T 0 12.2 37 300 M M 3 49 300
4 35 12 24 3 41 0 0.00 0.0 0 21.9 40 300 M M 1 52 300
5 42 20 31 9 34 0 0.00 0.0 0 16.4 37 300 M M 2 53 290
6 30 11 21 -1 44 0 0.00 0.0 0 7.3 21 10 M M 1 28 30
7 28 -2 13 -9 52 0 0.00 0.0 0 11.1 21 60 M M 4 27 70
8 24 -6 9 -13 56 0 0.00 0.0 0 4.9 14 360 M M 0 17 10
9 25 -7 9 -13 56 0 0.00 0.0 0 8.2 23 50 M M 0 29 40
10 23 -9 7 -16 58 0 0.00 0.0 0 8.3 21 50 M M 0 26 50
11 7 -12 -2 -25 67 0 T T T 8.2 13 90 M M 6 18 20 90
12 2 -10 -4 -27 69 0 0.02 T T 7.2 14 50 M M 10 1 18 50
13 1 -15 -7 -30 72 0 0.06 0.4 T 4.9 13 100 M M 7 18 16 70
14 5 -13 -4 -28 69 0 0.00 0.0 1 4.6 12 110 M M 5 8 13 110
15 19 -12 4 -20 61 0 0.00 0.0 1 2.4 9 240 M M 1 8 11 80
16 31 -1 15 -9 50 0 0.00 0.0 1 3.8 10 220 M M 1 13 60
17 31 13 22 -3 43 0 0.06 0.9 T 6.4 16 30 M M 7 1 22 50
18 29 5 17 -8 48 0 T T 1 6.0 13 280 M M 4 1 15 280
19 43 12 28 2 37 0 0.00 0.0 T 10.4 39 290 M M 3 52 290
20 41 15 28 2 37 0 0.07 1.7 T 7.8 24 10 M M 4 18 32 10
21 40 14 27 1 38 0 0.00 0.0 2 25.7 46 290 M M 0 8 61 280
22 56 28 42 15 23 0 0.00 0.0 T 27.8 49 300 M M 0 8 66 290
23 48 20 34 7 31 0 0.00 0.0 0 17.8 41 300 M M 0 53 320
24 33 11 22 -6 43 0 0.00 0.0 0 9.9 20 40 M M 1 27 50
25 39 6 23 -5 42 0 0.00 0.0 0 7.9 23 310 M M 0 33 310
26 39 12 26 -2 39 0 0.00 0.0 0 10.6 31 270 M M 2 43 270
27 27 11 19 -10 46 0 0.06 0.4 0 9.8 23 10 M M 8 12 28 20
28 35 9 22 -7 43 0 0.00 0.0 T 9.0 20 310 M M 0 28 310
================================================================================
SM 868 158 1303 0 0.27 3.4 278.9 M 70
================================================================================
AV 31.0 5.6 10.0 FASTST M M 3 MAX(MPH)
MISC ----> 49 300 66 290
================================================================================
NOTES:
# LAST OF SEVERAL OCCURRENCES
COLUMN 17 PEAK WIND IN M.P.H.
PRELIMINARY LOCAL CLIMATOLOGICAL DATA (WS FORM: F-6) , PAGE 2
STATION: RIVERTON WY
MONTH: FEBRUARY
YEAR: 2021
LATITUDE: 43 2 N
LONGITUDE: 108 27 W
[TEMPERATURE DATA] [PRECIPITATION DATA] SYMBOLS USED IN COLUMN 16
AVERAGE MONTHLY: 18.3 TOTAL FOR MONTH: 0.27 1 = FOG OR MIST
DPTR FM NORMAL: -6.0 DPTR FM NORMAL: 0.00 2 = FOG REDUCING VISIBILITY
HIGHEST: 56 ON 22 GRTST 24HR 0.07 ON 12-13 TO 1/4 MILE OR LESS
LOWEST: -15 ON 13 3 = THUNDER
SNOW, ICE PELLETS, HAIL 4 = ICE PELLETS
TOTAL MONTH: 3.4 INCHES 5 = HAIL
GRTST 24HR 1.7 ON 20-20 6 = FREEZING RAIN OR DRIZZLE
GRTST DEPTH: 2 ON 21 7 = DUSTSTORM OR SANDSTORM:
VSBY 1/2 MILE OR LESS
8 = SMOKE OR HAZE
[NO. OF DAYS WITH] [WEATHER - DAYS WITH] 9 = BLOWING SNOW
X = TORNADO
MAX 32 OR BELOW: 14 0.01 INCH OR MORE: 5
MAX 90 OR ABOVE: 0 0.10 INCH OR MORE: 0
MIN 32 OR BELOW: 28 0.50 INCH OR MORE: 0
MIN 0 OR BELOW: 10 1.00 INCH OR MORE: 0
[HDD (BASE 65) ]
TOTAL THIS MO. 1303 CLEAR (SCALE 0-3) 18
DPTR FM NORMAL 164 PTCLDY (SCALE 4-7) 9
TOTAL FM JUL 1 5778 CLOUDY (SCALE 8-10) 1
DPTR FM NORMAL -78
[CDD (BASE 65) ]
TOTAL THIS MO. 0
DPTR FM NORMAL 0 [PRESSURE DATA]
TOTAL FM JAN 1 0 HIGHEST SLP 30.48 ON 24
DPTR FM NORMAL 0 LOWEST SLP 29.60 ON 5
[REMARKS]
#FINAL-02-21#