000
CXUS54 KCRP 011210
CF6RKP
PRELIMINARY LOCAL CLIMATOLOGICAL DATA (WS FORM: F-6)
STATION: ROCKPORT
MONTH: MARCH
YEAR: 2021
LATITUDE: 28 4 N
LONGITUDE: 97 3 W
TEMPERATURE IN F: :PCPN: SNOW: WIND :SUNSHINE: SKY :PK WND
================================================================================
1 2 3 4 5 6A 6B 7 8 9 10 11 12 13 14 15 16 17 18
12Z AVG MX 2MIN
DY MAX MIN AVG DEP HDD CDD WTR SNW DPTH SPD SPD DIR MIN PSBL S-S WX SPD DR
================================================================================
1 68 51 60 -3 5 0 0.07 0.0 0 15.9 29 360 M M 10 12 36 10
2 64 48 56 -7 9 0 0.00 0.0 0 10.7 23 350 M M 7 29 340
3 66 44 55 -8 10 0 0.00 0.0 0 7.8 16 110 M M 2 12 20 120
4 71 52 62 -1 3 0 0.00 0.0 0 10.3 17 110 M M 0 21 110
5 79 58 69 6 0 4 T 0.0 0 5.9 22 360 M M 6 1 28 360
6 70 56 63 -1 2 0 0.00 0.0 0 12.1 22 20 M M 4 27 340
7 71 52 62 -2 3 0 0.00 0.0 0 13.1 18 100 M M 3 23 70
8 73 59 66 2 0 1 0.00 0.0 0 11.2 17 100 M M 6 23 100
9 77 61 69 5 0 4 0.00 0.0 0 12.3 22 140 M M 0 18 27 150
10 78 65 72 8 0 7 0.00 0.0 0 13.3 20 140 M M 4 18 29 130
11 79 67 73 8 0 8 0.00 0.0 0 13.3 21 140 M M 7 18 25 140
12 80 69 75 10 0 10 T 0.0 0 14.3 22 130 M M 8 18 29 140
13 80 69 75 10 0 10 T 0.0 0 16.0 24 130 M M 8 18 30 130
14 73 59 66 1 0 1 0.04 0.0 0 11.0 24 330 M M 9 1 28 340
15 71 63 67 2 0 2 0.00 0.0 0 5.6 10 140 M M 10 12 12 140
16 79 67 73 7 0 8 0.00 0.0 0 9.5 20 140 M M 9 128 24 130
17 88 65 77 11 0 12 0.02 0.0 0 13.2 25 340 M M 5 18 33 350
18 78 52 65 -1 0 0 0.00 0.0 0 13.7 29 360 M M 0 38 10
19 73 51 62 -4 3 0 0.00 0.0 0 9.2 21 20 M M 0 24 10
20 68 50 59 -7 6 0 0.00 0.0 0 12.0 16 120 M M 0 22 120
21 73 56 65 -2 0 0 0.00 0.0 0 11.5 18 120 M M 0 22 130
22 77 64 71 4 0 6 0.00 0.0 0 13.3 22 140 M M 5 18 29 140
23 83 66 75 8 0 10 T 0.0 0 8.0 16 110 M M 3 18 19 120
24 76 67 72 5 0 7 0.00 0.0 0 11.0 21 120 M M 10 128 26 120
25 87 64 76 8 0 11 T 0.0 0 11.2 33 340 M M 3 1 39 340
26 79 63 71 3 0 6 0.00 0.0 0 12.1 20 80 M M 2 1 25 70
27 79 70 75 7 0 10 0.00 0.0 0 11.4 20 150 M M 9 128 26 150
28 73 58 66 -2 0 1 0.05 0.0 0 13.5 29 10 M M 9 1 40 360
29 73 55 64 -4 1 0 T 0.0 0 10.0 15 120 M M 6 M M
30 80 66 73 4 0 8 0.00 0.0 0 10.7 21 150 M M 9 18 27 130
31 82 65 74 5 0 9 0.00 0.0 0 12.0 29 30 M M 10 128 36 50
================================================================================
SM 2348 1852 42 135 0.18 0.0 355.1 M 164
================================================================================
AV 75.7 59.7 11.5 FASTST M M 5 MAX(MPH)
MISC ----> 33 340 40 360
================================================================================
NOTES:
# LAST OF SEVERAL OCCURRENCES
COLUMN 17 PEAK WIND IN M.P.H.
PRELIMINARY LOCAL CLIMATOLOGICAL DATA (WS FORM: F-6) , PAGE 2
STATION: ROCKPORT
MONTH: MARCH
YEAR: 2021
LATITUDE: 28 4 N
LONGITUDE: 97 3 W
[TEMPERATURE DATA] [PRECIPITATION DATA] SYMBOLS USED IN COLUMN 16
AVERAGE MONTHLY: 67.7 TOTAL FOR MONTH: 0.18 1 = FOG OR MIST
DPTR FM NORMAL: 2.0 DPTR FM NORMAL: -1.99 2 = FOG REDUCING VISIBILITY
HIGHEST: 88 ON 17 GRTST 24HR 0.07 ON 1- 1 TO 1/4 MILE OR LESS
LOWEST: 44 ON 3 3 = THUNDER
SNOW, ICE PELLETS, HAIL 4 = ICE PELLETS
TOTAL MONTH: 0.0 INCH 5 = HAIL
GRTST 24HR 0.0 6 = FREEZING RAIN OR DRIZZLE
GRTST DEPTH: 0 7 = DUSTSTORM OR SANDSTORM:
VSBY 1/2 MILE OR LESS
8 = SMOKE OR HAZE
[NO. OF DAYS WITH] [WEATHER - DAYS WITH] 9 = BLOWING SNOW
X = TORNADO
MAX 32 OR BELOW: 0 0.01 INCH OR MORE: 4
MAX 90 OR ABOVE: 0 0.10 INCH OR MORE: 0
MIN 32 OR BELOW: 0 0.50 INCH OR MORE: 0
MIN 0 OR BELOW: 0 1.00 INCH OR MORE: 0
[HDD (BASE 65) ]
TOTAL THIS MO. 42 CLEAR (SCALE 0-3) 10
DPTR FM NORMAL -35 PTCLDY (SCALE 4-7) 11
TOTAL FM JUL 1 760 CLOUDY (SCALE 8-10) 10
DPTR FM NORMAL -100
[CDD (BASE 65) ]
TOTAL THIS MO. 135
DPTR FM NORMAL 38 [PRESSURE DATA]
TOTAL FM JAN 1 216 HIGHEST SLP 30.44 ON 8
DPTR FM NORMAL 67 LOWEST SLP 29.53 ON 25
[REMARKS]
#FINAL-03-21#