236
CXUS52 KFFC 011110
CF6RMG
PRELIMINARY LOCAL CLIMATOLOGICAL DATA (WS FORM: F-6)
STATION: ROME
MONTH: DECEMBER
YEAR: 2020
LATITUDE: 34 20 N
LONGITUDE: 85 10 W
TEMPERATURE IN F: :PCPN: SNOW: WIND :SUNSHINE: SKY :PK WND
================================================================================
1 2 3 4 5 6A 6B 7 8 9 10 11 12 13 14 15 16 17 18
12Z AVG MX 2MIN
DY MAX MIN AVG DEP HDD CDD WTR SNW DPTH SPD SPD DIR MIN PSBL S-S WX SPD DR
================================================================================
1 43 26 35 -11 30 0 0.00 M M 7.0 16 310 M M 1 25 320
2 53 21 37 -8 28 0 0.00 M M 3.2 14 340 M M 0 18 330
3 59 24 42 -3 23 0 0.00 M M 2.7 10 130 M M 4 14 140
4 53 38 46 1 19 0 0.60 M M 4.3 22 290 M M 8 1 32 310
5 59 32 46 1 19 0 0.00 0.0 M 2.1 10 250 M M 1 1 17 250
6 58 30 44 0 21 0 0.00 0.0 M 2.6 10 230 M M 3 1 16 240
7 48 33 41 -3 24 0 0.00 M M 7.1 20 350 M M 8 1 29 320
8 50 27 39 -5 26 0 0.00 M M 4.6 15 330 M M 0 20 320
9 60 25 43 -1 22 0 0.00 M M 1.5 8 230 M M 0 18 12 240
10 69 32 51 8 14 0 0.00 M M 0.9 7 190 M M 0 1 10 170
11 67 32 50 7 15 0 0.00 M M 0.4 7 100 M M 0 8 9 190
12 66 48 57 14 8 0 0.18 M M 3.5 15 190 M M 9 12 23 180
13 65 43 54 11 11 0 0.47 M M 2.2 10 330 M M 7 12 14 340
14 54 39 47 4 18 0 1.12 M M 12.3 30 330 M M 9 1 40 330
15 54 31 43 1 22 0 0.00 M M 5.6 17 100 M M 2 24 100
16 47 41 44 2 21 0 0.10 M M 4.6 12 280 M M 10 18 17 120
17 44 27 36 -6 29 0 0.00 M M 5.6 13 320 M M 6 20 290
18 51 24 38 -4 27 0 0.00 M M 3.1 10 360 M M 0 18 15 330
19 55 25 40 -2 25 0 0.00 M M 3.6 13 160 M M 3 18 150
20 56 38 47 5 18 0 0.01 M M 1.2 9 140 M M 9 12 14 140
21 58 35 47 5 18 0 0.00 0.0 M 3.7 15 220 M M 4 12 22 250
22 62 30 46 4 19 0 0.00 M M 2.9 14 20 M M 0 19 10
23 61 29 45 4 20 0 0.01 M M 5.7 17 160 M M 2 1 26 160
24 56 30 43 2 22 0 1.56 T M 8.3 21 320 M M 10 1 32 300
25 33 24 29 -12 36 0 T M M 8.2 18 300 M M 2 28 280
26 47 18 33 -8 32 0 0.00 M M 1.6 12 180 M M 0 16 170
27 59 23 41 0 24 0 0.00 M M 2.6 12 180 M M 0 16 180
28 57 30 44 3 21 0 0.00 M M 0.9 7 190 M M 5 12 11 180
29 60 31 46 5 19 0 0.00 M M 1.6 9 20 M M 3 12 14 20
30 58 39 49 8 16 0 0.00 M M 5.9 16 140 M M 7 24 150
31 60 49 55 14 10 0 0.05 M M 1.6 8 150 M M 10 128 11 150
================================================================================
SM 1722 974 657 0 4.10 T 121.1 M 123
================================================================================
AV 55.5 31.4 3.9 FASTST M M 4 MAX(MPH)
MISC ----> 30 330 40 330
================================================================================
NOTES:
# LAST OF SEVERAL OCCURRENCES
COLUMN 17 PEAK WIND IN M.P.H.
PRELIMINARY LOCAL CLIMATOLOGICAL DATA (WS FORM: F-6) , PAGE 2
STATION: ROME
MONTH: DECEMBER
YEAR: 2020
LATITUDE: 34 20 N
LONGITUDE: 85 10 W
[TEMPERATURE DATA] [PRECIPITATION DATA] SYMBOLS USED IN COLUMN 16
AVERAGE MONTHLY: 43.5 TOTAL FOR MONTH: 4.10 1 = FOG OR MIST
DPTR FM NORMAL: 0.8 DPTR FM NORMAL: -0.28 2 = FOG REDUCING VISIBILITY
HIGHEST: 69 ON 10 GRTST 24HR 1.59 ON 13-14 TO 1/4 MILE OR LESS
LOWEST: 18 ON 26 3 = THUNDER
SNOW, ICE PELLETS, HAIL 4 = ICE PELLETS
TOTAL MONTH: T 5 = HAIL
GRTST 24HR T ON 24-24 6 = FREEZING RAIN OR DRIZZLE
GRTST DEPTH: M ON M 7 = DUSTSTORM OR SANDSTORM:
VSBY 1/2 MILE OR LESS
8 = SMOKE OR HAZE
[NO. OF DAYS WITH] [WEATHER - DAYS WITH] 9 = BLOWING SNOW
X = TORNADO
MAX 32 OR BELOW: 0 0.01 INCH OR MORE: 9
MAX 90 OR ABOVE: 0 0.10 INCH OR MORE: 6
MIN 32 OR BELOW: 21 0.50 INCH OR MORE: 3
MIN 0 OR BELOW: 0 1.00 INCH OR MORE: 2
[HDD (BASE 65) ]
TOTAL THIS MO. 657 CLEAR (SCALE 0-3) 17
DPTR FM NORMAL -36 PTCLDY (SCALE 4-7) 8
TOTAL FM JUL 1 1033 CLOUDY (SCALE 8-10) 6
DPTR FM NORMAL -268
[CDD (BASE 65) ]
TOTAL THIS MO. 0
DPTR FM NORMAL -1 [PRESSURE DATA]
TOTAL FM JAN 1 1994 HIGHEST SLP 30.45 ON 29
DPTR FM NORMAL 355 LOWEST SLP 29.65 ON 14
[REMARKS]
#FINAL-12-20#