000
CXUS56 KSGX 011145
CF6RNM
PRELIMINARY LOCAL CLIMATOLOGICAL DATA (WS FORM: F-6)
STATION: RAMONA AIRPORT CA
MONTH: JANUARY
YEAR: 2024
LATITUDE: 33 2 N
LONGITUDE: 116 55 W
TEMPERATURE IN F: :PCPN: SNOW: WIND :SUNSHINE: SKY :PK WND
================================================================================
1 2 3 4 5 6A 6B 7 8 9 10 11 12 13 14 15 16 17 18
12Z AVG MX 2MIN
DY MAX MIN AVG DEP HDD CDD WTR SNW DPTH SPD SPD DIR MIN PSBL S-S WX SPD DR
================================================================================
1 66 32 49 -2 16 0 0.00 M M 2.7 15 260 M M 3 12 20 260
2 65 30 48 -3 17 0 0.00 M M 3.2 12 280 M M 2 12 19 290
3 56 41 49 -2 16 0 0.28 M M 5.0 18 260 M M 8 128 23 250
4 61 33 47 -4 18 0 0.00 M M 3.7 12 300 M M 3 12 17 10
5 64 29 47 -4 18 0 0.00 M M 2.4 9 300 M M 0 1 14 290
6 66 26 46 -5 19 0 0.00 M M 4.3 16 220 M M 1 1 20 230
7 57 28 43 -8 22 0 0.17 M M 10.3 22 320 M M 3 1 32 320
8 59 22 41 -10 24 0 0.00 M M 3.5 12 280 M M 0 18 15 310
9 63 25 44 -7 21 0 0.00 M M 2.9 12 300 M M 0 1 15 310
10 59 24 42 -9 23 0 0.00 M M 4.1 13 230 M M 5 1 15 230
11 59 31 45 -6 20 0 0.35 M M 8.9 22 250 M M 5 1 27 250
12 62 25 44 -7 21 0 0.00 M M 2.5 12 290 M M 0 1 15 300
13 66 27 47 -4 18 0 0.00 M M 2.9 14 260 M M 0 1 16 290
14 62 26 44 -7 21 0 0.00 M M 2.0 10 300 M M 2 12 14 300
15 68 29 49 -3 16 0 0.00 M M 2.5 10 280 M M 2 12 13 280
16 72 32 52 0 13 0 0.00 M M 3.1 14 270 M M 2 128 17 310
17 63 33 48 -4 17 0 0.00 M M 3.4 14 300 M M 8 128 16 300
18 71 32 52 0 13 0 0.00 M M 2.5 12 300 M M 3 128 17 280
19 71 38 55 3 10 0 0.00 M M 2.7 15 280 M M 0 12 19 260
20 60 44 52 0 13 0 0.22 M M 2.9 15 300 M M 8 1 16 310
21 59 50 55 3 10 0 0.37 M M 3.3 12 240 M M 10 18 18 250
22 58 51 55 3 10 0 1.65 M M 6.6 16 60 M M 10 13 22 60
23 63 48 56 4 9 0 0.04 M M 3.8 15 270 M M 9 1 18 270
24 60 45 53 1 12 0 0.00 M M 2.3 13 300 M M 8 12 17 310
25 64 50 57 5 8 0 0.01 M M 3.3 12 270 M M 9 18 15 270
26 73 37 55 3 10 0 0.00 M M 5.8 16 70 M M 3 12 20 70
27 74 54 64 12 1 0 T M M 13.5 24 80 M M 0 37 30
28 75 43 59 7 6 0 0.00 M M 8.5 24 30 M M 0 27 60
29 81 36 59 7 6 0 0.00 M M 3.3 13 260 M M 0 15 50
30 79 35 57 5 8 0 0.00 M M 2.5 17 270 M M 0 20 270
31 73 36 55 3 10 0 0.00 M M 3.8 15 210 M M 0 21 210
================================================================================
SM 2029 1092 446 0 3.09 M 132.2 M 104
================================================================================
AV 65.5 35.2 4.3 FASTST M M 3 MAX(MPH)
MISC ----> # 24 80 37 30
================================================================================
NOTES:
# LAST OF SEVERAL OCCURRENCES
COLUMN 17 PEAK WIND IN M.P.H.
PRELIMINARY LOCAL CLIMATOLOGICAL DATA (WS FORM: F-6) , PAGE 2
STATION: RAMONA AIRPORT CA
MONTH: JANUARY
YEAR: 2024
LATITUDE: 33 2 N
LONGITUDE: 116 55 W
[TEMPERATURE DATA] [PRECIPITATION DATA] SYMBOLS USED IN COLUMN 16
AVERAGE MONTHLY: 50.3 TOTAL FOR MONTH: 3.09 1 = FOG OR MIST
DPTR FM NORMAL: -1.1 DPTR FM NORMAL: -0.01 2 = FOG REDUCING VISIBILITY
HIGHEST: 81 ON 29 GRTST 24HR 1.65 ON 22-22 TO 1/4 MILE OR LESS
LOWEST: 22 ON 8 3 = THUNDER
SNOW, ICE PELLETS, HAIL 4 = ICE PELLETS
TOTAL MONTH: 0.0 INCH 5 = HAIL
GRTST 24HR M ON M 6 = FREEZING RAIN OR DRIZZLE
GRTST DEPTH: 0 7 = DUSTSTORM OR SANDSTORM:
VSBY 1/2 MILE OR LESS
8 = SMOKE OR HAZE
[NO. OF DAYS WITH] [WEATHER - DAYS WITH] 9 = BLOWING SNOW
X = TORNADO
MAX 32 OR BELOW: 0 0.01 INCH OR MORE: 8
MAX 90 OR ABOVE: 0 0.10 INCH OR MORE: 6
MIN 32 OR BELOW: 15 0.50 INCH OR MORE: 1
MIN 0 OR BELOW: 0 1.00 INCH OR MORE: 1
[HDD (BASE 65) ]
TOTAL THIS MO. 446 CLEAR (SCALE 0-3) 19
DPTR FM NORMAL 22 PTCLDY (SCALE 4-7) 8
TOTAL FM JUL 1 1076 CLOUDY (SCALE 8-10) 4
DPTR FM NORMAL -167
[CDD (BASE 65) ]
TOTAL THIS MO. 0
DPTR FM NORMAL -1 [PRESSURE DATA]
TOTAL FM JAN 1 0 HIGHEST SLP 30.31 ON 8
DPTR FM NORMAL -1 LOWEST SLP 29.71 ON 22
[REMARKS]
#FINAL-01-24#