000
CXUS55 KREV 010900
CF6RNO
PRELIMINARY LOCAL CLIMATOLOGICAL DATA (WS FORM: F-6)
STATION: RENO-TAHOE INTL AIRPORT NV
MONTH: APRIL
YEAR: 2022
LATITUDE: 39 30 N
LONGITUDE: 119 47 W
TEMPERATURE IN F: :PCPN: SNOW: WIND :SUNSHINE: SKY :PK WND
================================================================================
1 2 3 4 5 6A 6B 7 8 9 10 11 12 13 14 15 16 17 18
12Z AVG MX 2MIN
DY MAX MIN AVG DEP HDD CDD WTR SNW DPTH SPD SPD DIR MIN PSBL S-S WX SPD DR
================================================================================
1 68 35 52 3 13 0 0.00 0.0 0 3.5 14 60 M M 2 17 140
2 67 39 53 4 12 0 0.00 0.0 0 5.7 17 30 M M 6 23 40
3 71 37 54 5 11 0 0.00 0.0 0 6.5 21 260 M M 4 29 240
4 68 41 55 6 10 0 0.00 0.0 0 10.6 32 270 M M 6 43 280
5 63 43 53 4 12 0 0.00 0.0 0 9.6 20 40 M M 1 24 30
6 69 34 52 2 13 0 0.00 0.0 0 5.3 17 70 M M 0 21 70
7 79 40 60 10 5 0 0.00 0.0 0 3.6 12 100 M M 2 16 100
8 78 43 61 11 4 0 0.00 0.0 0 8.1 29 280 M M 4 35 270
9 60 41 51 1 14 0 0.00 0.0 0 10.6 24 360 M M 4 28 360
10 62 33 48 -2 17 0 0.00 0.0 0 7.4 28 290 M M 6 35 300
11 53 31 42 -8 23 0 0.05 T 0 16.1 39 250 M M 5 1 53 220
12 46 26 36 -15 29 0 0.00 0.0 0 8.4 25 240 M M 4 35 260
13 55 33 44 -7 21 0 0.00 0.0 0 7.7 23 270 M M 7 32 200
14 58 37 48 -3 17 0 0.00 0.0 0 12.0 36 170 M M 7 44 180
15 63 42 53 2 12 0 0.00 0.0 0 14.6 35 170 M M 7 43 170
16 61 43 52 1 13 0 0.01 0.0 0 14.2 33 290 M M 6 42 120
17 72 34 53 1 12 0 0.00 0.0 0 5.7 23 170 M M 1 27 170
18 70 33 52 0 13 0 0.00 0.0 0 16.7 35 180 M M 4 45 180
19 58 39 49 -3 16 0 T 0.0 0 14.1 32 170 M M 5 46 140
20 64 32 48 -4 17 0 0.00 0.0 0 16.4 37 170 M M 3 47 170
21 51 39 45 -8 20 0 0.19 0.0 0 11.4 32 290 M M 8 1 41 280
22 55 37 46 -7 19 0 0.00 0.0 0 9.8 20 300 M M 6 24 330
23 61 33 47 -6 18 0 0.00 0.0 0 4.6 15 10 M M 2 19 10
24 68 35 52 -2 13 0 0.00 0.0 0 4.1 16 170 M M 2 23 130
25 74 39 57 3 8 0 0.00 0.0 0 5.8 24 190 M M 6 31 200
26 71 48 60 6 5 0 0.00 0.0 0 9.9 23 280 M M 5 29 260
27 71 40 56 2 9 0 0.00 0.0 0 8.6 26 280 M M 4 33 270
28 60 43 52 -3 13 0 0.00 0.0 0 11.4 33 270 M M 3 42 270
29 70 35 53 -2 12 0 0.00 0.0 0 4.2 13 40 M M 4 17 40
30 71 42 57 2 8 0 0.00 0.0 0 10.8 30 280 M M 5 39 280
================================================================================
SM 1937 1127 409 0 0.25 T 277.4 M 129
================================================================================
AV 64.6 37.6 9.2 FASTST M M 4 MAX(MPH)
MISC ----> 39 250 53 220
================================================================================
NOTES:
# LAST OF SEVERAL OCCURRENCES
COLUMN 17 PEAK WIND IN M.P.H.
PRELIMINARY LOCAL CLIMATOLOGICAL DATA (WS FORM: F-6) , PAGE 2
STATION: RENO-TAHOE INTL AIRPORT NV
MONTH: APRIL
YEAR: 2022
LATITUDE: 39 30 N
LONGITUDE: 119 47 W
[TEMPERATURE DATA] [PRECIPITATION DATA] SYMBOLS USED IN COLUMN 16
AVERAGE MONTHLY: 51.1 TOTAL FOR MONTH: 0.25 1 = FOG OR MIST
DPTR FM NORMAL: -0.5 DPTR FM NORMAL: -0.19 2 = FOG REDUCING VISIBILITY
HIGHEST: 79 ON 7 GRTST 24HR 0.19 ON 21-21 TO 1/4 MILE OR LESS
LOWEST: 26 ON 12 3 = THUNDER
SNOW, ICE PELLETS, HAIL 4 = ICE PELLETS
TOTAL MONTH: T 5 = HAIL
GRTST 24HR T ON 11-11 6 = FREEZING RAIN OR DRIZZLE
GRTST DEPTH: 0 7 = DUSTSTORM OR SANDSTORM:
VSBY 1/2 MILE OR LESS
8 = SMOKE OR HAZE
[NO. OF DAYS WITH] [WEATHER - DAYS WITH] 9 = BLOWING SNOW
X = TORNADO
MAX 32 OR BELOW: 0 0.01 INCH OR MORE: 3
MAX 90 OR ABOVE: 0 0.10 INCH OR MORE: 1
MIN 32 OR BELOW: 3 0.50 INCH OR MORE: 0
MIN 0 OR BELOW: 0 1.00 INCH OR MORE: 0
[HDD (BASE 65) ]
TOTAL THIS MO. 409 CLEAR (SCALE 0-3) 9
DPTR FM NORMAL 5 PTCLDY (SCALE 4-7) 20
TOTAL FM JUL 1 4244 CLOUDY (SCALE 8-10) 1
DPTR FM NORMAL -189
[CDD (BASE 65) ]
TOTAL THIS MO. 0
DPTR FM NORMAL -2 [PRESSURE DATA]
TOTAL FM JAN 1 0 HIGHEST SLP M ON M
DPTR FM NORMAL -2 LOWEST SLP 29.41 ON 11
[REMARKS]
THE AVERAGE TEMPERATURE FOR APRIL 2022 AT THE RENO-TAHOE
INTERNATIONAL AIRPORT WAS 51.1 DEGREES WHICH IS 0.5 DEGREES BELOW
NORMAL. THE HIGHEST TEMPERATURE FOR APRIL WAS 79 DEGREES WHICH
OCCURRED ON THE 7TH. THE LOWEST TEMPERATURE FOR THE MONTH WAS 26
DEGREES WHICH OCCURED ON THE 12TH.
FOR APRIL 2022, 0.25 INCHES OF PRECIPITATION WAS RECORDED AT THE
RENO-TAHOE INTERNATIONAL AIRPORT. THIS IS 0.19 INCHES BELOW NORMAL
FOR THE MONTH.
THE AVERAGE WIND SPEED FOR APRIL 2022 WAS 9.2 MPH. THE PEAK WIND
GUST FOR THE MONTH WAS 53 MPH FROM THE SOUTHWEST ON THE 11TH.
#FINAL-04-22#