000
CXUS54 KFWD 010830
CF6RPH
PRELIMINARY LOCAL CLIMATOLOGICAL DATA (WS FORM: F-6)
STATION: GRAHAM
MONTH: JANUARY
YEAR: 2022
LATITUDE: 33 6 N
LONGITUDE: 98 30 W
TEMPERATURE IN F: :PCPN: SNOW: WIND :SUNSHINE: SKY :PK WND
================================================================================
1 2 3 4 5 6A 6B 7 8 9 10 11 12 13 14 15 16 17 18
12Z AVG MX 2MIN
DY MAX MIN AVG DEP HDD CDD WTR SNW DPTH SPD SPD DIR MIN PSBL S-S WX SPD DR
================================================================================
1 68 19 44 2 21 0 M M M 11.3 23 350 M M 8 32 320
2 38 16 27 -15 38 0 T M M 10.4 18 320 M M 1 25 320
3 59 15 37 -5 28 0 0.00 M M 4.2 12 230 M M 0 8 M M
4 70 32 51 9 14 0 0.00 M M 7.4 14 200 M M 0 23 210
5 58 31 45 3 20 0 0.00 M M 6.4 14 30 M M 0 22 30
6 35 20 28 -14 37 0 0.00 M M 11.3 25 360 M M 0 38 M
7 46 13 30 -12 35 0 0.00 M M 6.2 15 130 M M 2 24 150
8 71 45 58 16 7 0 0.00 M M 9.8 14 190 M M 6 1 23 190
9 56 34 45 3 20 0 0.00 M M 13.2 22 350 M M 6 1 28 350
10 54 24 39 -3 26 0 0.00 M M 3.2 9 10 M M 0 M M
11 55 20 38 -4 27 0 M M M 4.0 12 250 M M 3 M M
12 65 29 47 5 18 0 0.00 M M 3.6 9 210 M M 0 M M
13 74 27 51 9 14 0 0.00 M M 1.9 9 280 M M 0 M M
14 76 33 55 13 10 0 0.00 M M 8.6 31 340 M M 4 8 44 M
15 44 29 37 -5 28 0 0.00 M M 20.0 28 340 M M 5 38 330
16 59 19 39 -3 26 0 0.00 M M 2.5 8 310 M M 0 M M
17 66 22 44 2 21 0 0.00 M M 4.3 12 150 M M 0 18 170
18 79 44 62 20 3 0 0.00 M M 8.3 16 220 M M 0 23 240
19 57 29 43 0 22 0 0.00 M M 13.3 24 350 M M 6 33 M
20 33 20 27 -16 38 0 0.00 M M 14.3 23 350 M M 8 35 M
21 45 17 31 -12 34 0 0.00 M M 3.0 6 110 M M 3 M M
22 52 19 36 -7 29 0 0.00 M M 2.3 7 180 M M 0 M M
23 64 22 43 0 22 0 0.00 M M 4.6 14 270 M M 0 21 270
24 60 28 44 1 21 0 0.00 M M 2.2 8 210 M M 2 M M
25 58 29 44 1 21 0 0.00 M M 6.8 13 60 M M 0 22 40
26 48 22 35 -8 30 0 T M M 5.4 12 310 M M 4 17 40
27 46 28 37 -6 28 0 0.00 M M 4.2 9 340 M M 7 M M
28 55 23 39 -4 26 0 0.00 M M 5.4 15 300 M M 0 1 22 300
29 67 22 45 2 20 0 0.00 M M 5.4 18 250 M M 0 23 250
30 68 24 46 3 19 0 0.00 M M 3.4 12 240 M M 1 M M
31 71 44 58 14 7 0 0.00 M M 5.9 13 140 M M 3 23 130
================================================================================
SM 1797 799 710 0 T M 212.6 M 69
================================================================================
AV 58.0 25.8 6.9 FASTST M M 2 MAX(MPH)
MISC ----> 31 340 44 9999
================================================================================
NOTES:
# LAST OF SEVERAL OCCURRENCES
COLUMN 17 PEAK WIND IN M.P.H.
PRELIMINARY LOCAL CLIMATOLOGICAL DATA (WS FORM: F-6) , PAGE 2
STATION: GRAHAM
MONTH: JANUARY
YEAR: 2022
LATITUDE: 33 6 N
LONGITUDE: 98 30 W
[TEMPERATURE DATA] [PRECIPITATION DATA] SYMBOLS USED IN COLUMN 16
AVERAGE MONTHLY: 41.9 TOTAL FOR MONTH: T 1 = FOG OR MIST
DPTR FM NORMAL: -0.6 DPTR FM NORMAL: -1.23 2 = FOG REDUCING VISIBILITY
HIGHEST: 79 ON 18 GRTST 24HR T ON 2- 2 TO 1/4 MILE OR LESS
LOWEST: 13 ON 7 3 = THUNDER
SNOW, ICE PELLETS, HAIL 4 = ICE PELLETS
TOTAL MONTH: M 5 = HAIL
GRTST 24HR M ON M 6 = FREEZING RAIN OR DRIZZLE
GRTST DEPTH: M ON M 7 = DUSTSTORM OR SANDSTORM:
VSBY 1/2 MILE OR LESS
8 = SMOKE OR HAZE
[NO. OF DAYS WITH] [WEATHER - DAYS WITH] 9 = BLOWING SNOW
X = TORNADO
MAX 32 OR BELOW: 0 0.01 INCH OR MORE: 0
MAX 90 OR ABOVE: 0 0.10 INCH OR MORE: 0
MIN 32 OR BELOW: 26 0.50 INCH OR MORE: 0
MIN 0 OR BELOW: 0 1.00 INCH OR MORE: 0
[HDD (BASE 65) ]
TOTAL THIS MO. 710 CLEAR (SCALE 0-3) 21
DPTR FM NORMAL 14 PTCLDY (SCALE 4-7) 10
TOTAL FM JUL 1 1328 CLOUDY (SCALE 8-10) 0
DPTR FM NORMAL -543
[CDD (BASE 65) ]
TOTAL THIS MO. 0
DPTR FM NORMAL 0 [PRESSURE DATA]
TOTAL FM JAN 1 0 HIGHEST SLP M ON M
DPTR FM NORMAL 0 LOWEST SLP M ON M
[REMARKS]
#FINAL-01-22#