000
CXUS54 KFWD 110129
CF6RPH
PRELIMINARY LOCAL CLIMATOLOGICAL DATA (WS FORM: F-6)
STATION: GRAHAM
MONTH: JUNE
YEAR: 2020
LATITUDE: 33 6 N
LONGITUDE: 98 30 W
TEMPERATURE IN F: :PCPN: SNOW: WIND :SUNSHINE: SKY :PK WND
================================================================================
1 2 3 4 5 6A 6B 7 8 9 10 11 12 13 14 15 16 17 18
12Z AVG MX 2MIN
DY MAX MIN AVG DEP HDD CDD WTR SNW DPTH SPD SPD DIR MIN PSBL S-S WX SPD DR
================================================================================
1 85 64 75 -1 0 10 0.00 0.0 0 3.5 9 100 M M 0 M M
2 88 68 78 2 0 13 M 0.0 0 5.2 12 130 M M 1 20 130
3 92 68 80 4 0 15 0.00 0.0 0 3.4 8 180 M M 1 M M
4 96 72 84 7 0 19 0.00 0.0 0 5.2 10 40 M M 0 24 40
5 96 69 83 6 0 18 0.00 0.0 0 5.4 9 180 M M 0 20 80
6 94 70 82 5 0 17 0.00 0.0 0 3.4 9 110 M M 0 M M
7 91 72 82 5 0 17 0.00 0.0 0 4.6 12 90 M M 0 16 90
8 95 64 80 2 0 15 0.00 0.0 0 2.3 7 100 M M 0 M M
9 92 64 78 0 0 13 0.00 0.0 0 11.5 21 320 M M 0 30 330
10 87 52 70 -8 0 5 0.00 0.0 0 5.8 17 330 M M 0 25 330
11 92 54 73 -5 0 8 0.00 0.0 0 2.5 8 120 M M 0 M M
12 91 57 74 -4 0 9 0.00 0.0 0 4.3 10 130 M M 0 17 130
13 93 59 76 -3 0 11 0.00 0.0 0 4.0 9 150 M M 0 M M
14 91 63 77 -2 0 12 0.00 0.0 0 4.1 10 150 M M 0 21 150
15 93 61 77 -2 0 12 0.00 0.0 0 4.2 12 110 M M 1 18 130
16 93 68 81 2 0 16 0.00 0.0 0 6.4 13 120 M M 0 20 130
17 94 71 83 3 0 18 0.00 0.0 0 7.9 13 150 M M 0 21 160
18 94 75 85 5 0 20 0.00 0.0 0 9.1 14 130 M M 0 20 140
19 95 64 80 0 0 15 0.15 0.0 0 8.9 17 30 M M 2 35 30
20 89 64 77 -3 0 12 0.05 0.0 0 4.7 10 60 M M 2 20 60
21 86 66 76 -4 0 11 0.00 0.0 0 7.3 13 150 M M 1 23 60
22 92 68 80 0 0 15 0.00 0.0 0 6.7 15 60 M M 2 29 40
23 83 66 75 -6 0 10 0.10 0.0 0 4.6 27 300 M M 4 33 300
24 87 64 76 -5 0 11 0.00 0.0 0 2.6 8 40 M M 0 M M
25 90 62 76 -5 0 11 0.00 0.0 0 2.7 7 100 M M 0 M M
26 91 70 81 0 0 16 0.00 0.0 0 6.2 10 150 M M 0 8 21 140
27 90 72 81 0 0 16 0.00 0.0 0 9.0 14 190 M M 0 8 24 160
28 89 75 82 0 0 17 0.00 0.0 0 10.8 15 150 M M 1 18 25 150
29 94 77 86 4 0 21 M 0.0 0 11.1 15 150 M M 2 27 150
30 96 74 85 3 0 20 0.00 0.0 0 8.2 14 150 M M 1 24 180
================================================================================
SM 2739 1993 0 423 0.30 0.0 175.6 M 18
================================================================================
AV 91.3 66.4 5.9 FASTST M M 1 MAX(MPH)
MISC ----> # 27 300 # 35 30
================================================================================
NOTES:
# LAST OF SEVERAL OCCURRENCES
COLUMN 17 PEAK WIND IN M.P.H.
PRELIMINARY LOCAL CLIMATOLOGICAL DATA (WS FORM: F-6) , PAGE 2
STATION: GRAHAM
MONTH: JUNE
YEAR: 2020
LATITUDE: 33 6 N
LONGITUDE: 98 30 W
[TEMPERATURE DATA] [PRECIPITATION DATA] SYMBOLS USED IN COLUMN 16
AVERAGE MONTHLY: 78.9 TOTAL FOR MONTH: 0.30 1 = FOG OR MIST
DPTR FM NORMAL: -0.2 DPTR FM NORMAL: -3.78 2 = FOG REDUCING VISIBILITY
HIGHEST: 96 ON 30, 5 GRTST 24HR 0.15 ON 19-19 TO 1/4 MILE OR LESS
LOWEST: 52 ON 10 3 = THUNDER
SNOW, ICE PELLETS, HAIL 4 = ICE PELLETS
TOTAL MONTH: 0.0 INCH 5 = HAIL
GRTST 24HR 0.0 6 = FREEZING RAIN OR DRIZZLE
GRTST DEPTH: 0 7 = DUSTSTORM OR SANDSTORM:
VSBY 1/2 MILE OR LESS
8 = SMOKE OR HAZE
[NO. OF DAYS WITH] [WEATHER - DAYS WITH] 9 = BLOWING SNOW
X = TORNADO
MAX 32 OR BELOW: 0 0.01 INCH OR MORE: 3
MAX 90 OR ABOVE: 22 0.10 INCH OR MORE: 2
MIN 32 OR BELOW: 0 0.50 INCH OR MORE: 0
MIN 0 OR BELOW: 0 1.00 INCH OR MORE: 0
[HDD (BASE 65) ]
TOTAL THIS MO. 0 CLEAR (SCALE 0-3) 29
DPTR FM NORMAL -1 PTCLDY (SCALE 4-7) 1
TOTAL FM JUL 1 2669 CLOUDY (SCALE 8-10) 0
DPTR FM NORMAL -242
[CDD (BASE 65) ]
TOTAL THIS MO. 423
DPTR FM NORMAL -1 [PRESSURE DATA]
TOTAL FM JAN 1 791 HIGHEST SLP M ON M
DPTR FM NORMAL 59 LOWEST SLP M ON M
[REMARKS]
#FINAL-06-20#